{"id":11513,"date":"2021-11-09T13:27:09","date_gmt":"2021-11-09T12:27:09","guid":{"rendered":"http:\/\/www.ukctuzla.ba\/ukctuzla\/?page_id=11513"},"modified":"2024-08-09T13:10:10","modified_gmt":"2024-08-09T12:10:10","slug":"sluzba-za-nabavu","status":"publish","type":"page","link":"https:\/\/www.ukctuzla.ba\/ukctuzla\/?page_id=11513&lang=bs","title":{"rendered":"Slu\u017eba za nabavu"},"content":{"rendered":"<p><strong>VD \u0160ef Slu\u017ebe za nabavu:<\/strong> Kadrija Me\u0161i\u0107, dipl. pravnik<br \/>\nTel.++ 387 35 303 604<br \/>\ne mail:\u00a0kadrija.mesic@ukctuzla.ba<\/p>\n<p style=\"text-align: justify;\">Slu\u017eba za nabavu obezbje\u0111uje funkcionisanje organizacionih jedinica, u smislu obezbje\u0111enja isporuka roba, obavljanje usluga ili vr\u0161enje radova, a koji se provode u skladu sa potpisanim ugovorima.<\/p>\n<p style=\"text-align: justify;\">Slu\u017eba za nabavu u skladu sa usvojenim Planom javnih nabavki provodi postupke nabavke u skladu sa Zakonom o javnim nabavkama.<\/p>\n<p>Rezultat uspje\u0161no provedenih postupaka nabavke su potpisani ugovori, odnosno okvirni sprazumi.<\/p>\n<p>&nbsp;<\/p>\n<p>Zadaci i poslovi koje obavljanju zaposlenici Slu\u017ebe za nabavu su razli\u010diti po opisu poslova, ali navodimo najzna\u010dajnije:<\/p>\n<ul>\n<li>u\u010destvuje u pra\u0107enju zakonskih i drugih regulative koja se odnosi na poslove iz nadle\u017enosti Slu\u017ebe kao i upoznavanje zaposlenika sa zakonskim regulativama,<\/li>\n<li>u\u010destvuje u planiranju svih vrsta nabavki roba, usluga i radova za potrebe organizacionih jedinica,<\/li>\n<li>pra\u0107enje provo\u0111enja postupaka nabavke, kontrola provedbe propisanih postupaka i procedura,<\/li>\n<li>kontakti u pronala\u017eenju novih dobavlja\u010da ,<\/li>\n<li style=\"text-align: justify;\">u\u010de\u0161\u0107e kod izrade ugovora, u\u010de\u0161\u0107e u ostalim poslovima vezanim za javnu i druge nabavke. Tu su i poslovi vezani za izrade izvje\u0161taja Slu\u017ebe, nadzor nad primjenom usvojenih procedura, kontrola ispravnosti dokumentacije , staranje o radnoj disciplini,<\/li>\n<li>kordinaciju sa ostalim osobljem prilikom izrade tenderskih dokumentacija,<\/li>\n<li>kontakti sa stru\u010dnim licima,<\/li>\n<li>sastavljanje i kompletiranje tenderske dokumentacije,<\/li>\n<li style=\"text-align: justify;\">u\u010de\u0161\u0107e u radu komisija za nabavku (sastavljanje izvje\u0161taja o radu komisije , davanje preporuka za izbor ponu\u0111a\u010da, u\u010de\u0161\u0107e i izradama odgovara na \u017ealbe ponu\u0111a\u010da, vo\u0111enje evidencija ugovora, postupaka i raznih drugih evidencija)<\/li>\n<li>prikupljanje i obrada trebovanja,<\/li>\n<li style=\"text-align: justify;\">selekcija i proslije\u0111ivanje na realizaciju, usmena i pismena komunikacija sa organizacionim jedinicama u vezi sa realizacijom potpisanih ugovora o nabavkama i realizacijom odobrenih trebovanja i izdavanjem narud\u017ebenica,<\/li>\n<li style=\"text-align: justify;\">anga\u017eovanje vanjskih servisa, stalna komunikacija sa drugim slu\u017ebama u cilju obezbje\u0111enja dokumentacije za knji\u017eenje. Pored ovih poslova tu je prijem ulaznih ra\u010duna i njihova evidencija kroz interne ulazne knjige, pra\u0107enje rokova predaje ulazne dokumentacije , kontrola kompletiranosti dokumentacije i predaja putem knjige ulaznih ra\u010duna, vo\u0111enje evidencija,<\/li>\n<li>prijem robe, razvrstavanje ulaza u magacine &#8211; magacin hrane, magacin tehni\u010dkog potro\u0161nog materijala, magacin stalnih sredstava i magacin sitnog inventara.<\/li>\n<li>razvrstavanje ulaza u magacine i razvrstavanje po organizacionim jedinicama, usagla\u0161avanje ulazne dokumentacije sa knjigovodstvenom evidencijom,<\/li>\n<li style=\"text-align: justify;\">poslovi oko preuzimanja i izdavanja robe, kontrola koli\u010dine i ispravnosti u postupku zaprimanja i izdavanja robe, utvr\u0111ivanje i izvje\u0161tavanje o o\u0161te\u0107enjima robe, manjku ili vi\u0161ku robe, primopredaja robnih dokumenata, vo\u0111enje evidencija u magacinu, poslovi manipulacije sa robom u skladi\u0161tu, slaganje robe u magacinu i obezbje\u0111enje njene preglednosti, \u010duvanje i racionalno kori\u0161tenje magacinskog prostora, i drugi poslovi.<\/li>\n<\/ul>\n<p>&nbsp;<\/p>\n","protected":false},"excerpt":{"rendered":"<p>VD \u0160ef Slu\u017ebe za nabavu: Kadrija Me\u0161i\u0107, dipl. pravnik Tel.++ 387 35 303 604 e mail:\u00a0kadrija.mesic@ukctuzla.ba Slu\u017eba za nabavu obezbje\u0111uje funkcionisanje organizacionih jedinica, u smislu obezbje\u0111enja isporuka roba, obavljanje usluga ili vr\u0161enje radova, a koji se provode u skladu sa potpisanim ugovorima. Slu\u017eba za nabavu u skladu sa usvojenim Planom javnih nabavki provodi postupke nabavke&hellip;<\/p>\n","protected":false},"author":2,"featured_media":16294,"parent":0,"menu_order":0,"comment_status":"closed","ping_status":"closed","template":"","meta":{"footnotes":""},"class_list":["post-11513","page","type-page","status-publish","has-post-thumbnail","hentry","description-off"],"_links":{"self":[{"href":"https:\/\/www.ukctuzla.ba\/ukctuzla\/index.php?rest_route=\/wp\/v2\/pages\/11513","targetHints":{"allow":["GET"]}}],"collection":[{"href":"https:\/\/www.ukctuzla.ba\/ukctuzla\/index.php?rest_route=\/wp\/v2\/pages"}],"about":[{"href":"https:\/\/www.ukctuzla.ba\/ukctuzla\/index.php?rest_route=\/wp\/v2\/types\/page"}],"author":[{"embeddable":true,"href":"https:\/\/www.ukctuzla.ba\/ukctuzla\/index.php?rest_route=\/wp\/v2\/users\/2"}],"replies":[{"embeddable":true,"href":"https:\/\/www.ukctuzla.ba\/ukctuzla\/index.php?rest_route=%2Fwp%2Fv2%2Fcomments&post=11513"}],"version-history":[{"count":6,"href":"https:\/\/www.ukctuzla.ba\/ukctuzla\/index.php?rest_route=\/wp\/v2\/pages\/11513\/revisions"}],"predecessor-version":[{"id":16876,"href":"https:\/\/www.ukctuzla.ba\/ukctuzla\/index.php?rest_route=\/wp\/v2\/pages\/11513\/revisions\/16876"}],"wp:featuredmedia":[{"embeddable":true,"href":"https:\/\/www.ukctuzla.ba\/ukctuzla\/index.php?rest_route=\/wp\/v2\/media\/16294"}],"wp:attachment":[{"href":"https:\/\/www.ukctuzla.ba\/ukctuzla\/index.php?rest_route=%2Fwp%2Fv2%2Fmedia&parent=11513"}],"curies":[{"name":"wp","href":"https:\/\/api.w.org\/{rel}","templated":true}]}}