{"id":1235,"date":"2016-02-24T09:12:42","date_gmt":"2016-02-24T09:12:42","guid":{"rendered":"http:\/\/10.0.0.65\/ukctuzla3\/?page_id=1235"},"modified":"2016-02-24T09:12:42","modified_gmt":"2016-02-24T09:12:42","slug":"astma","status":"publish","type":"page","link":"https:\/\/www.ukctuzla.ba\/ukctuzla\/?page_id=1235&lang=bs","title":{"rendered":"Astma"},"content":{"rendered":"<p style=\"text-align: justify;\">Astma je hroni\u010dna opstruktivna upalna bolest disajnih puteva koja uzrokuje probleme pri disanju. Karakteri\u0161u je neprimjereno jak imunolo\u0161ki odgovor i kroni\u010dna upala traheobronhalnog stabla. Bolest se javlja u epizodama, tj. akutna pogor\u0161anja bolesti izmjenjuju se periodima u kojima nema simptoma astme. Do napada dolazi pri pogor\u0161anju upale, obi\u010dno jer je u neposrednoj okolini prisutan neki iritiraju\u0107i \u010dimbenik ili provokativni faktor astme.<\/p>\n<p><strong>\u0160to uzrokuje astmu?<\/strong><br \/>\nNaslije\u0111e mo\u017ee igrati odrednu ulogu u nastanku astme, ali postojanje astme u porodici ne zna\u010di da \u0107ete definitivno i vi ili va\u0161e dijete oboljeti od astme.<\/p>\n<p><strong>Naslje\u0111uje se sklonost prema bolesti, a ne sama bolest!<\/strong><br \/>\nAstma se \u010desto prvi put javlja u djetinjstvu i zahvata vi\u0161e dje\u010dake nego djevoj\u010dice. Atopija i\/ili alergije u obitelji najve\u0107i su rizi\u010dni faktori za razvoj te bolesti u djece. (Atopija je genetska sklonost imunog sustava da proizvodi antitijela na uobi\u010dajene alergene, \u0161to dovodi do simptoma alergije). Atopijski dermatitis (ekcem) i alergijski rinitis (peludna groznica) mogu slu\u017eiti kao klju\u010dni pokazatelji rizika razvoja astme u dojen\u010dadi i male djece.<\/p>\n<p><strong>Kako nastaje astma?<\/strong><br \/>\nNisu svi oblici astme alergijski niti sve alergije dovode do astme. Astma se mo\u017ee pojaviti na razli\u010dite na\u010dine. Me\u0111utim, temeljni mehanizam koji dovodi do simptoma astme je slo\u017eena imunolo\u0161ka reakcija na\u0161ega di\u0161nog sustava na raznovrsne alergene iz neposredne okoline, pri \u010demu se razvija upalna reakcija i osloba\u0111aju hemijski posrednici upale.<\/p>\n<p><strong>Klasifikacija astme<\/strong><br \/>\n<strong>1. Alergijska astma Alergeni i provokativni faktori:<\/strong><\/p>\n<ul>\n<li>grinja Dermatophagoides pteronyssinus (glavni alergen u ku\u0107noj pra\u0161ini i posteljini)<\/li>\n<li>dlaka, perje i epitelni otpaci \u017eivotinja<\/li>\n<li>plijesni<\/li>\n<li>pelud drve\u0107a, trave i korova<\/li>\n<\/ul>\n<p style=\"text-align: justify;\">\n<strong>2. Nealergijska astma Alergeni i provokativni faktori:<\/strong><\/p>\n<ul>\n<li>cigaretni dim<\/li>\n<li>sredstva za \u010di\u0161\u0107enje u doma\u0107instvu<\/li>\n<li>parfemi i mirisi<\/li>\n<li>unutarnji i vanjski one\u010di\u0161\u0107iva\u010di zraka<\/li>\n<\/ul>\n<p style=\"text-align: justify;\">\n<strong>3. Profesionalna astma<\/strong><br \/>\nAlergeni i provokativni faktori: Faktori koji ubrzavaju razvoj astme uklju\u010duju izlo\u017eenost parama, hemikalijama, smolama, pra\u0161ini, insekticidima, dimovima i ostalim supstancijama na radnom mjestu.<\/p>\n<p><strong>4. Astma inducirana tjelesnom aktivno\u0161\u0107u<\/strong><br \/>\nAlergeni i provokativni faktori: Vje\u017ebe koje uklju\u010duju udisanje hladnoga i suhog zraka (tr\u010danje zimi) mogu dovesti do astme inducirane tjelesnom aktivno\u0161\u0107u.<\/p>\n<p><strong>5. Astma inducirana aspirinom (ili dodacima hrani)<\/strong><br \/>\nAlergeni i provokativni faktori: Zna\u010dajan broj ljudi osjetljiv je na nesteroidne protuupalne lijekove, konzervanse (sulfiti, tartrazin) i ostale dodatke hrani.<\/p>\n<p><strong>Koji su simptomi astme?<\/strong><br \/>\nNakon izlo\u017eenosti alergenima ili faktorima rizika astme simptomi se naj\u010de\u0161\u0107e javljaju naglo ili se u rje\u0111im slu\u010dajevima razvijaju tijekom nekoliko sati ili dana. Klasi\u010dni simptomi napadaja astme su: ka\u0161ljanje, ote\u017eano disanje-zaduha (dispneja) i zvi\u017edanje u bronhima i plu\u0107ima uz nagla\u0161eno produ\u017een izdisaj. Prije po\u010detka napadaja astme, mo\u017ee do\u0107i do iritacije nosa i grla. Neki ljudi najprije osjete pritisak u prsima, bol ili podra\u017eajan ka\u0161alj. Napad obi\u010dno po\u010dne hripanjem i ubrzanim disanjem. Kako se ono pogor\u0161ava, svi di\u0161ni mi\u0161i\u0107i postaju aktivniji. Mi\u0161i\u0107i vrata se ste\u017eu, te govor postaje ote\u017ean ili nemogu\u0107. Kraj napada je \u010desto obilje\u017een ka\u0161ljem s iska\u0161ljavanjem guste sluzi. Astma se obi\u010dno pogor\u0161ava no\u0107u, a napadi se javljaju izme\u0111u 2 i 4 sata ujutro.<\/p>\n<p><strong>Kako sprije\u010diti astmu ili daljnje pogor\u0161anje bolesti?<\/strong><br \/>\nAstma se mo\u017ee sprije\u010diti. U djece u \u010dijih je obitelji zabilje\u017eena astma ili atopija, po\u010detni razvoj astme vrlo se vjerojatno mo\u017ee sprije\u010diti izbjegavanjem izlo\u017eenosti pasivnom pu\u0161enju i ku\u0107noj pra\u0161ini, alergenima u hrani, peludi, te alergenima koji poti\u010du od ma\u010daka ili drugih \u017eivotinja. Novi pristupi terapiji astme poma\u017eu bolesnicima da sprije\u010de ve\u0107inu napada, rije\u0161e se problemati\u010dnih no\u0107nih i dnevnih simptoma i ostanu fizi\u010dki aktivni. Da bi se postigla kontrola astme, potrebno je:<br \/>\n\u2022\u00a0\u00a0\u00a0 odabrati odgovaraju\u0107e lijekove i individualno ih dozirati<br \/>\n\u2022\u00a0\u00a0\u00a0 usvojiti dugoro\u010dni pristup lije\u010denju astme<br \/>\n\u2022\u00a0\u00a0\u00a0 lije\u010diti akutne napadaje astme<br \/>\n\u2022\u00a0\u00a0\u00a0 identificirati i izbjegavati faktore koji pogor\u0161avaju astmu<br \/>\n\u2022\u00a0\u00a0\u00a0 pratiti i prilago\u0111avati terapiju prema te\u017eini simptoma bolesti<\/p>\n<p><strong>Dvije vrste lijekova poma\u017eu u lije\u010denju i kontroli astme:<\/strong><br \/>\nLijekovi za dugoro\u010dnu prevenciju koji sprje\u010davaju pogor\u0161anje simptoma i daljnje napredovanje bolesti, te preveniraju akutne napadaje astme (posebno protuupalna sredstva). Lijekovi za dugoro\u010dnu kontrolu uklju\u010duju lijekove za inhaliranje i za oralnu primjenu: kortikosteroidi, beta-2-agonisti s produ\u017eenim djelovanjem, teofilin s postupnim otpu\u0161tanjem, kromoni i antileukotrieni.<br \/>\nLijekovi za brzo ubla\u017eavanje simptoma koji svojim brzim djelovanjem otvaraju di\u0161ne putove opu\u0161taju\u0107i mi\u0161i\u0107e koji se oko njih napinju tokom napadaja. Za brzo ubla\u017eavanje akutnih simptoma i napada astme primjenjuju se bronhodilatatori kao \u0161to su beta-2-agonisti kratkog djelovanja, antikolinergici, teofilin kratkog djelovanja, te adrenergici za te\u0161ke astmatske napade\u00a0 ili status astmatikus.<\/p>\n","protected":false},"excerpt":{"rendered":"<p>Astma je hroni\u010dna opstruktivna upalna bolest disajnih puteva koja uzrokuje probleme pri disanju. Karakteri\u0161u je neprimjereno jak imunolo\u0161ki odgovor i kroni\u010dna upala traheobronhalnog stabla. Bolest se javlja u epizodama, tj. akutna pogor\u0161anja bolesti izmjenjuju se periodima u kojima nema simptoma astme. Do napada dolazi pri pogor\u0161anju upale, obi\u010dno jer je u neposrednoj okolini prisutan neki&hellip;<\/p>\n","protected":false},"author":1,"featured_media":16294,"parent":0,"menu_order":0,"comment_status":"closed","ping_status":"closed","template":"","meta":{"footnotes":""},"class_list":["post-1235","page","type-page","status-publish","has-post-thumbnail","hentry","description-off"],"_links":{"self":[{"href":"https:\/\/www.ukctuzla.ba\/ukctuzla\/index.php?rest_route=\/wp\/v2\/pages\/1235","targetHints":{"allow":["GET"]}}],"collection":[{"href":"https:\/\/www.ukctuzla.ba\/ukctuzla\/index.php?rest_route=\/wp\/v2\/pages"}],"about":[{"href":"https:\/\/www.ukctuzla.ba\/ukctuzla\/index.php?rest_route=\/wp\/v2\/types\/page"}],"author":[{"embeddable":true,"href":"https:\/\/www.ukctuzla.ba\/ukctuzla\/index.php?rest_route=\/wp\/v2\/users\/1"}],"replies":[{"embeddable":true,"href":"https:\/\/www.ukctuzla.ba\/ukctuzla\/index.php?rest_route=%2Fwp%2Fv2%2Fcomments&post=1235"}],"version-history":[{"count":1,"href":"https:\/\/www.ukctuzla.ba\/ukctuzla\/index.php?rest_route=\/wp\/v2\/pages\/1235\/revisions"}],"predecessor-version":[{"id":1236,"href":"https:\/\/www.ukctuzla.ba\/ukctuzla\/index.php?rest_route=\/wp\/v2\/pages\/1235\/revisions\/1236"}],"wp:featuredmedia":[{"embeddable":true,"href":"https:\/\/www.ukctuzla.ba\/ukctuzla\/index.php?rest_route=\/wp\/v2\/media\/16294"}],"wp:attachment":[{"href":"https:\/\/www.ukctuzla.ba\/ukctuzla\/index.php?rest_route=%2Fwp%2Fv2%2Fmedia&parent=1235"}],"curies":[{"name":"wp","href":"https:\/\/api.w.org\/{rel}","templated":true}]}}