{"id":1290,"date":"2016-02-24T09:58:45","date_gmt":"2016-02-24T09:58:45","guid":{"rendered":"http:\/\/10.0.0.65\/ukctuzla3\/?page_id=1290"},"modified":"2018-03-21T11:16:27","modified_gmt":"2018-03-21T10:16:27","slug":"bolestimetode-i-preporuke-i","status":"publish","type":"page","link":"https:\/\/www.ukctuzla.ba\/ukctuzla\/?page_id=1290&lang=bs","title":{"rendered":"Bolesti,metode i preporuke (I)"},"content":{"rendered":"<p><span style=\"color: #800000;\"><strong>I<\/strong><\/span><\/p>\n<p><strong><a href=\"https:\/\/www.ukctuzla.ba\/ukctuzla\/?page_id=1289\" target=\"_blank\" rel=\"noopener\"><span style=\"font-size: 8pt;\">Infarkt miokarda<\/span><\/a><\/strong><\/p>\n<p><a href=\"https:\/\/www.ukctuzla.ba\/ukctuzla\/wp-content\/uploads\/2016\/02\/Ishrana-djece-sa-\u0161e\u0107ernom-bolesti-tip-1.pdf\" target=\"_blank\" rel=\"noopener\">Ishrana djece sa \u0161e\u0107ernom bolesti tip 1<\/a><\/p>\n<p><a href=\"https:\/\/www.ukctuzla.ba\/ukctuzla\/wp-content\/uploads\/2016\/02\/Ishrana-majke-za-vrijeme-dojenja.pdf\">Ishrana majke za vrijeme dojenja<\/a><\/p>\n<p><a href=\"https:\/\/www.ukctuzla.ba\/ukctuzla\/wp-content\/uploads\/2016\/02\/Ishrana-nakon-poro\u0111aja.pdf\">Ishrana nakon poro\u0111aja<\/a><\/p>\n","protected":false},"excerpt":{"rendered":"<p>I Infarkt miokarda Ishrana djece sa \u0161e\u0107ernom bolesti tip 1 Ishrana majke za vrijeme dojenja Ishrana nakon poro\u0111aja<\/p>\n","protected":false},"author":1,"featured_media":16294,"parent":0,"menu_order":0,"comment_status":"closed","ping_status":"closed","template":"","meta":{"footnotes":""},"class_list":["post-1290","page","type-page","status-publish","has-post-thumbnail","hentry","description-off"],"_links":{"self":[{"href":"https:\/\/www.ukctuzla.ba\/ukctuzla\/index.php?rest_route=\/wp\/v2\/pages\/1290","targetHints":{"allow":["GET"]}}],"collection":[{"href":"https:\/\/www.ukctuzla.ba\/ukctuzla\/index.php?rest_route=\/wp\/v2\/pages"}],"about":[{"href":"https:\/\/www.ukctuzla.ba\/ukctuzla\/index.php?rest_route=\/wp\/v2\/types\/page"}],"author":[{"embeddable":true,"href":"https:\/\/www.ukctuzla.ba\/ukctuzla\/index.php?rest_route=\/wp\/v2\/users\/1"}],"replies":[{"embeddable":true,"href":"https:\/\/www.ukctuzla.ba\/ukctuzla\/index.php?rest_route=%2Fwp%2Fv2%2Fcomments&post=1290"}],"version-history":[{"count":5,"href":"https:\/\/www.ukctuzla.ba\/ukctuzla\/index.php?rest_route=\/wp\/v2\/pages\/1290\/revisions"}],"predecessor-version":[{"id":5751,"href":"https:\/\/www.ukctuzla.ba\/ukctuzla\/index.php?rest_route=\/wp\/v2\/pages\/1290\/revisions\/5751"}],"wp:featuredmedia":[{"embeddable":true,"href":"https:\/\/www.ukctuzla.ba\/ukctuzla\/index.php?rest_route=\/wp\/v2\/media\/16294"}],"wp:attachment":[{"href":"https:\/\/www.ukctuzla.ba\/ukctuzla\/index.php?rest_route=%2Fwp%2Fv2%2Fmedia&parent=1290"}],"curies":[{"name":"wp","href":"https:\/\/api.w.org\/{rel}","templated":true}]}}