{"id":13072,"date":"2022-10-28T10:09:38","date_gmt":"2022-10-28T09:09:38","guid":{"rendered":"http:\/\/www.ukctuzla.ba\/ukctuzla\/?page_id=13072"},"modified":"2025-12-12T08:34:55","modified_gmt":"2025-12-12T07:34:55","slug":"clinic-for-childrens-diseases","status":"publish","type":"page","link":"https:\/\/www.ukctuzla.ba\/ukctuzla\/?page_id=13072&lang=en","title":{"rendered":"CLINIC FOR CHILDREN'S DISEASES"},"content":{"rendered":"<p>Head of the clinic: Prof. Dr. Lejla Osman\u010devi\u0107<\/p>\n<p>Head nurse: Slavica Ivanov, MSc. graduated nurse<\/p>\n<p>Quality improvement and education: Indira \u0110apo, graduated nurse<\/p>\n<p>Secretary: Said Smajlovi\u0107<\/p>\n<p>Contact:<\/p>\n<p>Telephone: 00 387 35 303 702;<\/p>\n<p>E-mail: info@ukctuzla.ba<\/p>\n<p data-start=\"39\" data-end=\"68\"><strong data-start=\"39\" data-end=\"68\">ACTIVITIES OF THE CLINIC:<\/strong><\/p>\n<p data-start=\"70\" data-end=\"758\">The primary activity is the hospital treatment of patients at the secondary and tertiary levels of healthcare through diagnostics, treatment, surgical procedures, and patient care, as well as staff education. The daily activities of the clinic\u2019s employees include working on the prevention of diseases in childhood through the promotion of breastfeeding, nutrition, healthy lifestyle habits, a diabetes counseling center, an asthma school, and the application of monoclonal antibodies. A special place in preventive activities is occupied by the Laboratory for Early Detection of Inborn Metabolic Diseases, which serves as a diagnostic center for the Federation of Bosnia and Herzegovina.<\/p>\n<p data-start=\"760\" data-end=\"1353\">The Clinic for Children's Diseases is a teaching base for the Faculty of Medicine, the Faculty of Education and Rehabilitation, and the College of Health Studies of the University of Tuzla, and offers expertise and practical training for students of the Faculty of Medicine, the College of Health Studies, and students of the Secondary Medical School. Training is provided for interns who have completed the Faculty of Medicine, the Faculty of Education and Rehabilitation, and the College, Higher, and Secondary Medical Schools, as well as for specializations in specific medical disciplines.<\/p>\n<p lang=\"en\" align=\"JUSTIFY\"><b>ORGANIZATIONAL STRUCTURE<\/b><\/p>\n<p lang=\"en\" align=\"JUSTIFY\"><b>PEDIATRIC OUTPATIENT CLINIC<\/b><\/p>\n<p lang=\"en\" align=\"JUSTIFY\"><b>AMBULANCES:<\/b><\/p>\n<ul>\n<li>\n<p lang=\"en\" align=\"JUSTIFY\">Admission with daily hospital<\/p>\n<\/li>\n<li>\n<p lang=\"en\" align=\"JUSTIFY\">Outpatient clinic for pediatric surgery<\/p>\n<\/li>\n<li>\n<p lang=\"en\" align=\"JUSTIFY\">Outpatient clinic for endocrinology and metabolic diseases<\/p>\n<\/li>\n<li>\n<p lang=\"en\" align=\"JUSTIFY\">Outpatient clinic for gastroentrology<\/p>\n<\/li>\n<li>\n<p lang=\"en\" align=\"JUSTIFY\">Outpatient clinic for hematology<\/p>\n<\/li>\n<li>\n<p lang=\"en\" align=\"JUSTIFY\">Outpatient clinic for cardiology<\/p>\n<\/li>\n<li>\n<p lang=\"en\" align=\"JUSTIFY\">Outpatient clinic for medical genetics<\/p>\n<\/li>\n<li>\n<p lang=\"en\" align=\"JUSTIFY\">Outpatient clinic for nephrology<\/p>\n<\/li>\n<li>\n<p lang=\"en\" align=\"JUSTIFY\">Outpatient clinic for neonatology<\/p>\n<\/li>\n<li>\n<p lang=\"en\" align=\"JUSTIFY\">Outpatient clinic for neurology<\/p>\n<\/li>\n<li>\n<p lang=\"en\" align=\"JUSTIFY\">Outpatient clinic for oncology<\/p>\n<\/li>\n<li>\n<p lang=\"en\" align=\"JUSTIFY\">Outpatient clinic for pulmonology<\/p>\n<\/li>\n<li>\n<p lang=\"en\" align=\"JUSTIFY\">Outpatient clinic for rheumatology, immunology and allergology<\/p>\n<\/li>\n<li>\n<p lang=\"en\" align=\"JUSTIFY\">Outpatient clinic for early growth and development<\/p>\n<\/li>\n<\/ul>\n<p align=\"JUSTIFY\"><b>Contact telephones:<\/b><\/p>\n<p><span lang=\"en\">Outpatient clinic for nephrology <\/span>035 303 706; 2 p.m.- 2: 30 p.m.<br \/>\n<span lang=\"en\">Outpatient clinic for neonatology and ultrasound of the brain <\/span>35 303-706; 2: 30 p.m.- 3 p.m.<br \/>\nUltrasound of the abdomen 035 303 706; 2:30 p.m.- 3 p.m.<br \/>\nOutpatient clinic for allergies 035 303 706; 2: 30 p.m.- 3 p.m.<br \/>\nAllergens 035 303 706; 2 p.m.- 2: 30 p.m.<br \/>\n<span lang=\"en\">Outpatient clinic for pulmonology <\/span>035 303708; 1 p.m.- 1:30p.m.<br \/>\n<span lang=\"en\">Outpatient clinic for cardiology <\/span>035 303 708; 3p.m.-3:30p.m.<br \/>\n<span lang=\"en\">Outpatient clinic for endocrinology <\/span> 035 303 727; 2 p.m.- 2: 30 p.m.<br \/>\n<span lang=\"en\">Outpatient clinic for neurology <\/span>035 303 709; 2 p.m.- 2: 30 p.m.<br \/>\n<span lang=\"en\">Outpatient clinic for hematology and oncology <\/span>035 303 727; 2:30p.m.- 3p.m.<br \/>\n<span lang=\"en\">Outpatient clinic for gastroentrology <\/span>035 303 709; 2:30p.m.- 3 p.m.<br \/>\nOutpatient surgery 035 303 732; 12 noon- 1p.m.<br \/>\nOutpatient clinic for genetics 035 303 727; 2:30p.m.- 3p.m.<\/p>\n<p><b>COUNSELING SERVICES: <\/b><\/p>\n<ul>\n<li>Counseling for breastfeeding<\/li>\n<li>Counseling for diabetes<\/li>\n<li>Counseling for diet<\/li>\n<li>Counseling for asthma<\/li>\n<\/ul>\n<p><b>CABINETS:<\/b><\/p>\n<ul>\n<li>Cabinet for ultrasound (abdomen, urotract, heart, thyroid gland, brain)<\/li>\n<li>Cabinet for EEG<\/li>\n<li>Cabinet for endoscopy<\/li>\n<li>Cabinet for respiratory conditions<\/li>\n<\/ul>\n<p><b>DEPARTMENTS<\/b><\/p>\n<ul>\n<li>Department for intensive therapy and care<\/li>\n<li>Department for semi- intensive care<\/li>\n<li>Department for pediatric surgery<\/li>\n<li>Department for endocrinology, metabolic disases and genetics<\/li>\n<li>Department for gastroenterology and the milk kitchen<\/li>\n<li>Department for hematology and oncology<\/li>\n<li>Department for neonatology<\/li>\n<li>Department for neurology<\/li>\n<li>Department for nephrology<\/li>\n<li>Department for reumatology, allergology and immunology<\/li>\n<li>Department for pulmonology and cardiology<\/li>\n<\/ul>\n<p><b>SURGERY<\/b><\/p>\n<p><b>HEALTH CARE PROFESSIONALS<br \/>\n<\/b><\/p>\n<p>Number of employees- 123<\/p>\n<p>Doctor subspecialists- 20<\/p>\n<p>Doctors specialists- 23<\/p>\n<p>Residents- 9<\/p>\n<p>Medical doctors- 3<\/p>\n<p>Graduated nurses\/ technicians- 21<\/p>\n<p>Nurses\/ technicians with higher nursing school<\/p>\n<p>Nurses\/ technicians with secondary nursing school- 59<\/p>\n<p>Health care associates \u2013 3<\/p>\n<p>Non- medical workers- 3<\/p>\n<p><b>HEALTH CARE SERVICES<\/b><\/p>\n<p><b>Outpatient pediatric clinic<\/b><\/p>\n<p align=\"LEFT\">The Polyclinic consists of: a Day Hospital, 14 outpatient clinics, 4 diagnostic rooms, and 4 counseling units.<br \/>\nHead Nurse\/Technician of the Polyclinic: Zemina D\u017eihanovi\u0107, graduated in Nursing<\/p>\n<p align=\"LEFT\"><strong>Day Hospital<\/strong><\/p>\n<p align=\"LEFT\">Great attention is given to the psychosocial aspects of children\u2019s stay in the hospital, and in September 2009, a Day Hospital with a capacity of 7 beds was opened. Its primary goal is to provide comprehensive healthcare services in the fields of diagnostics and therapy for all children. It was established with the intention of performing diagnostic procedures as efficiently and quickly as possible, without the need for long hospitalization. Patients can be admitted to the Day Hospital with a referral from a family medicine or general practice physician, as well as without a referral, in which case the performed procedures are paid according to the approved price list of services.<\/p>\n<p align=\"LEFT\">A multidisciplinary team of healthcare professionals works in the Day Hospital of the Clinic for Children's Diseases. The operating principle is based on rapid diagnostics and treatment in all areas of pediatrics, and within a single day, specialist examinations, ultrasound diagnostics, and follow-up assessments can be performed, along with consultations with physicians of various specialties and subspecialties.<\/p>\n<p align=\"LEFT\"><strong>DEPARTMENTS<\/strong><\/p>\n<p align=\"JUSTIFY\"><b>Department for intensive therapy and care<\/b><\/p>\n<p align=\"JUSTIFY\">Chief of the department: Assoc. Prof. Dr.\u00a0 Devleta Had\u017ei\u0107<\/p>\n<p align=\"JUSTIFY\">Nurse in charge: Meliha \u010cur\u010di\u0107, graduated nurse, PhD in health sciences<\/p>\n<p align=\"JUSTIFY\">The department for intensive care and therapy offers advanced medical services of a tertiary level as the diagnosis and management of premature babies with low birth weight and for critically ill older children. Health professionals of the department deal with the rational diagnosis and therapy of the most serious pediatric diseases, primarily with life- threatening conditions.<\/p>\n<p align=\"JUSTIFY\">The department offers:<\/p>\n<ul>\n<li>\n<p align=\"JUSTIFY\">continuous monitoring and car of patients<\/p>\n<\/li>\n<li>\n<p align=\"JUSTIFY\">mechanical ventilation<\/p>\n<\/li>\n<li>\n<p align=\"JUSTIFY\">umbilical vein catheterization<\/p>\n<\/li>\n<li>\n<p align=\"JUSTIFY\">endotracheal administration of surfactant<\/p>\n<\/li>\n<li>\n<p align=\"JUSTIFY\">exanguinotransfusion<\/p>\n<\/li>\n<li>\n<p align=\"JUSTIFY\">electrocardioversion<\/p>\n<\/li>\n<li>\n<p align=\"JUSTIFY\">central venous access with hemodynamic monitoring<\/p>\n<\/li>\n<li>\n<p align=\"JUSTIFY\">continuing monitoring with ultrasound diagnostics<\/p>\n<\/li>\n<li>\n<p align=\"JUSTIFY\">all types of feeding (enteral, parenteral)<\/p>\n<\/li>\n<li>\n<p align=\"JUSTIFY\">pediatrician from ICU in the delivery room<\/p>\n<\/li>\n<li>\n<p align=\"JUSTIFY\">preoperative preparation of the patient<\/p>\n<\/li>\n<li>\n<p align=\"JUSTIFY\">postoperative care of the patient<\/p>\n<\/li>\n<\/ul>\n<p align=\"JUSTIFY\"><b>Department for neonatology<\/b><\/p>\n<p align=\"JUSTIFY\">Chief of the department: Primarius Dr. Gordana Radoja<\/p>\n<p align=\"JUSTIFY\">Nurse in charge: Amela \u010cikari\u0107, graduated nurse, MSc., management in health care<\/p>\n<p align=\"JUSTIFY\">The department for neonatology offers an advanced level of health care services for newborns in a hospital setting. Principles of a timely diagnosis, interventions and teamwork at our department contributed to the patterns of significant decline in neonatal mortality and perinatal harm. Prevention of hemorrhagic disease, hearing screening, metabolic screening of the abdomen and central venous system, physical screening for developmental dysplasia of the hip and genetic testing are carried out for every newborn. Neonatal diseases prevention includes administration of monoclonal antibody treatments for preterm infants of low gestational age against RSV infections, the administration of BCG and Hepatitis B vaccines for infants who have not been vaccinated. Our pediatric cardiologists work on early detection of congenital heart defects and organize transport of a little patient to hospitals for heart surgery. The department closely cooperates with the Clinic for Gyn\/ Obs department for newborns and the NICU. We also work on improving of maternal and child health through education.<\/p>\n<p align=\"JUSTIFY\"><b>Department for neurology<\/b><\/p>\n<p align=\"JUSTIFY\">Chief of the department: Primarius Dr. Nevzeta Mustafi\u0107, Msc.<\/p>\n<p align=\"JUSTIFY\">Nurse in charge: Aj\u0161a Feuki\u0107, graduated nurse<\/p>\n<p align=\"JUSTIFY\">In the department for neurology we diagnose and treat acute or chronic diseases of the central or peripheral nervous system that appear in childhood and adolescence. We perform awake, sleep, serial and a sleep- deprived electroencephalography in pediatric epilepsy, and a new antiepileptic drugs for refractory epilepsy.<\/p>\n<p align=\"JUSTIFY\"><b>Department for gastroentrology and the milk kitchen <\/b><\/p>\n<p align=\"JUSTIFY\">Chief of the department: Primarius Dr. Selma Terzi\u0107<\/p>\n<p align=\"JUSTIFY\">Nurse in charge: Zahida Im\u0161irovi\u0107, graduated nurse<\/p>\n<p align=\"JUSTIFY\">The department for gastroentrology with the milk kitchen offers diagnostic and health care services to the patients with diseases of digestive tract; perioperative management of live and cadaver donor liver transplant and care of patient during the posttransplant recovery. Our diagnostics includes g<span lang=\"en\">astroesophagoduodenoscopy, choleleoscopy, rectoscopy, liver biopsy and 24-hour ph-metry.<\/span><\/p>\n<p align=\"JUSTIFY\">The milk kitchen prepares and distributes dairy, diet and prescribed meals for hospitalized patients.<\/p>\n<p align=\"JUSTIFY\"><b>Department for reumatology, allergology and immunology<\/b><\/p>\n<p align=\"JUSTIFY\">Chief of the department: Prof.Dr. Almira \u0106osi\u010dki\u0107<\/p>\n<p align=\"JUSTIFY\">Nurse in charge: Slavica Ivanov, graduated nurse<\/p>\n<p align=\"JUSTIFY\">Reumatology: Diagnosis and treatment of the locomotor system and other autoimmune rheumatic diseases. We use the latest treatment strategies for autoimmune diseases and therapeutic application of monoclonal antibodies.<\/p>\n<p align=\"JUSTIFY\">Immunology: Diagnosis and treatment of the immune system disorders, <span lang=\"en\">primary and secondary immunodeficiencies.<\/span><\/p>\n<p align=\"JUSTIFY\">Allergology: Diagnosis and treatment of allergic conditions in children.<\/p>\n<p align=\"JUSTIFY\"><b>Department for pulmology and cardiology<\/b><\/p>\n<p align=\"JUSTIFY\">Chief of the department: Assoc. Prof. Dr. Amela Pa\u0161i\u0107,pediatrician, subspecialist in pediatric pulmonology<\/p>\n<p align=\"JUSTIFY\">Nurse in charge: Mirela Durakovi\u0107, graduated nurse<\/p>\n<p align=\"JUSTIFY\">The department deals with non invasive diagnostic and therapeutic health care services for children with diseases of the respiratory tract and heart; preoperative care and postoperative follow- up of patients with congenital heart defects; individual and group asthma education program for children and parents.<\/p>\n<p align=\"JUSTIFY\"><b>Department for hematology and oncology<\/b><\/p>\n<p align=\"JUSTIFY\">Chief of the department:<\/p>\n<p align=\"JUSTIFY\">Nurse in charge:<\/p>\n<p align=\"JUSTIFY\">The department provides following health care services:<\/p>\n<ul>\n<li><span lang=\"en\">planning and implementation of diagnostic and therapeutic procedures for hematological malignant and non-malignant diseases, as well as for oncological diseases for patients up to the age of 15<\/span><\/li>\n<li>hemotherapy<\/li>\n<li>monitoring of patients following radiotherapy treatment<\/li>\n<li>preoperative management of patients for bone marrow transplant and posttransplant monitoring<\/li>\n<li>application of immunotherapy with or without chemotherapy<\/li>\n<li>\n<p align=\"JUSTIFY\">diagnostic procedures: bone marrow biopsy, bone marrow aspiration from the crista illiaca, lymph node bipsy, tumor biopsy, <span lang=\"en\">cytomorphological analysis of bone marrow samples,<\/span> <span lang=\"en\">cytomorphological analysis of peripheral blood samples, cytogenetic analyzes of bone and peripheral blood, molecular analyzes using the PCR method, flow cytometry of peripheral blood and bone marrow, lumbar puncture for diagnostic and therapeutic purposes, CV catheter placement, the abdomen and neck ultrasound<\/span><\/p>\n<\/li>\n<li>\n<p align=\"JUSTIFY\">monitoring of patients in hematology and oncology outpatient clinic<\/p>\n<\/li>\n<li>\n<p align=\"JUSTIFY\">psychosocial care and support for patients and their families and education<\/p>\n<\/li>\n<li>\n<p align=\"JUSTIFY\">oncologic consilium for pediatric diseases<\/p>\n<\/li>\n<\/ul>\n<p align=\"JUSTIFY\"><b>Department for nephrology<\/b><\/p>\n<p align=\"JUSTIFY\">Chief of the department: Prof. Dr. Evlijana Zuli\u0107<\/p>\n<p align=\"JUSTIFY\">Nurse in charge: Memi\u0107 Ramiza, graduated nurse<\/p>\n<p align=\"JUSTIFY\">The department offers health care services of diagnostics and treatment of patients with acute and chronic kidney diseases and urinary tract. Following procedures we provide in cooperation with the Clinic for Internal Medicine: kidney biopsy, peritoneal dialysis and hemodialysis, and preoperative management and monitoring of patients after kidney transplantation.<\/p>\n<p align=\"JUSTIFY\"><b>Department for endocrinology, metabolic diseases and genetics<\/b><\/p>\n<p align=\"JUSTIFY\">Chief of department: Prof. Dr. Alma Toromanovi\u0107<\/p>\n<p align=\"JUSTIFY\">Nurse in charge: Aida \u010ca\u010dkovi\u0107, graduated nurse<\/p>\n<p align=\"JUSTIFY\">The department offers clinical examinations, treatment and monitoring of patients up to the age of 15 with all types of endocrine diseases, disorders of the somatic growth and development, congenital carbohydrate metabolism disorders, amino acids, organic acids, urea cycle, fatty acid oxidation disorders; clinical detection of chromosomal aberrations and genetic syndromes; neonatal screening for phenylketonuria, congenital hypothyroidism and congenital adrenal hyperplasia; management of acute poisoning in children.<\/p>\n<p align=\"JUSTIFY\"><b>Department for pediatric surgery<\/b><\/p>\n<p align=\"JUSTIFY\">Chief of the department: Assoc. Prof. Dr. Amir Halilba\u0161i\u0107<\/p>\n<p align=\"JUSTIFY\">Nurse in charge: Tatjana Praljak, MSc., graduated nurse<\/p>\n<p align=\"JUSTIFY\">The department of pediatric surgery offers the full range of classic and innovative pediatric and neonatal surgical interventions (congenital anomalies of gastrointestinal tract, anterior abdominal wall, anorectal malformations, sacrococcygeal tumors), pediatric urology (congenital or acquired diseases of the kidneys, urinary tract and genitals, endoscopic treatment of vesico- uretral reflux), surgery of chest tumors, retroperitoneal and intra- abdominal tumors, surgery of burns and injuries of the chest and abdomen, and other acute surgical conditions in pediatric surgery. Our pediatric program and surgeons, who trained pediatric surgery worldwide provide expert neonatal surgery and surgery of congenital chest wall deformities. We use propranolol in the treatment of infantile hemangiomas.<\/p>\n<p align=\"JUSTIFY\"><b>Books and publications written by employees of the clinic:<\/b><\/p>\n<ul>\n<li>Tahirovi\u0107 H., \u0160e\u0107erna bolest dje\u010dije i adolescentne dobi. Tuzla: Univerzitet u Tuzli; 2004.<\/li>\n<li>Tahirovi\u0107 H., Klini\u010dka toksikologija u pedijatriji. Tuzla: Univerzitet u Tuzli; 2002.<\/li>\n<li>Skoki\u0107 F., Postala sam majka. Tuzla: Printcom; 2003.<\/li>\n<li>Skoki\u0107 F., Priru\u010dnik iz neonatologije i perinatologije. Tuzla: Printcom; 2005.\u00b8<\/li>\n<li>Skoki\u0107 F. i saradnici, Zadravstvena njega u pedijatriji. Banja Luka, 2010. Ud\u017ebenik za studente Visoke zdravstvene \u0161kole na Apeiron Banja Luka.<\/li>\n<li>Mladina N., Va\u0161e dijete u prvoj godini zivota, HUG \u201eZemlja djece\u201c, Tuzla 2004.<\/li>\n<li>Mladina N., i saradnici, Za\u0161tita razvojnog doba, Bosanska rije\u010d, Tuzla, 2004.<\/li>\n<li>\u010coli\u0107-Had\u017ei\u0107 B., Juvenilni ankilozantni spondilitis. U: Ankilozantni spondilitis. Kapid\u017ei\u0107-Ba\u0161i\u0107 N i suradnici, \u201cOFF-SET\u201d \u0160tamparija, Tuzla, 2009; (163-179).<\/li>\n<li>\u0106osi\u0107ki\u0107 A., Bolesti respiratornog sistema i tuberkuloza. U: Zdravstvena njega u pedijatriji. Skoki\u0107 F i saradnici, Medicinske bazi\u010dne nauke Banja Luka, 2010; (118-145).<\/li>\n<li>Hasanhod\u017ei\u0107 M., Down sindrom. Sarajevo: Udru\u017eenje \u201e\u017divot s Down syndromom\u201c; 2009.<\/li>\n<li>Begi\u0107 H., Digoxin. U: Klini\u010dka toksikologija u pedijatriji, Husref F. Tahirovi\u0107 i saradnici. Univerzitet u Tuzli, Medicinski fakultet. 2002;91-97.<\/li>\n<li>Begi\u0107 H., Mladina N., Dijete sa hroni\u010dnim oboljenjem srca. U: Za\u0161tita razvojnog doba, Mladina N. i suradnici, Tuzla: Bosanska rije\u010d; 2004;469-476.<\/li>\n<li>Begi\u0107 H., Prekordijalni bol u djece i adolescenata. U: Stabilna angina pectoris, Kulic M. i saradnici., Institut za nau\u010dnoistra\u017eiva\u010dki rad i razvoj KCUS, Sarajevo 2009; 263-273.<\/li>\n<li>Osman\u010devi\u0107 L. i saradnici, Celijakija bolest djece i odraslih, Tuzla 2009. \u2013 edukativna skripta<\/li>\n<li>Kalesi\u0107 \u2013 Mustafi\u0107 N., Mladina N., Konvulzije u dje\u010dijoj dobi i epilepsija U: Za\u0161tita razvojnog doba. Mladina N. i suradnici, Tuzla: Bosanska rije\u010d; 2004. str. 389-399.<\/li>\n<li>Softi\u0107 I.,Tahirovi\u0107 H., Ati\u0107 N., Otrovanja u novoro\u0111en\u010dadi U: Klini\u010dka toksikologija u pedijatriji. Ed: Tahirovi\u0107 H. i sar. Univerzitet u Tuzli, Medicinski fakultet 2002:395-417.<\/li>\n<li>Softi\u0107 I.,Upute za njegu novoro\u0111en\u010deta kod ku\u0107e, UKC Tuzla, 2000.<\/li>\n<li>Halilba\u0161i\u0107 A., Zdravstvena njega u pedijatriji, Autor Fahrija Skoki\u0107 i saradnici, Banja Luka, 2010.<\/li>\n<li>\u0160iljegovi\u0107 R., Menad\u017ement u sestrinstvu U: Infektologija i zdravstvena njega infektivnih bolesnika, Sead Ahmetagi\u0107 i saradnici, Tuzla, 2010. str. 335-343.<\/li>\n<li>Had\u017ei\u0107 Devleta, Hitna stanja u pedijatriji. Toj\u0161i\u0107i: C.P.A.,2016. \u2013 univerzitetski ud\u017ebenik<\/li>\n<\/ul>\n","protected":false},"excerpt":{"rendered":"<p>Head of the clinic: Prof. Dr. Lejla Osman\u010devi\u0107 Head nurse: Slavica Ivanov, MSc. graduated nurse Quality improvement and education: Indira \u0110apo, graduated nurse Secretary: Said Smajlovi\u0107 Contact: Telephone: 00 387 35 303 702; E-mail: info@ukctuzla.ba ACTIVITIES OF THE CLINIC: The primary activity is the hospital treatment of patients at the secondary and tertiary levels of&hellip;<\/p>\n","protected":false},"author":3,"featured_media":16294,"parent":0,"menu_order":0,"comment_status":"closed","ping_status":"closed","template":"","meta":{"footnotes":""},"class_list":["post-13072","page","type-page","status-publish","has-post-thumbnail","hentry","description-off"],"_links":{"self":[{"href":"https:\/\/www.ukctuzla.ba\/ukctuzla\/index.php?rest_route=\/wp\/v2\/pages\/13072","targetHints":{"allow":["GET"]}}],"collection":[{"href":"https:\/\/www.ukctuzla.ba\/ukctuzla\/index.php?rest_route=\/wp\/v2\/pages"}],"about":[{"href":"https:\/\/www.ukctuzla.ba\/ukctuzla\/index.php?rest_route=\/wp\/v2\/types\/page"}],"author":[{"embeddable":true,"href":"https:\/\/www.ukctuzla.ba\/ukctuzla\/index.php?rest_route=\/wp\/v2\/users\/3"}],"replies":[{"embeddable":true,"href":"https:\/\/www.ukctuzla.ba\/ukctuzla\/index.php?rest_route=%2Fwp%2Fv2%2Fcomments&post=13072"}],"version-history":[{"count":3,"href":"https:\/\/www.ukctuzla.ba\/ukctuzla\/index.php?rest_route=\/wp\/v2\/pages\/13072\/revisions"}],"predecessor-version":[{"id":20197,"href":"https:\/\/www.ukctuzla.ba\/ukctuzla\/index.php?rest_route=\/wp\/v2\/pages\/13072\/revisions\/20197"}],"wp:featuredmedia":[{"embeddable":true,"href":"https:\/\/www.ukctuzla.ba\/ukctuzla\/index.php?rest_route=\/wp\/v2\/media\/16294"}],"wp:attachment":[{"href":"https:\/\/www.ukctuzla.ba\/ukctuzla\/index.php?rest_route=%2Fwp%2Fv2%2Fmedia&parent=13072"}],"curies":[{"name":"wp","href":"https:\/\/api.w.org\/{rel}","templated":true}]}}