{"id":13378,"date":"2025-12-16T10:04:23","date_gmt":"2025-12-16T09:04:23","guid":{"rendered":"http:\/\/www.ukctuzla.ba\/ukctuzla\/?page_id=13378"},"modified":"2025-12-16T10:05:15","modified_gmt":"2025-12-16T09:05:15","slug":"clinic-for-thoracic-surgery","status":"publish","type":"page","link":"https:\/\/www.ukctuzla.ba\/ukctuzla\/?page_id=13378&lang=en","title":{"rendered":"CLINIC FOR THORACIC SURGERY"},"content":{"rendered":"<p>Head of the Clinic: Assoc. Prof. Dr. Nusret Rami\u0107<\/p>\n<p>Head nurse: \u0110ana Rizvanovi\u0107,<\/p>\n<p>Telephone: +387 35 303 242<\/p>\n<p>Email: info@ukctuzla.ba<\/p>\n<p><b>HEALTH CARE SERVICES<\/b><\/p>\n<ul>\n<li>Diagnostic thoracic surgical procedures, thoracic surgery, the operative and perioperative care of patients<\/li>\n<li>Diagnostic, evaluation and admission of trauma patient suffering from injuries of the chest<\/li>\n<\/ul>\n<p><b>ORGANIZATIONAL STRUCTURE<\/b><\/p>\n<p><b>THORACIC OUTPATIENT DEPARTMENT<\/b><\/p>\n<p>Technician in charge:<\/p>\n<p>Telephone: 035 303 228<\/p>\n<p>Admission works 24 hours<\/p>\n<p>Telephone: 035 303 228<\/p>\n<p>Thoracic specialist consultations works on Tuesday and Thursday 9a.m..- 12 noon<\/p>\n<p>Telephone: 035 303 229<\/p>\n<p>Specialist consultations for thoracic oncology: works on Tuesday and Thursday 9a.m.- 12 noon<\/p>\n<p>Telephone: 035 303 229<\/p>\n<p><b>DEPARTMENTS:<\/b><\/p>\n<ul>\n<li>Department for thoracic surgery<\/li>\n<li>Department for surgery of esophagus and middle chest<\/li>\n<li>Department for trauma of the chest<\/li>\n<li>Outpatient surgery department<\/li>\n<\/ul>\n<p><b>Department for thoracic surgery<\/b><\/p>\n<p>Chief of the department: Prof. Dr. Goran Krd\u017eali\u0107<\/p>\n<p>Nurse in charge: Izeta \u0106orhod\u017ei\u0107, graduated nurse<\/p>\n<p>Telephone: 035 303 242<\/p>\n<ul>\n<li>Standard and advanced surgical procedures on the lungs, trachea and main bronchi, pleura, chest wall and diaphragm<\/li>\n<li>Video- assisted thoracoscopic procedures VATS: VATS resection on the lungs; VATS lobectomy; VATS bilobectomy; VATS extirpation of the lung and pleural tumors; VATS bullectomy (in the treatment of pneumothorax); VATS pleurodesis; VATS sympathectomy<\/li>\n<li>Classical open- surgery procedures: Lung resection (wedge resections); segmentectomy; lobectomy; bilobectomy; pneumonctomy; decortication; bullectomy<\/li>\n<li>Surgery of benign and malignant diseases of the trachea and bronchi<\/li>\n<\/ul>\n<p><b>Department for surgery of esophagus and middle chest<\/b><\/p>\n<p>Chief of the department:<\/p>\n<p>Nurse in charge: Begu\u0161a Salihovi\u0107, graduated nurse<\/p>\n<p>Telephone: 035 303 242<\/p>\n<p>Standard and extended surgical procedures on the esophagus and organs situated in the middle chest:<\/p>\n<ul>\n<li>\n<p align=\"JUSTIFY\"><span lang=\"en\">Treatment of benign diseases of the esophagus and esophagogastric transition (gastroesophageal reflux disease &#8211; GERD (laparoscopic fundoplication); esophageal motility disorder; esophageal diverticula; esophageal stenoses and obstructions; esophageal perforations, post-corrosive esophageal stenosis)<\/span><\/p>\n<\/li>\n<li>\n<p align=\"JUSTIFY\">Treatment of malignant diseases of the esophagus and esophagogastric transition<\/p>\n<\/li>\n<li>\n<p align=\"JUSTIFY\">Surgery of the chest deformities<\/p>\n<\/li>\n<li>\n<p align=\"JUSTIFY\">Surgery of pathological conditions of the diaphragm<\/p>\n<\/li>\n<\/ul>\n<p align=\"JUSTIFY\"><b>Department for trauma of the chest <\/b><\/p>\n<p align=\"JUSTIFY\">Chief of the department: Dr. Muniba Softi\u0107, MSc.<\/p>\n<p align=\"JUSTIFY\">Nurse in charge: Amela Mujanovi\u0107 Arifovi\u0107, graduated nurse<\/p>\n<p align=\"JUSTIFY\">Telephone: 035 303 242<\/p>\n<p align=\"JUSTIFY\">Conservative and surgical treatment and management of the chest trauma and its complications ( classical\/opn and video-assisted thoracoscopic procedures)<\/p>\n<p align=\"JUSTIFY\"><b>Department for outpatient surgery<\/b><\/p>\n<p align=\"JUSTIFY\">Chief of the department: Assoc. Prof. Dr. Amar Ke\u0161etovi\u0107<\/p>\n<p align=\"JUSTIFY\">Nurse in charge: Mirela Aljuki\u0107, graduated nurse<\/p>\n<p>Telephone: 035 303 242<\/p>\n<p align=\"JUSTIFY\">Diagnostic and therapeutic procedures of diseases of the organs and structures within the chest cavity; surgical biopsy of peripheral lymph nods in the armpit and percutaneous needle biopsy of the pleura, diagnosis of lesions in the chest wall and lungs; plural puncture- thoracentesis; pleural drainage- trocar drainage)<\/p>\n","protected":false},"excerpt":{"rendered":"<p>Head of the Clinic: Assoc. Prof. Dr. Nusret Rami\u0107 Head nurse: \u0110ana Rizvanovi\u0107, Telephone: +387 35 303 242 Email: info@ukctuzla.ba HEALTH CARE SERVICES Diagnostic thoracic surgical procedures, thoracic surgery, the operative and perioperative care of patients Diagnostic, evaluation and admission of trauma patient suffering from injuries of the chest ORGANIZATIONAL STRUCTURE THORACIC OUTPATIENT DEPARTMENT Technician&hellip;<\/p>\n","protected":false},"author":3,"featured_media":16294,"parent":0,"menu_order":0,"comment_status":"closed","ping_status":"closed","template":"","meta":{"footnotes":""},"class_list":["post-13378","page","type-page","status-publish","has-post-thumbnail","hentry","description-off"],"_links":{"self":[{"href":"https:\/\/www.ukctuzla.ba\/ukctuzla\/index.php?rest_route=\/wp\/v2\/pages\/13378","targetHints":{"allow":["GET"]}}],"collection":[{"href":"https:\/\/www.ukctuzla.ba\/ukctuzla\/index.php?rest_route=\/wp\/v2\/pages"}],"about":[{"href":"https:\/\/www.ukctuzla.ba\/ukctuzla\/index.php?rest_route=\/wp\/v2\/types\/page"}],"author":[{"embeddable":true,"href":"https:\/\/www.ukctuzla.ba\/ukctuzla\/index.php?rest_route=\/wp\/v2\/users\/3"}],"replies":[{"embeddable":true,"href":"https:\/\/www.ukctuzla.ba\/ukctuzla\/index.php?rest_route=%2Fwp%2Fv2%2Fcomments&post=13378"}],"version-history":[{"count":1,"href":"https:\/\/www.ukctuzla.ba\/ukctuzla\/index.php?rest_route=\/wp\/v2\/pages\/13378\/revisions"}],"predecessor-version":[{"id":20231,"href":"https:\/\/www.ukctuzla.ba\/ukctuzla\/index.php?rest_route=\/wp\/v2\/pages\/13378\/revisions\/20231"}],"wp:featuredmedia":[{"embeddable":true,"href":"https:\/\/www.ukctuzla.ba\/ukctuzla\/index.php?rest_route=\/wp\/v2\/media\/16294"}],"wp:attachment":[{"href":"https:\/\/www.ukctuzla.ba\/ukctuzla\/index.php?rest_route=%2Fwp%2Fv2%2Fmedia&parent=13378"}],"curies":[{"name":"wp","href":"https:\/\/api.w.org\/{rel}","templated":true}]}}