{"id":13484,"date":"2022-12-22T12:01:06","date_gmt":"2022-12-22T11:01:06","guid":{"rendered":"http:\/\/www.ukctuzla.ba\/ukctuzla\/?page_id=13484"},"modified":"2025-12-10T07:52:18","modified_gmt":"2025-12-10T06:52:18","slug":"center-for-palliative-care-and-pain-management","status":"publish","type":"page","link":"https:\/\/www.ukctuzla.ba\/ukctuzla\/?page_id=13484&lang=en","title":{"rendered":"CENTER FOR PALLIATIVE CARE AND PAIN MANAGEMENT"},"content":{"rendered":"<p>Head of the Center: Prim. Dr. Senad Izi\u0107, specialist in anesthesia and resuscitation<\/p>\n<p>Head nurse: Mersiha Hasanovi\u0107, graduated nurse<\/p>\n<p>Nurse for quality Improvement and education: Fahrudina Mujagi\u0107. graduated nurse<\/p>\n<p>Address: Izeta Sarajli\u0107a bb, Slavinovi\u0107i, Tuzla<\/p>\n<p>Telephone: 00 387 35 306 670; 306-672; 306-657<\/p>\n<p>E- mail: <a href=\"mailto:info@ukctuzla.ba\">info@ukctuzla.ba<\/a><\/p>\n<p><strong>HEALTH CARE SERVICES<\/strong><\/p>\n<p align=\"JUSTIFY\">Center for Palliative Care and Pain Management offers specialized medical care for people suffering from a serious conditions such as cancer in the palliative stage of the disease, and patients suffering from other severe, chronic and life- limiting diseases.<\/p>\n<ul>\n<li>\n<p align=\"JUSTIFY\">Diagnostics and therapy for patients suffering from cancer and other serious chronic diseases in the palliative stage;<\/p>\n<\/li>\n<li>\n<p align=\"JUSTIFY\">Management of chronic pain and other symptoms in bedridden patients and outpatients;<\/p>\n<\/li>\n<li>\n<p align=\"JUSTIFY\">Inclusion of family\/ caregivers in the process of support and care of patient;<\/p>\n<\/li>\n<li>\n<p align=\"JUSTIFY\">Providing professional counseling and education to patients and their families;<\/p>\n<\/li>\n<li>\n<p align=\"JUSTIFY\">Physical therapy;<\/p>\n<\/li>\n<li>\n<p align=\"JUSTIFY\">Psychosocial rehabilitation.<\/p>\n<\/li>\n<\/ul>\n<p align=\"JUSTIFY\"><strong>ORGANIZING STRUCTURE<\/strong><\/p>\n<ul>\n<li>\n<p align=\"JUSTIFY\">Administration<\/p>\n<\/li>\n<li>\n<p align=\"JUSTIFY\">Outpatient clinics (admission and outpatient clinic for pain management)<\/p>\n<\/li>\n<li>\n<p align=\"JUSTIFY\">Palliative care of inpatients<\/p>\n<\/li>\n<li>\n<p align=\"JUSTIFY\">Daily palliative care<\/p>\n<\/li>\n<li>\n<p align=\"JUSTIFY\">Pediatric palliative care<\/p>\n<\/li>\n<\/ul>\n<p align=\"JUSTIFY\"><strong>HEALTH PROFESSIONALS<\/strong><\/p>\n<ul>\n<li>\n<p align=\"JUSTIFY\">Total number of employees- 17<\/p>\n<\/li>\n<li>\n<p align=\"JUSTIFY\">Doctors specialists- 1<\/p>\n<\/li>\n<li>\n<p align=\"JUSTIFY\">Graduated nurses\/ technicians -1<\/p>\n<\/li>\n<li>\n<p align=\"JUSTIFY\">Nurses\/ technicians with High Medical School- 15<\/p>\n<\/li>\n<\/ul>\n<p align=\"JUSTIFY\"><strong>PALLIATIVE CARE OF INPATIENTS<\/strong><\/p>\n<ul>\n<li>\n<p align=\"JUSTIFY\">Admission, diagnosis, palliative care and therapy of patients in the palliative stage of the disease;<\/p>\n<\/li>\n<li>\n<p align=\"JUSTIFY\">Management of chronic pain and other symptoms in bedridden patients and outpatients;<\/p>\n<\/li>\n<li>\n<p align=\"JUSTIFY\">Physical therapy;<\/p>\n<\/li>\n<li>\n<p align=\"JUSTIFY\">Psychosocial rehabilitation;<\/p>\n<\/li>\n<li>\n<p align=\"JUSTIFY\">Specialist consultations;<\/p>\n<\/li>\n<li>\n<p align=\"JUSTIFY\">All types of nutrition (enteral, parenteral);<\/p>\n<\/li>\n<li>\n<p align=\"JUSTIFY\">Inclusion of families and caregivers in the process of care and support;<\/p>\n<\/li>\n<li>\n<p align=\"JUSTIFY\">Providing professional advises and education for patients and their families;<\/p>\n<\/li>\n<li>\n<p align=\"JUSTIFY\">Psychosocial support for the family coping with grief and loss of their loved one.<\/p>\n<\/li>\n<\/ul>\n<p align=\"JUSTIFY\"><strong>DAILY PALLIATIVE CARE<\/strong><\/p>\n<ul>\n<li>\n<p align=\"JUSTIFY\">Admission and palliative care of patients in groups;<\/p>\n<\/li>\n<li>\n<p align=\"JUSTIFY\">Management of chronic pain;<\/p>\n<\/li>\n<li>\n<p align=\"JUSTIFY\">Physical therapy of patients ( individual and group);<\/p>\n<\/li>\n<li>\n<p align=\"JUSTIFY\">Occupational therapy;<\/p>\n<\/li>\n<li>\n<p align=\"JUSTIFY\">Psychosocial rehabilitation;<\/p>\n<\/li>\n<li>\n<p align=\"JUSTIFY\">Professional counseling and education of patients<\/p>\n<\/li>\n<li>\n<p align=\"JUSTIFY\">Organizing short trips for patients and employees of the Center<\/p>\n<\/li>\n<li>\n<p align=\"JUSTIFY\">Hairdressing<\/p>\n<\/li>\n<\/ul>\n<p align=\"JUSTIFY\"><strong>PEDIATRIC PALLIATIVE CARE<\/strong><\/p>\n<ul>\n<li>\n<p align=\"JUSTIFY\">Admission, diagnosis, palliative care and therapy of pediatric patients and youths up to 18 years of age in the palliative stage of the disease;<\/p>\n<\/li>\n<li>\n<p align=\"JUSTIFY\">Management of chronic pain and other symptoms in inpatients and outpatients;<\/p>\n<\/li>\n<li>\n<p align=\"JUSTIFY\">Physical therapy (kinesitherapy, hydrotherapy, manual massage and TENS);<\/p>\n<\/li>\n<li>\n<p align=\"JUSTIFY\">Multisensory relaxation therapy (Snoelezen) for little patients and parents;<\/p>\n<\/li>\n<li>\n<p align=\"JUSTIFY\">Psychosocial rehabilitation of patients and their families;<\/p>\n<\/li>\n<li>\n<p align=\"JUSTIFY\">Occupational therapy;<\/p>\n<\/li>\n<li>\n<p align=\"JUSTIFY\">Specialist consultations;<\/p>\n<\/li>\n<li>\n<p align=\"JUSTIFY\">All types of nutrition (enteral, parenteral);<\/p>\n<\/li>\n<li>\n<p align=\"JUSTIFY\">Inclusion of families and caregivers in the process of care and support;<\/p>\n<\/li>\n<li>\n<p align=\"JUSTIFY\">Professional counseling and education of patients and their families;<\/p>\n<\/li>\n<li>\n<p align=\"JUSTIFY\">Psychosocial support for the family coping with grief and loss of their loved one.<\/p>\n<\/li>\n<\/ul>\n","protected":false},"excerpt":{"rendered":"<p>Head of the Center: Prim. Dr. Senad Izi\u0107, specialist in anesthesia and resuscitation Head nurse: Mersiha Hasanovi\u0107, graduated nurse Nurse for quality Improvement and education: Fahrudina Mujagi\u0107. graduated nurse Address: Izeta Sarajli\u0107a bb, Slavinovi\u0107i, Tuzla Telephone: 00 387 35 306 670; 306-672; 306-657 E- mail: info@ukctuzla.ba HEALTH CARE SERVICES Center for Palliative Care and Pain&hellip;<\/p>\n","protected":false},"author":3,"featured_media":16294,"parent":0,"menu_order":0,"comment_status":"closed","ping_status":"closed","template":"","meta":{"footnotes":""},"class_list":["post-13484","page","type-page","status-publish","has-post-thumbnail","hentry","description-off"],"_links":{"self":[{"href":"https:\/\/www.ukctuzla.ba\/ukctuzla\/index.php?rest_route=\/wp\/v2\/pages\/13484","targetHints":{"allow":["GET"]}}],"collection":[{"href":"https:\/\/www.ukctuzla.ba\/ukctuzla\/index.php?rest_route=\/wp\/v2\/pages"}],"about":[{"href":"https:\/\/www.ukctuzla.ba\/ukctuzla\/index.php?rest_route=\/wp\/v2\/types\/page"}],"author":[{"embeddable":true,"href":"https:\/\/www.ukctuzla.ba\/ukctuzla\/index.php?rest_route=\/wp\/v2\/users\/3"}],"replies":[{"embeddable":true,"href":"https:\/\/www.ukctuzla.ba\/ukctuzla\/index.php?rest_route=%2Fwp%2Fv2%2Fcomments&post=13484"}],"version-history":[{"count":3,"href":"https:\/\/www.ukctuzla.ba\/ukctuzla\/index.php?rest_route=\/wp\/v2\/pages\/13484\/revisions"}],"predecessor-version":[{"id":20149,"href":"https:\/\/www.ukctuzla.ba\/ukctuzla\/index.php?rest_route=\/wp\/v2\/pages\/13484\/revisions\/20149"}],"wp:featuredmedia":[{"embeddable":true,"href":"https:\/\/www.ukctuzla.ba\/ukctuzla\/index.php?rest_route=\/wp\/v2\/media\/16294"}],"wp:attachment":[{"href":"https:\/\/www.ukctuzla.ba\/ukctuzla\/index.php?rest_route=%2Fwp%2Fv2%2Fmedia&parent=13484"}],"curies":[{"name":"wp","href":"https:\/\/api.w.org\/{rel}","templated":true}]}}