{"id":16749,"date":"2024-07-15T07:52:17","date_gmt":"2024-07-15T06:52:17","guid":{"rendered":"https:\/\/www.ukctuzla.ba\/ukctuzla\/?page_id=16749"},"modified":"2024-07-15T07:56:25","modified_gmt":"2024-07-15T06:56:25","slug":"sluzba-za-komunikacije","status":"publish","type":"page","link":"https:\/\/www.ukctuzla.ba\/ukctuzla\/?page_id=16749&lang=bs","title":{"rendered":"Slu\u017eba za komunikacije"},"content":{"rendered":"<p>Slu\u017eba za komunikacije<br \/>\n\u0160ef Slu\u017ebe: mr.sci, Ersija A\u0161\u010deri\u0107 Mujedinovi\u0107, dipl. \u017eurnalista<\/p>\n<p>Kontakt:<br \/>\ntel. 00 387 35 303 115; 303 190<br \/>\ne-mail: info@ukctuzla.ba<br \/>\ne-mail: press@ukctuzla.ba<\/p>\n<p>Poslovi slu\u017ebe: Uspostavljanje odnosa s medijima, Projekti saradnje sa medijskim ku\u0107ama, planiranje, dizajniranje i realizacija promotivnih aktivnosti, dizajniranje i realizacija protokolarnih aktivnosti, priprema novina i razli\u010ditih publikacija, planiranje i dizajniranje procesa interne komunikacije, dizajniranje i a\u017euriranje web stranice, fotografisanje, snimanje, montiranje audio i video sadr\u017eaja, arhiviranje foto, video i audio materijala, press kliping i izrada dnevnog newsletter-a.<\/p>\n","protected":false},"excerpt":{"rendered":"<p>Slu\u017eba za komunikacije \u0160ef Slu\u017ebe: mr.sci, Ersija A\u0161\u010deri\u0107 Mujedinovi\u0107, dipl. \u017eurnalista Kontakt: tel. 00 387 35 303 115; 303 190 e-mail: info@ukctuzla.ba e-mail: press@ukctuzla.ba Poslovi slu\u017ebe: Uspostavljanje odnosa s medijima, Projekti saradnje sa medijskim ku\u0107ama, planiranje, dizajniranje i realizacija promotivnih aktivnosti, dizajniranje i realizacija protokolarnih aktivnosti, priprema novina i razli\u010ditih publikacija, planiranje i dizajniranje procesa&hellip;<\/p>\n","protected":false},"author":5,"featured_media":16294,"parent":0,"menu_order":0,"comment_status":"closed","ping_status":"closed","template":"","meta":{"footnotes":""},"class_list":["post-16749","page","type-page","status-publish","has-post-thumbnail","hentry","description-off"],"_links":{"self":[{"href":"https:\/\/www.ukctuzla.ba\/ukctuzla\/index.php?rest_route=\/wp\/v2\/pages\/16749","targetHints":{"allow":["GET"]}}],"collection":[{"href":"https:\/\/www.ukctuzla.ba\/ukctuzla\/index.php?rest_route=\/wp\/v2\/pages"}],"about":[{"href":"https:\/\/www.ukctuzla.ba\/ukctuzla\/index.php?rest_route=\/wp\/v2\/types\/page"}],"author":[{"embeddable":true,"href":"https:\/\/www.ukctuzla.ba\/ukctuzla\/index.php?rest_route=\/wp\/v2\/users\/5"}],"replies":[{"embeddable":true,"href":"https:\/\/www.ukctuzla.ba\/ukctuzla\/index.php?rest_route=%2Fwp%2Fv2%2Fcomments&post=16749"}],"version-history":[{"count":2,"href":"https:\/\/www.ukctuzla.ba\/ukctuzla\/index.php?rest_route=\/wp\/v2\/pages\/16749\/revisions"}],"predecessor-version":[{"id":16752,"href":"https:\/\/www.ukctuzla.ba\/ukctuzla\/index.php?rest_route=\/wp\/v2\/pages\/16749\/revisions\/16752"}],"wp:featuredmedia":[{"embeddable":true,"href":"https:\/\/www.ukctuzla.ba\/ukctuzla\/index.php?rest_route=\/wp\/v2\/media\/16294"}],"wp:attachment":[{"href":"https:\/\/www.ukctuzla.ba\/ukctuzla\/index.php?rest_route=%2Fwp%2Fv2%2Fmedia&parent=16749"}],"curies":[{"name":"wp","href":"https:\/\/api.w.org\/{rel}","templated":true}]}}