{"id":190,"date":"2016-02-08T10:44:36","date_gmt":"2016-02-08T10:44:36","guid":{"rendered":"http:\/\/10.0.0.65\/ukctuzla3\/?page_id=190"},"modified":"2016-03-11T08:36:18","modified_gmt":"2016-03-11T07:36:18","slug":"misija-i-vizija","status":"publish","type":"page","link":"https:\/\/www.ukctuzla.ba\/ukctuzla\/?page_id=190&lang=bs","title":{"rendered":"MISIJA I VIZIJA"},"content":{"rendered":"<p>Javna zdravstvena ustanova Univerzitski klini\u010dki centar je moderna medicinska ustanova u kojoj se primjenjuju savremene metode u lije\u010denju i dijagnosti\u010dke procedure, prate dostignu\u0107a nauke i vr\u0161i kontinuirana edukacija kadra.<br \/>\n<strong><br \/>\nM I S I J A<\/strong><br \/>\nNa\u0161a misija je odr\u017eavanje i pobolj\u0161anje zdravlja gra\u0111ana obezbje\u0111enjem efektivnih i efikasnih zdravstvenih usluga visokog kvaliteta, u okviru raspolo\u017eivih resursa i integrisanog sistema zdravstvene za\u0161tite.<br \/>\nPosve\u0107eni smo izvrsnosti u \u0161irokom rasponu zdravstvnih usluga koje pruzamo i zadovoljenju potreba na\u0161ih pacijenata na na\u010din njihovog postavljanja u centar de\u0161avanja.<br \/>\nRadimo u saradnji sa zdravstvenim i drugim institucijama i slu\u017eimo kao centar za obrazovanje, edukaciju i istra\u017eivanje.<br \/>\n<strong><br \/>\nV I Z I J A<\/strong><br \/>\nNa\u0161a vizija je:<\/p>\n<ul>\n<li>Da budemo regionalni lider za izvrsnost u pru\u017eanju zdravstvenih usluga, uklju\u010duju\u0107i i stalno pobolj\u0161anje kvaliteta i sigurnosti,<\/li>\n<li>Da budemo ustanova u kojoj se pacijenti \u017eele lije\u010diti i da radimo na pove\u0107anju zadovoljstava pacijentata,<\/li>\n<li>Da obezbjedimo odgovaraju\u0107e klini\u010dko okru\u017eenje koje podr\u017eava istra\u017eiva\u010dki rad i edukaciju zdravstvenih profesionalaca, kao pojedinaca i kao \u010dlanova tima,<\/li>\n<li>Da budemo \u201custanova koju zaposlenici biraju\u201d, obezbje\u0111uju\u0107i okru\u017eenje koje vrednuje rad i znanje i koja zadr\u017eava svoje zaposlenike.<\/li>\n<\/ul>\n<p><strong>V R I J E D N O S T I<\/strong><br \/>\nDa bi postigli svoju misiju vo\u0111eni smo slijede\u0107im vrijednostima:<\/p>\n<ul>\n<li>Zdravstvena usluga usmjerena na pacijenta,<\/li>\n<li>Stalna obaveza da brinemo za svoje pacijente i jedni za druge,<\/li>\n<li>Izvrsnost kao najvi\u0161i domet zdravstvene za\u0161tite i medicinske nauke,<\/li>\n<li>Efikasna i efektivna upotreba resursa pri pru\u017eanju zdravstvenih usluga,<\/li>\n<li>Te\u017enja za kreativnim rje\u0161enjima, originalnosti i inovacijama,<\/li>\n<li>Stvaranje i kori\u0161tenje prilika za sticanje novih znanja i njihovo preno\u0161enje,<\/li>\n<li>Saradnja sa ostalim zdravstvenim ustanovama u oblasti pru\u017eanja zdravstvenih usluga, obrazovanja i istra\u017eivanja,<\/li>\n<li>Saradnja i timski rad u postizanju na\u0161ih ciljeva,<\/li>\n<li>Odgovornost za preuzete akcije i rezultate,<\/li>\n<li>Spremnost na promjene,<\/li>\n<li>Medusobno po\u0161tovanje kao princip u svim aktivnostima i personalnim interakcijama,<\/li>\n<li>Uva\u017eavanje li\u010dnih i kulturolo\u0161kih razlika i primjena drugih eti\u010dkih standarda, u prvom redu Hipokratove zakletve,<\/li>\n<li>Nastojanje da gradimo povjerenje u na\u0161e sposobnosti, da predvi\u0111amo i odgovorimo na potrebe zajednice i pacijenata.<\/li>\n<\/ul>\n","protected":false},"excerpt":{"rendered":"<p>Javna zdravstvena ustanova Univerzitski klini\u010dki centar je moderna medicinska ustanova u kojoj se primjenjuju savremene metode u lije\u010denju i dijagnosti\u010dke procedure, prate dostignu\u0107a nauke i vr\u0161i kontinuirana edukacija kadra. M I S I J A Na\u0161a misija je odr\u017eavanje i pobolj\u0161anje zdravlja gra\u0111ana obezbje\u0111enjem efektivnih i efikasnih zdravstvenih usluga visokog kvaliteta, u okviru raspolo\u017eivih resursa&hellip;<\/p>\n","protected":false},"author":1,"featured_media":16294,"parent":0,"menu_order":0,"comment_status":"closed","ping_status":"closed","template":"","meta":{"footnotes":""},"class_list":["post-190","page","type-page","status-publish","has-post-thumbnail","hentry","description-off"],"_links":{"self":[{"href":"https:\/\/www.ukctuzla.ba\/ukctuzla\/index.php?rest_route=\/wp\/v2\/pages\/190","targetHints":{"allow":["GET"]}}],"collection":[{"href":"https:\/\/www.ukctuzla.ba\/ukctuzla\/index.php?rest_route=\/wp\/v2\/pages"}],"about":[{"href":"https:\/\/www.ukctuzla.ba\/ukctuzla\/index.php?rest_route=\/wp\/v2\/types\/page"}],"author":[{"embeddable":true,"href":"https:\/\/www.ukctuzla.ba\/ukctuzla\/index.php?rest_route=\/wp\/v2\/users\/1"}],"replies":[{"embeddable":true,"href":"https:\/\/www.ukctuzla.ba\/ukctuzla\/index.php?rest_route=%2Fwp%2Fv2%2Fcomments&post=190"}],"version-history":[{"count":1,"href":"https:\/\/www.ukctuzla.ba\/ukctuzla\/index.php?rest_route=\/wp\/v2\/pages\/190\/revisions"}],"predecessor-version":[{"id":191,"href":"https:\/\/www.ukctuzla.ba\/ukctuzla\/index.php?rest_route=\/wp\/v2\/pages\/190\/revisions\/191"}],"wp:featuredmedia":[{"embeddable":true,"href":"https:\/\/www.ukctuzla.ba\/ukctuzla\/index.php?rest_route=\/wp\/v2\/media\/16294"}],"wp:attachment":[{"href":"https:\/\/www.ukctuzla.ba\/ukctuzla\/index.php?rest_route=%2Fwp%2Fv2%2Fmedia&parent=190"}],"curies":[{"name":"wp","href":"https:\/\/api.w.org\/{rel}","templated":true}]}}