{"id":217,"date":"2016-02-08T11:10:48","date_gmt":"2016-02-08T11:10:48","guid":{"rendered":"http:\/\/10.0.0.65\/ukctuzla3\/?page_id=217"},"modified":"2022-06-23T12:30:04","modified_gmt":"2022-06-23T11:30:04","slug":"usluge","status":"publish","type":"page","link":"https:\/\/www.ukctuzla.ba\/ukctuzla\/?page_id=217&lang=bs","title":{"rendered":"USLUGE"},"content":{"rendered":"<p><span style=\"font-style: inherit; font-weight: inherit;\"><span style=\"color: #ff0000;\"><strong>INDEX ZDRAVSTVENIH USLUGA<\/strong>\u00a0<\/span><\/span><\/p>\n<p><span style=\"font-style: inherit; font-weight: inherit;\"><span style=\"font-style: inherit; font-weight: inherit;\">\u00a0<\/span><\/span><\/p>\n<p><strong><span style=\"font-style: inherit; font-weight: inherit;\"><span style=\"font-style: inherit; font-weight: inherit;\">KLINIKE<\/span><\/span><\/strong><\/p>\n<p><span style=\"font-style: inherit; font-weight: inherit;\"><strong><span style=\"font-style: inherit; font-weight: inherit;\"><span style=\"font-style: inherit; font-weight: inherit;\">Klinika za interne bolesti<\/span><\/span><\/strong><\/span><\/p>\n<p>&nbsp;<\/p>\n<p><strong>Klinika za urologiju<\/strong><br \/>\n<a href=\"https:\/\/www.ukctuzla.ba\/ukctuzla\/wp-content\/uploads\/2016\/02\/Klinika-za-urologiju-USLUGE-OK.pdf\" target=\"_blank\" rel=\"noopener\">Klinika za urologiju \u00a0\u00a0<\/a><em>(Podaci a\u017eurirani 23.8. 2018. god.)\u00a0<\/em><\/p>\n<p>&nbsp;<\/p>\n<p><span style=\"font-style: inherit; font-weight: inherit;\"><strong><span style=\"font-style: inherit; font-weight: inherit;\"><span style=\"font-style: inherit; font-weight: inherit;\">Klinika za hirurgiju<\/span><\/span><\/strong><\/span><\/p>\n<p><a href=\"https:\/\/www.ukctuzla.ba\/ukctuzla\/wp-content\/uploads\/2016\/02\/Klinike_obrazac-Torakalna-hirurgija.pdf\" target=\"_blank\" rel=\"noopener\">Odjeljenje za hirurgiju plu\u0107a;\u00a0 <\/a>\u00a0 \u00a0<a href=\"https:\/\/www.ukctuzla.ba\/ukctuzla\/wp-content\/uploads\/2016\/02\/Odjeljenje-Hirurgija-jednjaka-i-sredogru\u0111a-pre\u010di\u0161\u0107en.pdf\" target=\"_blank\" rel=\"noopener\">Odjeljenje za hirurgiju jednjaka i sredogru\u0111a<\/a>; \u00a0 \u00a0<a href=\"https:\/\/www.ukctuzla.ba\/ukctuzla\/wp-content\/uploads\/2016\/02\/Odjeljenje-proktologije.pdf\">Odjeljenje proktologije<\/a>; \u00a0 \u00a0<a href=\"https:\/\/www.ukctuzla.ba\/ukctuzla\/wp-content\/uploads\/2016\/02\/Odjeljenje-hepatobilio-pankreati\u010dne-hirurgije.pdf\" target=\"_blank\" rel=\"noopener\">Odjeljenje za hepatobiliopankreati\u010dnu hirurgiju<\/a>; <a href=\"https:\/\/www.ukctuzla.ba\/ukctuzla\/wp-content\/uploads\/2016\/02\/Odjeljenje-kolorektalne-hirurgije.pdf\">Odjeljenje kolorektalne hirurgije<\/a>;\u00a0\u00a0\u00a0<a href=\"https:\/\/www.ukctuzla.ba\/ukctuzla\/wp-content\/uploads\/2016\/02\/Odjeljenje-op\u0161te-abdominalne-hirurgije.pdf\">Odjeljenje op\u0161te abdominalne hirurgije<\/a> \u00a0 <a href=\"https:\/\/www.ukctuzla.ba\/ukctuzla\/wp-content\/uploads\/2016\/02\/Odjeljenje-za-dnevnu-hirurgiju.pdf\">Odjeljenje za dnevnu hirurgiju<\/a>\u00a0 <em>(Podaci a\u017eurirani 13.6. 2018. god.)\u00a0<\/em><\/p>\n<p>&nbsp;<\/p>\n<p><strong>Klinika za kardiovaskularnu hirurgiju<\/strong><\/p>\n<p><a href=\"https:\/\/www.ukctuzla.ba\/ukctuzla\/wp-content\/uploads\/2016\/02\/Index-zdrav.usluga-KVH-2017.pdf\">Klinika za kardiovaskularnu hirurgiju <\/a>\u00a0 <em>(Podaci a\u017eurirani 3.11. 2017. god.)\u00a0<\/em><\/p>\n<p>&nbsp;<\/p>\n<p><strong>Klinika za invazivnu kardiologiju<\/strong><\/p>\n<p><a href=\"https:\/\/www.ukctuzla.ba\/ukctuzla\/wp-content\/uploads\/2016\/02\/Index-zdrav.usluga-KIK-2017.pdf\">Klinika za invazivnu kardiologiju\u00a0<\/a><em> \u00a0\u00a0 (Podaci a\u017eurirani 3.11. 2017. god.)\u00a0<\/em><\/p>\n<p>&nbsp;<\/p>\n<p><span style=\"font-style: inherit; font-weight: inherit;\"><strong><span style=\"font-style: inherit; font-weight: inherit;\"><span style=\"font-style: inherit; font-weight: inherit;\">Klinika za ortopediju i traumatologiju\u00a0<\/span><\/span><\/strong><\/span><\/p>\n<p><a href=\"https:\/\/www.ukctuzla.ba\/ukctuzla\/wp-content\/uploads\/2016\/02\/Usluge-OTK-11.2017g.pdf\">Klinika za ortopediju i traumatologiju\u00a0<\/a><em> (Podaci a\u017eurirani 28.11. 2017. god.)\u00a0<\/em><\/p>\n<p>&nbsp;<\/p>\n<p><span style=\"font-style: inherit; font-weight: inherit;\"><strong><span style=\"font-style: inherit; font-weight: inherit;\"><span style=\"font-style: inherit; font-weight: inherit;\">Klinika za neurohirurgiju<\/span><\/span><\/strong><\/span><\/p>\n<p><a href=\"https:\/\/www.ukctuzla.ba\/ukctuzla\/wp-content\/uploads\/2016\/02\/Usluge-u-prijemnoj-ambulanti-Klinike-za-neurohirurgiju.pdf\">Prijemna ambulanta Klinike za neurohirurgiju<\/a>\u00a0\u00a0 <a href=\"https:\/\/www.ukctuzla.ba\/ukctuzla\/wp-content\/uploads\/2016\/02\/Usluge-na-odjeljenju-kranialne-neurohirurgije.pdf\">Odjeljenje za kranialnu neurohirurgiju<\/a> \u00a0<a href=\"https:\/\/www.ukctuzla.ba\/ukctuzla\/wp-content\/uploads\/2016\/02\/Usluge-na-odjeljenju-endovaskularne-neurohirurgije.pdf\">Odjeljenje endovaskularne neurohirurgije<\/a>\u00a0 \u00a0<a href=\"https:\/\/www.ukctuzla.ba\/ukctuzla\/wp-content\/uploads\/2016\/02\/Usluge-na-odjeljenju-djecije-neurohirurgije.pdf\">Odjeljenje dje\u010dije neurohirurgije<\/a>\u00a0<a href=\"https:\/\/www.ukctuzla.ba\/ukctuzla\/wp-content\/uploads\/2016\/02\/Usluge-na-spinalnoj-NHO-tabela.pdf\" target=\"_blank\" rel=\"noopener\">Odjeljenje za spinalnu neurohirurgiju<\/a> <em>(Podaci a\u017eurirani 19.3. 2018. god.)\u00a0<\/em><\/p>\n<p><span style=\"font-style: inherit; font-weight: inherit;\"><strong><span style=\"font-style: inherit; font-weight: inherit;\"><span style=\"font-style: inherit; font-weight: inherit;\">Klinika za bolesti uha, grla i nosa<\/span><\/span><\/strong><\/span><\/p>\n<p><span style=\"font-style: inherit; font-weight: inherit;\"><a href=\"https:\/\/www.ukctuzla.ba\/ukctuzla\/wp-content\/uploads\/2016\/02\/INDEX-USLUGA-ORL.pdf\">Klinika za bolesti uha, grla i nosa<\/a><a href=\"https:\/\/www.ukctuzla.ba\/ukctuzla\/wp-content\/uploads\/2016\/02\/USLUGE-GAK.pdf\">\u00a0 <\/a><em>(Podaci a\u017eurirani 2.11. 2017. god.)\u00a0\u00a0<\/em><\/span><\/p>\n<p>&nbsp;<\/p>\n<p><span style=\"font-style: inherit; font-weight: inherit;\"><strong><span style=\"font-style: inherit; font-weight: inherit;\"><span style=\"font-style: inherit; font-weight: inherit;\">Klinika za plasti\u010dnu i maksilofacijalnu hirurgiju<\/span><\/span><\/strong><\/span><\/p>\n<p><span style=\"font-style: inherit; font-weight: inherit;\"><span style=\"font-style: inherit; font-weight: inherit;\"><a href=\"https:\/\/www.ukctuzla.ba\/ukctuzla\/wp-content\/uploads\/2016\/02\/USLUGEKlinika-za-plasticnu-i-MF.pdf\" target=\"_blank\" rel=\"noopener\">Klinika za plasti\u010dnu i maksilofacijalnu hirurgiju\u00a0<\/a>\u00a0\u00a0<em>(Podaci a\u017eurirani 23.2. 2018. god.)\u00a0\u00a0<\/em><\/span><\/span><\/p>\n<p>&nbsp;<\/p>\n<p><span style=\"font-style: inherit; font-weight: inherit;\"><strong><span style=\"font-style: inherit; font-weight: inherit;\"><span style=\"font-style: inherit; font-weight: inherit;\">Klinika za o\u010dne bolesti<\/span><\/span><\/strong><\/span><\/p>\n<p><a href=\"https:\/\/www.ukctuzla.ba\/ukctuzla\/wp-content\/uploads\/2016\/02\/Index-usluga-klinika-za-ocne-bolesti.pdf\" target=\"_blank\" rel=\"noopener\">Klinika za o\u010dne bolesti\u00a0<\/a>\u00a0<em>(Podaci a\u017eurirani 16.2. 2018. god.)\u00a0<\/em><\/p>\n<p><span style=\"font-style: inherit; font-weight: inherit;\"><span style=\"font-style: inherit; font-weight: inherit;\">\u00a0<\/span><\/span><\/p>\n<p><span style=\"font-style: inherit; font-weight: inherit;\"><span style=\"font-style: inherit; font-weight: inherit;\"><strong>Klinika za ginekologiju i aku\u0161erstvo<\/strong><br \/>\n<\/span><\/span><\/p>\n<p><a href=\"https:\/\/www.ukctuzla.ba\/ukctuzla\/wp-content\/uploads\/2016\/02\/USLUGE-GAK.pdf\">Klinika za ginekologiju i aku\u0161erstvo\u00a0\u00a0<\/a><em><span style=\"font-weight: inherit;\"><span style=\"font-weight: inherit;\">(Podaci a\u017eurirani 2.11. 2017. god.)\u00a0<\/span><\/span><\/em><\/p>\n<p>&nbsp;<\/p>\n<p><span style=\"font-style: inherit; font-weight: inherit;\"><span style=\"font-style: inherit; font-weight: inherit;\"><strong>Klinika za anesteziologiju i reanimatologiju<\/strong><br \/>\n<\/span><\/span><\/p>\n<p><a href=\"https:\/\/www.ukctuzla.ba\/ukctuzla\/wp-content\/uploads\/2016\/02\/ANESTEZIOLOSKA-POLIKLINIKA.pdf\">ANESTEZIOLOSKA POLIKLINIKA<\/a><a href=\"https:\/\/www.ukctuzla.ba\/ukctuzla\/wp-content\/uploads\/2016\/02\/Klinika-za-anesteziologiju-i-reanimatologiju.pdf\" target=\"_blank\" rel=\"noopener\">; <\/a><a href=\"https:\/\/www.ukctuzla.ba\/ukctuzla\/wp-content\/uploads\/2016\/02\/ODJELJENJE-ZA-ANESTEZIJU.pdf\">ODJELJENJE ZA ANESTEZIJU; <\/a><a href=\"https:\/\/www.ukctuzla.ba\/ukctuzla\/wp-content\/uploads\/2016\/02\/ODJELJENJE-ZA-INTENZIVNU-TERAPIJU-HIRURSKI-BLOK-1.pdf\">ODJELJENJE ZA INTENZIVNU TERAPIJU &#8211; HIRURSKI BLOK <\/a>; <a href=\"https:\/\/www.ukctuzla.ba\/ukctuzla\/wp-content\/uploads\/2016\/02\/ODJELJENJE-ZA-INTENZIVNU-TERAPIJU-PLAVA-ZGRADA-2.pdf\">ODJELJENJE ZA INTENZIVNU TERAPIJU-PLAVA ZGRADA<\/a>\u00a0<em>(Podaci a\u017eurirani 22.11. 2017. god.)\u00a0<\/em><\/p>\n<p>&nbsp;<\/p>\n<p><span style=\"font-style: inherit; font-weight: inherit;\"><strong><span style=\"font-style: inherit; font-weight: inherit;\"><span style=\"font-style: inherit; font-weight: inherit;\">Klinika za dje\u010dije bolesti<\/span><\/span><\/strong><\/span><\/p>\n<p><a href=\"https:\/\/www.ukctuzla.ba\/ukctuzla\/wp-content\/uploads\/2016\/02\/Odjeljenje-za-intenzivnu-terapiju-i-njegu-1.pdf\">Odjeljenje za intenzivnu terapiju i njegu<\/a>; <a href=\"https:\/\/www.ukctuzla.ba\/ukctuzla\/wp-content\/uploads\/2016\/02\/Odjeljenje-za-neonatologiju-1.pdf\">Odjeljenje za neonatologiju<\/a>; <a href=\"https:\/\/www.ukctuzla.ba\/ukctuzla\/wp-content\/uploads\/2016\/02\/Odjeljenje-za-neurologiju-1.pdf\">Odjeljenje za neurologiju<\/a>; <a href=\"https:\/\/www.ukctuzla.ba\/ukctuzla\/wp-content\/uploads\/2016\/02\/Odjeljenje-za-gastroenterologiju-1.pdf\">Odjeljenje za gastroenterologiju<\/a><a style=\"font-style: inherit; font-weight: inherit;\" href=\"https:\/\/www.ukctuzla.ba\/ukctuzla\/images\/stories\/ukc\/Za_pacijente\/D-gastro.pdf\">;<\/a><a href=\"https:\/\/www.ukctuzla.ba\/ukctuzla\/wp-content\/uploads\/2016\/02\/Odjeljenje-za-reumatologiju-alergologiju-i-imunologiju-1.pdf\">Odjeljenje za reumatologiju alergologiju i imunologiju<\/a>;<span style=\"color: #0000ff;\"><span style=\"color: #000000;\">\u00a0<\/span> <a href=\"https:\/\/www.ukctuzla.ba\/ukctuzla\/wp-content\/uploads\/2016\/02\/pulmologiju.pdf\" target=\"_blank\" rel=\"noopener\">Odjeljenje za pulmologiju<\/a><\/span>\u00a0i\u00a0<a href=\"https:\/\/www.ukctuzla.ba\/ukctuzla\/wp-content\/uploads\/2016\/02\/kardiologiju.pdf\" target=\"_blank\" rel=\"noopener\">kardiologiju<\/a>; <a href=\"https:\/\/www.ukctuzla.ba\/ukctuzla\/wp-content\/uploads\/2016\/02\/Odjeljenje-za-nefrologiju-1.pdf\">Odjeljenje za nefrologiju<\/a>;<a href=\"https:\/\/www.ukctuzla.ba\/ukctuzla\/wp-content\/uploads\/2016\/02\/Odjeljenje-za-endokrinologiju-bolesti-metabolizma-i-genetiku.pdf\" target=\"_blank\" rel=\"noopener\">Odjeljenje za endokrinologiju, bolesti metabolizma i genetiku<\/a>;\u00a0<a href=\"https:\/\/www.ukctuzla.ba\/ukctuzla\/wp-content\/uploads\/2016\/02\/Odjeljenje-za-djeciju-hirurgiju.pdf\">Odjeljenje za djeciju hirurgiju<\/a>;<a href=\"https:\/\/www.ukctuzla.ba\/ukctuzla\/wp-content\/uploads\/2016\/02\/Odjeljenje-za-hematologiju-i-onkologiju-1.pdf\">Odjeljenje za hematologiju i onkologiju<\/a>; <a href=\"https:\/\/www.ukctuzla.ba\/ukctuzla\/wp-content\/uploads\/2016\/02\/Pedijatrijska-poliklinika-1.pdf\">Pedijatrijska poliklinika\u00a0 <\/a><em>(Podaci a\u017eurirani 30.11. 2017. god.)\u00a0<\/em><\/p>\n<p><span style=\"font-style: inherit; font-weight: inherit;\"><span style=\"font-style: inherit; font-weight: inherit;\">\u00a0<\/span><\/span><\/p>\n<p><span style=\"font-style: inherit; font-weight: inherit;\"><span style=\"font-style: inherit; font-weight: inherit;\"><strong>Klinika za zarazne bolesti<\/strong><br \/>\n<\/span><\/span><\/p>\n<p><a href=\"https:\/\/www.ukctuzla.ba\/ukctuzla\/wp-content\/uploads\/2016\/02\/Klinika-za-zarazne-bolesti-USLUGE.pdf\">Klinika za zarazne bolesti <\/a> <em>(Podaci a\u017eurirani 13.11. 2017. god.)\u00a0\u00a0<\/em><\/p>\n<p>&nbsp;<\/p>\n<p><span style=\"font-style: inherit; font-weight: inherit;\"><span style=\"font-style: inherit; font-weight: inherit;\"><strong>Klinika za neurologiju<\/strong><br \/>\n<\/span><\/span><\/p>\n<p><em><a href=\"https:\/\/www.ukctuzla.ba\/ukctuzla\/wp-content\/uploads\/2016\/02\/Klinika-za-neurologiju-usluge.pdf\">Klinika za neurologiju<\/a> (Podaci a\u017eurirani 23.06. 2022. god.)<\/em><\/p>\n<p>&nbsp;<\/p>\n<p><span style=\"font-style: inherit; font-weight: inherit;\"><span style=\"font-style: inherit; font-weight: inherit;\"><strong>Klinika za psihijatriju<\/strong><br \/>\n<\/span><\/span><\/p>\n<p><a href=\"https:\/\/www.ukctuzla.ba\/ukctuzla\/wp-content\/uploads\/2016\/02\/Klinika-za-psihijatriju.pdf\" target=\"_blank\" rel=\"noopener\">Klinika za psihijatriju\u00a0<\/a><em>(Podaci a\u017eurirani 12.3. 2018. god.)<\/em><\/p>\n<p>&nbsp;<\/p>\n<p><span style=\"font-style: inherit; font-weight: inherit;\"><span style=\"font-style: inherit; font-weight: inherit;\"><strong>Klinika za plu\u0107ne bolesti<\/strong><br \/>\n<\/span><\/span><\/p>\n<p><span style=\"font-style: inherit; font-weight: inherit;\"><span style=\"font-style: inherit; font-weight: inherit;\"><a href=\"https:\/\/www.ukctuzla.ba\/ukctuzla\/wp-content\/uploads\/2016\/02\/Indexklinika-za-plucnebolesti.pdf\" target=\"_blank\" rel=\"noopener\">Klinika za plu\u0107ne bolesti <\/a>\u00a0 <em>(Podaci a\u017eurirani 5.9. 2017. god.)<\/em><\/span><\/span><\/p>\n<p>&nbsp;<\/p>\n<p><span style=\"font-style: inherit; font-weight: inherit;\"><span style=\"font-style: inherit; font-weight: inherit;\"><strong>Klinika za ko\u017ene bolesti<\/strong><br \/>\n<\/span><\/span><\/p>\n<p><a href=\"https:\/\/www.ukctuzla.ba\/ukctuzla\/wp-content\/uploads\/2016\/02\/KO1.pdf\" target=\"_blank\" rel=\"noopener\">Klinika za ko\u017ene bolesti<\/a><span style=\"font-style: inherit; font-weight: inherit;\"><span style=\"font-style: inherit; font-weight: inherit;\">\u00a0 <em>(Podaci a\u017eurirani 19.2. 2018. god.)\u00a0<\/em><br \/>\n<\/span><\/span><\/p>\n<p>&nbsp;<\/p>\n<p><span style=\"font-style: inherit; font-weight: inherit;\"><span style=\"font-style: inherit; font-weight: inherit;\"><strong>Klinika za fizikalnu medicinu i rehabilitaciju<\/strong><br \/>\n<\/span><\/span><\/p>\n<p><a href=\"https:\/\/www.ukctuzla.ba\/ukctuzla\/wp-content\/uploads\/2016\/02\/Korekcija-specifikacija-usluga-Fizikalno2018.pdf\" target=\"_blank\" rel=\"noopener\">Klinika za fizikalnu medicinu i rehabilitaciju\u00a0<\/a>\u00a0<em>(Podaci a\u017eurirani 21.2. 2018. god.)\u00a0<\/em><\/p>\n<p>&nbsp;<\/p>\n<p><strong><span style=\"font-style: inherit; font-weight: inherit;\"><span style=\"font-style: inherit; font-weight: inherit;\">Klinika za onkologiju i radioterapiju<br \/>\n<\/span><\/span><\/strong><\/p>\n<p><span style=\"font-style: inherit; font-weight: inherit;\"><span style=\"font-style: inherit; font-weight: inherit;\"><a href=\"https:\/\/www.ukctuzla.ba\/ukctuzla\/wp-content\/uploads\/2016\/02\/Odjeljenje-za-radioterapiju.pdf\" target=\"_blank\" rel=\"noopener\">Odjeljenje za radioterapiju<\/a>;\u00a0<a href=\"https:\/\/www.ukctuzla.ba\/ukctuzla\/wp-content\/uploads\/2016\/02\/Odjeljenje-za-onkologiju.pdf\" target=\"_blank\" rel=\"noopener\">Odjeljenje za onkologiju\u00a0<\/a>\u00a0<em>(Podaci a\u017eurirani 9.7. 2018. god.)\u00a0<\/em><\/span><\/span><\/p>\n<p>&nbsp;<\/p>\n<p><strong>Klinika za radiologiju i nuklearnu medicinu<\/strong><\/p>\n<p><a href=\"https:\/\/www.ukctuzla.ba\/ukctuzla\/wp-content\/uploads\/2016\/02\/Klinika-za-radiologiju-usluge.pdf\" target=\"_blank\" rel=\"noopener\">Klinika za radiologiju i nuklearnu medicinu<\/a>\u00a0<em>(Podaci a\u017eurirani 15.2.2018.god.)<\/em><\/p>\n<p>&nbsp;<\/p>\n<p><strong>Klinika za hematologiju i transplantaciju mati\u010dnih \u0107elija hematopoeze\u00a0<\/strong><\/p>\n<p><span style=\"font-style: inherit; font-weight: inherit;\"><span style=\"font-style: inherit; font-weight: inherit;\"><a href=\"https:\/\/www.ukctuzla.ba\/ukctuzla\/wp-content\/uploads\/2016\/02\/Odjeljenje-za-hematologiju.pdf\" target=\"_blank\" rel=\"noopener\">Odjeljenje za hematologiju<\/a>\u00a0<\/span><\/span><\/p>\n<p>&nbsp;<\/p>\n<p><strong><span style=\"font-style: inherit; font-weight: inherit;\"><span style=\"font-style: inherit; font-weight: inherit;\">POLIKLINIKE<\/span><\/span><\/strong><\/p>\n<p><strong><span style=\"font-style: inherit; font-weight: inherit;\"><span style=\"font-style: inherit; font-weight: inherit;\">Poliklinika za laboratorijsku dijagnostiku<\/span><\/span><\/strong><\/p>\n<p><span style=\"font-style: inherit; font-weight: inherit;\"><span style=\"font-style: inherit; font-weight: inherit;\"><a href=\"https:\/\/www.ukctuzla.ba\/ukctuzla\/wp-content\/uploads\/2017\/10\/Index-usluga-Zavod-za-patologiju.pdf\">\u00a0Zavod za patologiju<\/a>\u00a0\u00a0\u00a0<a href=\"https:\/\/www.ukctuzla.ba\/ukctuzla\/wp-content\/uploads\/2017\/10\/Index-usluga-Zavod-za-mikrobiologiju.pdf\"> Zavod za mikrobiologiju<\/a>; <a href=\"https:\/\/www.ukctuzla.ba\/ukctuzla\/wp-content\/uploads\/2017\/10\/Index-usluga-Zavod-za-biohemiju6.11.2017.pdf\">Zavod za biohemiju<\/a><em> (Podaci a\u017eurirani 6.11.2017.god.)<\/em><\/span><\/span><\/p>\n<p><strong><span style=\"font-style: inherit; font-weight: inherit;\"><span style=\"font-style: inherit; font-weight: inherit;\">Poliklinika za transfuziologiju<\/span><\/span><\/strong><\/p>\n<p><span style=\"font-style: inherit; font-weight: inherit;\"><span style=\"font-style: inherit; font-weight: inherit;\"><a href=\"https:\/\/www.ukctuzla.ba\/ukctuzla\/wp-content\/uploads\/2016\/02\/Odjeljenje-za-kolekciju-krvi-i-komponenata-krvi-1.pdf\">Odjeljenje za kolekciju krvi i komponenata krvi<\/a>; <a href=\"https:\/\/www.ukctuzla.ba\/ukctuzla\/wp-content\/uploads\/2016\/02\/Odjeljenje-za-pretransfuziona-ispitivanja-terapiju-i-distribuciju-lijekova-od-krvi..pdf\">Odjeljenje za pretransfuziona ispitivanja, terapiju i distribuciju lijekova od krvi.<\/a>;<a href=\"https:\/\/www.ukctuzla.ba\/ukctuzla\/wp-content\/uploads\/2016\/02\/Odjeljenje-za-imunohematologiju-hemostazu-i-trombozu.pdf\">Odjeljenje za imunohematologiju, hemostazu i trombozu<\/a>; <a href=\"https:\/\/www.ukctuzla.ba\/ukctuzla\/wp-content\/uploads\/2016\/02\/Odjeljenje-za-detekciju-zaraznih-bolesti-prenosivih-krvlj1.pdf\">Odjeljenje za detekciju zaraznih bolesti prenosivih krvlj1<\/a>; <a href=\"https:\/\/www.ukctuzla.ba\/ukctuzla\/wp-content\/uploads\/2016\/02\/Odjeljenje-za-pripremu-krvnih-komponenata.pdf\" target=\"_blank\" rel=\"noopener\">Odjeljenje za proizvodnju komponenata krvi\u00a0\u00a0<\/a><em>(Podaci a\u017eurirani 16.2.2018.god.)<\/em><\/span><\/span><\/p>\n<p><strong>Centar za palijativnu njegu<\/strong><\/p>\n<p><a href=\"https:\/\/www.ukctuzla.ba\/ukctuzla\/wp-content\/uploads\/2016\/02\/Usluge-CPNJ2018.pdf\">Centar za palijativnu njegu<\/a><a href=\"https:\/\/www.ukctuzla.ba\/ukctuzla\/wp-content\/uploads\/2016\/02\/Usluge-CPNJ-azurirano-II-2018.pdf\">\u00a0 <\/a><em>(Podaci a\u017eurirani 12.3.2018.god.)<\/em><\/p>\n","protected":false},"excerpt":{"rendered":"<p>INDEX ZDRAVSTVENIH USLUGA\u00a0 \u00a0 KLINIKE Klinika za interne bolesti &nbsp; Klinika za urologiju Klinika za urologiju \u00a0\u00a0(Podaci a\u017eurirani 23.8. 2018. god.)\u00a0 &nbsp; Klinika za hirurgiju Odjeljenje za hirurgiju plu\u0107a;\u00a0 \u00a0 \u00a0Odjeljenje za hirurgiju jednjaka i sredogru\u0111a; \u00a0 \u00a0Odjeljenje proktologije; \u00a0 \u00a0Odjeljenje za hepatobiliopankreati\u010dnu hirurgiju; Odjeljenje kolorektalne hirurgije;\u00a0\u00a0\u00a0Odjeljenje op\u0161te abdominalne hirurgije \u00a0 Odjeljenje za dnevnu hirurgiju\u00a0&hellip;<\/p>\n","protected":false},"author":1,"featured_media":16294,"parent":0,"menu_order":0,"comment_status":"closed","ping_status":"closed","template":"","meta":{"footnotes":""},"class_list":["post-217","page","type-page","status-publish","has-post-thumbnail","hentry","description-off"],"_links":{"self":[{"href":"https:\/\/www.ukctuzla.ba\/ukctuzla\/index.php?rest_route=\/wp\/v2\/pages\/217","targetHints":{"allow":["GET"]}}],"collection":[{"href":"https:\/\/www.ukctuzla.ba\/ukctuzla\/index.php?rest_route=\/wp\/v2\/pages"}],"about":[{"href":"https:\/\/www.ukctuzla.ba\/ukctuzla\/index.php?rest_route=\/wp\/v2\/types\/page"}],"author":[{"embeddable":true,"href":"https:\/\/www.ukctuzla.ba\/ukctuzla\/index.php?rest_route=\/wp\/v2\/users\/1"}],"replies":[{"embeddable":true,"href":"https:\/\/www.ukctuzla.ba\/ukctuzla\/index.php?rest_route=%2Fwp%2Fv2%2Fcomments&post=217"}],"version-history":[{"count":70,"href":"https:\/\/www.ukctuzla.ba\/ukctuzla\/index.php?rest_route=\/wp\/v2\/pages\/217\/revisions"}],"predecessor-version":[{"id":12530,"href":"https:\/\/www.ukctuzla.ba\/ukctuzla\/index.php?rest_route=\/wp\/v2\/pages\/217\/revisions\/12530"}],"wp:featuredmedia":[{"embeddable":true,"href":"https:\/\/www.ukctuzla.ba\/ukctuzla\/index.php?rest_route=\/wp\/v2\/media\/16294"}],"wp:attachment":[{"href":"https:\/\/www.ukctuzla.ba\/ukctuzla\/index.php?rest_route=%2Fwp%2Fv2%2Fmedia&parent=217"}],"curies":[{"name":"wp","href":"https:\/\/api.w.org\/{rel}","templated":true}]}}