{"id":219,"date":"2016-02-08T11:11:20","date_gmt":"2016-02-08T11:11:20","guid":{"rendered":"http:\/\/10.0.0.65\/ukctuzla3\/?page_id=219"},"modified":"2025-09-30T13:01:54","modified_gmt":"2025-09-30T12:01:54","slug":"zakazivanje-pregleda","status":"publish","type":"page","link":"https:\/\/www.ukctuzla.ba\/ukctuzla\/?page_id=219&lang=bs","title":{"rendered":"ZAKAZIVANJE PREGLEDA"},"content":{"rendered":"<div class=\"wpb-content-wrapper\"><p>[vc_row][vc_column][vc_column_text css=&#8221;&#8221;]<strong><span style=\"font-style: inherit; font-weight: inherit;\">PREGLEDI U POLIKLINI\u010cKOJ ZDRAVSTVENOJ ZA\u0160TITI<\/span><\/strong><\/p>\n<p><strong><span style=\"font-style: inherit; font-weight: inherit;\">Zakazivanje pregleda\/procedura<\/span><\/strong><\/p>\n<p><span style=\"font-style: inherit; font-weight: inherit;\">Prijem pacijenata u specijalisti\u010dku\/subspecijalisti\u010dku ambulantu, kabinet ili savjetovali\u0161te (u daljem tekstu: ambulanta), radi pregleda ili provo\u0111enja dijagnosti\u010dke ili terapijske procedure (u daljem tekstu: pregled), vr\u0161i se na osnovu prethodno izvr\u0161enog zakazivanja.<br \/>\n<\/span><\/p>\n<p><span style=\"font-style: inherit; font-weight: inherit;\">Pacijent, koji se upu\u0107uje na pregled, zakazivanje vr\u0161i preko ljekara porodi\u010dne medicine, telefonom ili li\u010dnim dolaskom\/dolaskom \u010dlana porodice.<\/span><\/p>\n<p><span style=\"font-style: inherit; font-weight: inherit;\">Pacijent, kome se po otpustu iz bolnice ili nakon specijalisti\u010dkog pregleda, vr\u0161i zakazivanje kontrolnog pregleda, du\u017ean je javiti se medicinskoj sestri-tehni\u010daru na \u0161alteru za prijem medicinske dokumentacije, ukoliko mu datum i termin ve\u0107 nisu upisani u otpusno pismo\/nalaz.<\/span><\/p>\n<p><span style=\"font-style: inherit; font-weight: inherit;\">Pacijent, koji se zakazuje za pregled, mora imati uputnicu iz primarne zdravstvene za\u0161tite.<br \/>\n<\/span><\/p>\n<p><strong><span style=\"font-style: inherit; font-weight: inherit;\">Zakazivanje pregleda se vr\u0161i na slijede\u0107e brojeve telefona i u slijede\u0107im terminima:<\/span><\/strong><\/p>\n<p><strong><span style=\"font-style: inherit; font-weight: inherit;\">Ortopedsko-traumatolo\u0161ka poliklinika<\/span><\/strong><\/p>\n<p><span style=\"font-style: inherit; font-weight: inherit;\">Svakim radnim danom, na telefon 035\/303-473, u vremenu od 12 do 15 sati.<\/span><\/p>\n<p>&nbsp;<\/p>\n<p><span style=\"font-style: inherit; font-weight: inherit;\"><br \/>\n<strong><span style=\"font-style: inherit; font-weight: inherit;\">Otorinolaringolo\u0161ka poliklinika<\/span><\/strong><\/span><\/p>\n<p><span style=\"font-style: inherit; font-weight: inherit;\">Svakim radnim danom, na telefon 035\/303- 264, u vremenu od 12 do 15 sati.<br \/>\n<\/span><\/p>\n<p>&nbsp;<\/p>\n<p><span style=\"font-style: inherit; font-weight: inherit;\"><strong><span style=\"font-style: inherit; font-weight: inherit;\">O\u010dna poliklinika<\/span><\/strong><\/span><\/p>\n<p><span style=\"font-style: inherit; font-weight: inherit;\">Svakim radnim danom, na telefon 035\/303-213 u vremenu od 12 do 15 sati.<\/span><\/p>\n<p>&nbsp;<\/p>\n<p><strong>Hirur\u0161ke specijalisti\u010dke ambulante<\/strong><br \/>\nSpecijalisti\u010dke ambulante br 5. i 6.<br \/>\nsvakim radnim danom, na telefon 035\/303\u2013229, u vremenu od 08 do 09 sati i od 12 do 14 sati.<\/p>\n<p>&nbsp;<\/p>\n<p><span style=\"font-style: inherit; font-weight: inherit;\"><strong><i><em><span style=\"font-style: inherit;\">Urolo\u0161ka specijalisti\u010dka ambulanta<\/span><\/em><\/i><\/strong><strong><i><em><span style=\"font-style: inherit;\"> &#8211; <\/span><\/em><\/i><\/strong><strong><span style=\"font-style: inherit;\">s<\/span><\/strong>vakim radnim danom, na telefon 035\/303\u2013720, u vremenu od 08 do 09 sati i od 12 do 14 sati.<\/span><\/p>\n<p>&nbsp;<\/p>\n<p><strong><span style=\"font-style: inherit; font-weight: inherit;\">Ginekolo\u0161ko \u2013 aku\u0161erska poliklinika<\/span><\/strong><\/p>\n<p><span style=\"font-style: inherit; font-weight: inherit;\">Svakim radnim danom, na telefon 035\/303-351, u vremenu od 11 do 13 sati.<br \/>\n<\/span><\/p>\n<p><span style=\"font-style: inherit; font-weight: inherit;\"><strong><span style=\"font-style: inherit; font-weight: inherit;\">Anesteziolo\u0161ka ambulanta<\/span><\/strong><\/span><\/p>\n<p>Anesteziolo\u0161ku polikliniku \u010dine tri specijalisti\u010dke anesteziolo\u0161ke ambulante.<br \/>\nRadno vrijeme ambulanti je od ponedjeljka do petka, u periodu od 07:30 do 16:00 sati.<br \/>\nPacijenti za ovaj pregled se ne zakazuju i potrebno je imati uputnicu za anesteziologa.<\/p>\n<p>&nbsp;<\/p>\n<p><strong><span style=\"font-style: inherit; font-weight: inherit;\">Poliklinika za plu\u0107ne bolesti<\/span><\/strong><\/p>\n<p><span style=\"font-style: inherit; font-weight: inherit;\">Svakim radnim danom, na telefone 035\/306-640 i 306-647, u vremenu od 14 do 16 sati.<\/span><strong><span style=\"font-style: inherit; font-weight: inherit;\"><br \/>\n<\/span><\/strong><\/p>\n<p>&nbsp;<\/p>\n<p><strong><span style=\"font-style: inherit; font-weight: inherit;\">Poliklinika Klinike za interne bolesti<\/span><\/strong><\/p>\n<p><span style=\"font-style: inherit; font-weight: inherit;\">Svakim radnim danom, na telefon 035\/303-191, u vremenu od 13 do 15 sati.<\/span><\/p>\n<p>&nbsp;<\/p>\n<p><strong><span style=\"font-style: inherit; font-weight: inherit;\">Pedijatrijska poliklinika<\/span><\/strong><\/p>\n<p><span style=\"font-style: inherit; font-weight: inherit;\">Svakim radnim danom, na telefon 035\/303-707, u vremenu od 12 do 15 sati.<\/span><\/p>\n<p>&nbsp;<\/p>\n<p><strong><span style=\"font-style: inherit; font-weight: inherit;\">Fizijatrijska poliklinika<\/span><\/strong><\/p>\n<p><span style=\"font-style: inherit; font-weight: inherit;\">Svakim radnim danom, na telefon 035\/303-630, u vremenu od 08 do 16 sati.<\/span><\/p>\n<p>&nbsp;<\/p>\n<p><strong>Poliklinika za invazivnu kardiologiju<\/strong><br \/>\nKabinet za elektrofiziologiju i pacemaker \u2013 \u010detvrtkom, na telefon 035\/303-166, u vremenu od 10-14 sati<\/p>\n<p>&nbsp;<\/p>\n<p><strong><span style=\"font-style: inherit; font-weight: inherit;\">Dermatovenerolo\u0161ka poliklinika<\/span><\/strong><\/p>\n<p><i><em><span style=\"font-style: inherit; font-weight: inherit;\">Kabinet za flebologiju i hroni\u010dne rane<\/span><\/em><\/i><span style=\"font-style: inherit; font-weight: inherit;\"> &#8211; svakim radnim danom, na telefon 035\/303-121, u vremenu od 10 do 11 sati.<\/span><\/p>\n<p><i><em><span style=\"font-style: inherit; font-weight: inherit;\">Kabinet za alergologiju <\/span><span style=\"font-style: inherit; font-weight: inherit;\">&#8211;<\/span><\/em><\/i><span style=\"font-style: inherit; font-weight: inherit;\">svakim radnim danom, na telefon 035\/303-121, u vremenu od 14 do 15 sati.<\/span><\/p>\n<p><span style=\"font-style: inherit; font-weight: inherit;\"><i><em><span style=\"font-style: inherit; font-weight: inherit;\">Kabinet za fototerapiju i Kabinet za dermatohirurgiju <\/span><\/em><\/i>&#8211; svakim radnim danom, na telefon 035\/303-105, u vremenu od 14 do 15 sati.<\/span><\/p>\n<p><i><em><span style=\"font-style: inherit; font-weight: inherit;\">Kabinet za medicinsku kozmetologiju <\/span><span style=\"font-style: inherit; font-weight: inherit;\">&#8211;<\/span><\/em><\/i><span style=\"font-style: inherit; font-weight: inherit;\">svakim radnim danom, na telefon 035\/303-120, u vremenu od 14 do 15 sati.<\/span><\/p>\n<p>&nbsp;<\/p>\n<p><strong><span style=\"font-style: inherit; font-weight: inherit;\">Neurohirur\u0161ka poliklinika<\/span><\/strong><\/p>\n<p><span style=\"font-style: inherit; font-weight: inherit;\">Svakim radnim danom, na telefon 035\/303-288, u vremenu od 08 do 16 sati.<br \/>\n<\/span><\/p>\n<p>&nbsp;<\/p>\n<p><strong>Neurolo\u0161ka poliklinika<\/strong><br \/>\n<strong>Specijalisti\u010dka ambulanta<\/strong>-svakim radnim danom na tel: 035 303-345 u vremenu od 14-15:30 sati<br \/>\n<strong>Kabinet za elektroencefalografiju<\/strong>-svakim radnim danom na tel: 035 303-348 u vremenu od 08-15:30 sati<br \/>\n<strong>Kabinet za elektromioneurografiju<\/strong>-svakim radnim danom na tel: 035 303-325 u vremenu od 08-09 sati i od 14-15:30 sati<br \/>\n<strong>Kabinet za evocirane potencijale<\/strong>-svakim radnim danom na tel: 035 303-354 u vremenu od 08-15:30 sati<br \/>\n<strong>Kabinet za doplersonografiju<\/strong>-svakim radnim danom na tel: 035 303-128 u vremenu od 08-15:30 sati<\/p>\n<p>&nbsp;<\/p>\n<p><strong><span style=\"font-style: inherit; font-weight: inherit;\">Poliklinika za plasti\u010dnu i maksilofacijalnu hirurgiju<\/span><\/strong><\/p>\n<p><span style=\"font-style: inherit; font-weight: inherit;\">Svakim radnim danom, na telefon 035\/303-282, u vremenu od 14,30 do 16 sati.<\/span><\/p>\n<p>&nbsp;<\/p>\n<p><strong><span style=\"font-style: inherit; font-weight: inherit;\">Psihijatrijska poliklinika<\/span><\/strong><\/p>\n<p><span style=\"font-style: inherit; font-weight: inherit;\">Svakim radnim danom, na telefon 035\/267-111, u vremenu od 08 do 15,30 sati.<\/span><\/p>\n<p>Zakazivanje ambulantnih pregleda djece i adolescenata vr\u0161i se radnim danima od 09:00 do 13:00 sati na broj telefona 035 267 111 lokal 109. Kontakt osoba je odgovorna medicinska sestra\/tehni\u010dar.<\/p>\n<p>&nbsp;<\/p>\n<p><strong>Poliklinika za zarazne bolesti<\/strong><br \/>\n<strong>Specijalisti\u010dka ambulanta<\/strong><br \/>\nSvakim radnim danom na telefon: 035 303 324 u vremenu od 11 &#8211; 13 sati.<br \/>\nRaspored rada Kabineta u okviru specijalisti\u010dke ambulante je istaknut u prostorijama ambulante.<br \/>\n<strong>Kabinet za hepatitise i krvlju prenosive infekcije (Hepatolo\u0161ka ambulanta)<\/strong><br \/>\nSvakim radnim danom na telefon: 035 303 332 u vremenu od 11 &#8211; 13 sati.<br \/>\n<strong>Kabinet za dobrovoljno, povjerljivo savjetovanje i testiranje na HIV<\/strong><br \/>\nSvakim radnim danom na telefon 035 303 324 u vremenu od 08 &#8211; 13 sati<br \/>\nNapomena: Za pregled i savjetovanje nije potrebna uputnica iz primarne zdravstvene za\u0161tite.<\/p>\n<p>&nbsp;<\/p>\n<p><strong>Klinika za onkologiju i radioterapiju <\/strong><br \/>\n<strong>Onkolo\u0161ki konzilij<\/strong><br \/>\n<strong>Obavje\u0161tavamo vas da je termin za li\u010dno i telefonsko naru\u010divanje za onkolo\u0161ki konzilijum:<\/strong><\/p>\n<p><strong>Svaki radni dan:<\/strong><br \/>\n<strong>Od 13:30 do 15:30 sati <\/strong><br \/>\n<strong>(telefonski poziv na broj 035 303 317)<\/strong><\/p>\n<p>Molimo vas da se pridr\u017eavate navedenih termina. Hvala na razumjevanju!<\/p>\n<p>&nbsp;<\/p>\n<p><strong>Klinika za torakalnu hirurgiju<\/strong><br \/>\n<strong>Specijalisti\u010dka torakohirur\u0161ka ambulanta<\/strong> radi utorkom i \u010detvrtkom u periodu od 09-12 sati, za sve informacije nazvati na telefon 035\/303-242<\/p>\n<p>&nbsp;<\/p>\n<p><strong>Klnika za radiologiju i nuklearnu medicinu<\/strong><br \/>\n<strong>Odjeljenje dijagnosti\u010dke radiologije<\/strong><br \/>\nSvakim radnim danom, na telefon 035\/303-528, u vremenu od 07:30 do 15 sati.<br \/>\n<strong>Centar za dojku<\/strong><br \/>\nSvakim radnim danom, na telefon 035\/303-381, u vremenu od 07:30 do 15 sati.<br \/>\n<strong>Odjeljenje nuklearne medicine<\/strong><br \/>\nSvakim radnim danom, na telefon 035\/303-556, u vremenu od 07:30 do 15 sati.<\/p>\n<p>&nbsp;<\/p>\n<p>&nbsp;<\/p>\n<p><strong><span style=\"font-style: inherit; font-weight: inherit;\">Postupanje po dolasku<\/span><\/strong><\/p>\n<p><span style=\"font-style: inherit; font-weight: inherit;\">Po dolasku u \u010dekaonicu pacijent se treba javiti medicinskoj sestri-tehni\u010daru na prijemu medicinske dokumentacije poliklinike na koju je upu\u0107en, gdje predaje zdravstvenu knji\u017eicu i uputnicu za pregled.<\/span><\/p>\n<p><strong><span style=\"font-style: inherit; font-weight: inherit;\">Otkazivanje zakazanog pregleda<\/span><\/strong><\/p>\n<p><span style=\"font-style: inherit; font-weight: inherit;\">U slu\u010daju nemogu\u0107nosti dolaska na zakazani pregled, pacijent je du\u017ean izvr\u0161iti otkazivanje najkasnije dan prije zakazanog pregleda, na iste brojeve telefona na koje vr\u0161i zakazivanje i u istim terminima.<\/span><\/p>\n<p>&nbsp;<\/p>\n<p>05.05.2022.<br \/>\n<strong>Informacije za domove zdravlja o na\u010dinu zakazivanja i upu\u0107ivanja pacijenta radi obavljanja specijalisti\u010dko-konsultativnih pregleda i dijagnosti\u010dkih procedura na Klinici za interne bolesti<\/strong><br \/>\n<a href=\"https:\/\/www.ukctuzla.ba\/ukctuzla\/wp-content\/uploads\/2016\/02\/Domovi-zdravlja-interno-4-22.pdf\" target=\"_blank\" rel=\"noopener\">Klikni na link za pregled<\/a>[\/vc_column_text][\/vc_column][\/vc_row]<\/p>\n<\/div>","protected":false},"excerpt":{"rendered":"<p>[vc_row][vc_column][vc_column_text css=&#8221;&#8221;]PREGLEDI U POLIKLINI\u010cKOJ ZDRAVSTVENOJ ZA\u0160TITI Zakazivanje pregleda\/procedura Prijem pacijenata u specijalisti\u010dku\/subspecijalisti\u010dku ambulantu, kabinet ili savjetovali\u0161te (u daljem tekstu: ambulanta), radi pregleda ili provo\u0111enja dijagnosti\u010dke ili terapijske procedure (u daljem tekstu: pregled), vr\u0161i se na osnovu prethodno izvr\u0161enog zakazivanja. Pacijent, koji se upu\u0107uje na pregled, zakazivanje vr\u0161i preko ljekara porodi\u010dne medicine, telefonom ili li\u010dnim dolaskom\/dolaskom&hellip;<\/p>\n","protected":false},"author":1,"featured_media":16294,"parent":0,"menu_order":0,"comment_status":"closed","ping_status":"closed","template":"","meta":{"footnotes":""},"class_list":["post-219","page","type-page","status-publish","has-post-thumbnail","hentry","description-off"],"_links":{"self":[{"href":"https:\/\/www.ukctuzla.ba\/ukctuzla\/index.php?rest_route=\/wp\/v2\/pages\/219","targetHints":{"allow":["GET"]}}],"collection":[{"href":"https:\/\/www.ukctuzla.ba\/ukctuzla\/index.php?rest_route=\/wp\/v2\/pages"}],"about":[{"href":"https:\/\/www.ukctuzla.ba\/ukctuzla\/index.php?rest_route=\/wp\/v2\/types\/page"}],"author":[{"embeddable":true,"href":"https:\/\/www.ukctuzla.ba\/ukctuzla\/index.php?rest_route=\/wp\/v2\/users\/1"}],"replies":[{"embeddable":true,"href":"https:\/\/www.ukctuzla.ba\/ukctuzla\/index.php?rest_route=%2Fwp%2Fv2%2Fcomments&post=219"}],"version-history":[{"count":21,"href":"https:\/\/www.ukctuzla.ba\/ukctuzla\/index.php?rest_route=\/wp\/v2\/pages\/219\/revisions"}],"predecessor-version":[{"id":19667,"href":"https:\/\/www.ukctuzla.ba\/ukctuzla\/index.php?rest_route=\/wp\/v2\/pages\/219\/revisions\/19667"}],"wp:featuredmedia":[{"embeddable":true,"href":"https:\/\/www.ukctuzla.ba\/ukctuzla\/index.php?rest_route=\/wp\/v2\/media\/16294"}],"wp:attachment":[{"href":"https:\/\/www.ukctuzla.ba\/ukctuzla\/index.php?rest_route=%2Fwp%2Fv2%2Fmedia&parent=219"}],"curies":[{"name":"wp","href":"https:\/\/api.w.org\/{rel}","templated":true}]}}