{"id":240,"date":"2016-02-10T12:09:45","date_gmt":"2016-02-10T12:09:45","guid":{"rendered":"http:\/\/10.0.0.65\/ukctuzla3\/?page_id=240"},"modified":"2016-04-28T12:57:00","modified_gmt":"2016-04-28T11:57:00","slug":"acknowledgments","status":"publish","type":"page","link":"https:\/\/www.ukctuzla.ba\/ukctuzla\/?page_id=240&lang=en","title":{"rendered":"ACKNOWLEDGMENTS"},"content":{"rendered":"<p>Dokaz uspje\u0161nosti u radu medicinske ustanove UKC Tuzla, su brojna priznanja, plakete, ordeni, dodijeljeni pojedincima, lije\u010dni\u010dkim timovima ili cjelokupnom kolektivu, za nesebi\u010dan doprinos u lije\u010denju, stalnom potvr\u0111ivanju humanosti profesije, te spa\u0161avanju \u017eivota ljudi.<\/p>\n<p><span style=\"font-style: inherit; font-weight: inherit;\"><span style=\"font-style: inherit; font-weight: inherit;\"><strong>PRIZNANJE ZA IZVRSNOST U KATEGORIJI DOBRE PRAKSE<\/strong><\/span><\/span><br \/>\nUniverzitetskom klini\u010dkom centru Tuzla (Sarajevo, 15. i 16. decembra 2014. godine) dodijeljeno je priznanje za izvrsnost u kategoriji dobre prakse. Priznanje je Univerzitetski klini\u010dki centar Tuzla dobio kao zdravstvena ustanova koja je najvi\u0161e doprinijela \u0161irenju projekta i pomo\u0107i drugima pri uspostavi sistema kvaliteta i sigurnosti. Univerzitetski klini\u010dki centar Tuzla se uspostavom, odr\u017eavanjem i unapre\u0111enjem sistema kvaliteta i sigurnosti bavi jedanaest godina i poslijednjih godina uklju\u010den je u pru\u017eanje pomo\u0107i drugim zdravstvenim ustanovama u tom podru\u010dju. Ta pomo\u0107 se ogleda u u\u010de\u0161\u0107u zaposlenika UKC Tuzla u edukaciji koju organizuje Agencija za kvalitet i akreditaciju u zdravstvu u Federacije BiH (AKAZ) i koja je provo\u0111ena u KCU Sarajevo, Sveu\u010dili\u0161noj bolnici i Regionalnom medicinskom centru Mostar, Kantonalnoj bolnici Biha\u0107, Op\u0107oj bolnici i Domu zdravlja Gra\u010danica, Kantonalnoj bolnici i Domu zdravlja Zenica, Domu zdravlja Cazin, Visoko i Breza te Zavodu za bolesti ovisnosti Kantona Sarajevo. Pored toga, zaposlenici iz Sektora za poslove organizacije i pobolj\u0161anja kvaliteta su uzeli u\u010de\u0161\u0107e u procesu facilitacije, tj.davanja savjeta za uspostavu sistema kvaliteta i sigurnosti i pripremi za certifikaciju i akreditaciju, u Kantonalnoj bolnici Zenica i KCU Sarajevo, kao i u pripremi za akreditaciju porodili\u0161ta u projektu &#8220;Bolnica prijatelj beba&#8221; u Regionalnom medicinskom centru Mostar, Sveu\u010dili\u0161noj bolnici Mostar i Kantonalnoj bolnici Biha\u0107.<\/p>\n<p><span style=\"font-style: inherit; font-weight: inherit;\"><span style=\"font-style: inherit; font-weight: inherit;\"><strong>CERTIFIKAT ZA KVALITET PRU\u017dANJA ZDRAVSTVENIH USLUGA<\/strong><\/span><\/span><br \/>\nUspje\u0161no je zavr\u0161en i proces vanjske akreditacije porodili\u0161ta Klinika za ginekologiju i aku\u0161erstvo Univerzitetskog klini\u010dkog centra Tuzla, koja je jo\u0161 2005. godine stekla zvanje Bolnica-prijatelj beba (Baby Friendly Hospital). AKAZ &#8211; Agencija za kvalitet i akreditaciju u zdravstvu Federacije BiH u septembru 2013. godine zapo\u010dela je realizaciju projekta \u201cAkreditacija bolnica \u2013 prijatelja beba\u201d (Baby Friendly Hospital Initiative &#8211; BFHI) koji radi u saradnji sa United Nations Children`s Fund BiH (UNICEF). Pored promocije i potpore dojenja projekat se fokusiro na edukaciju osoblja, pobolj\u0161anje prostornih i organizacionih standarda, razvijanje svijesti o va\u017enosti dojenja kod trudnica i porodilja, kao i na poticanje osnivanja grupa za potporu dojenja nakon izlaska iz bolnice.<\/p>\n<p><span style=\"font-style: inherit; font-weight: inherit;\"><span style=\"font-style: inherit; font-weight: inherit;\"><strong>MEDALJE PO\u017dRTVOVANOSTI<\/strong><\/span><\/span><br \/>\nPredsjednik Islamske Republike Pakistan nj.e. general Pervez Musharraf, sa suprugom nj.e. g\u0111e. Sehbe Musharraf, u aprilu 2007. godine, boravio je u Univerzitetskom klini\u010dkom centru Tuzla. U znak zahvalnosti za u\u010de\u0161\u0107e u humanitarnoj misiji pomo\u0107i narodu Pakistana, predsjednik Musharraf je \u010dlanovima ljekarskih ekipa iz Tuzle i Sarajeva uru\u010dio medalje po\u017ertvovanosti. Medalje su dobili: direktor UKC Tuzla, doc. Dr Nedret Mujkanovi\u0107, medicinski direktor UKC Tuzla, prof.dr. Kasim Muminhod\u017ei\u0107, direktor za edukaciju i medicinsko istra\u017eivanje UKC Tuzla, prof.dr. Osman Sinanovi\u0107, direktor Klinike za anesteziologiju i reanimaciju UKC Tuzla, doc.dr. Mirsada Pra\u0161o, direktor Klinike za zarazne bolesti UKC Tuzla, doc. dr Sead Ahmetagi\u0107, ortopedi: dr. Mirsad Fazli\u0107, dr. Zlatko Habul, hirurzi: dr. Jasminka Mujkanovi\u0107, dr. Ferid Konji\u0107, dr. Nusret Rami\u0107, dr. Osman Muratovi\u0107, dr. Muhamed Begi\u0107, mr. med. sci. Mirha Agi\u0107, dje\u010diji hirurzi: dr. Ne\u0161ad Hoti\u0107, mr.med.sci. Elvira Konji\u0107, pedijatri: dr. Belkisa \u010coli\u0107 i dr. Lejla Osman\u010devi\u0107, mr. med. sci. Mensuda Hasanhod\u017ei\u0107 i dr. Nevzeta Kalesi\u0107, ginekolozi: doc. dr. D\u017eenita Ljuca i dr. Ferida Radon\u010di\u0107, medicinari: vi\u0161a medicinska sestra &#8211; instrumentarka Albina Hrvanovi\u0107 i medicinski tehni\u010dar \u2013 anesteti\u010dar Zijad Malki\u0107, novinar FTV, Salih Brki\u0107 i snimatelj u UKC Tuzla, Eldar \u0160ehi\u0107.<\/p>\n<p><span style=\"font-style: inherit; font-weight: inherit;\"><span style=\"font-style: inherit; font-weight: inherit;\"><strong>TUZLANSKA PLAKETA<\/strong><\/span><\/span><\/p>\n<p><a href=\"https:\/\/www.ukctuzla.ba\/ukctuzla\/wp-content\/uploads\/2016\/02\/download-4.jpg\" rel=\"attachment wp-att-2113\"><img loading=\"lazy\" decoding=\"async\" class=\"alignnone size-full wp-image-2113\" src=\"https:\/\/www.ukctuzla.ba\/ukctuzla\/wp-content\/uploads\/2016\/02\/download-4.jpg\" alt=\"download (4)\" width=\"68\" height=\"91\" \/><\/a><\/p>\n<p>U povodu Dana oslobo\u0111enja Tuzle, 2. oktobra 2005. godine za izuzetan doprinos u razvoju Tuzle, direktoru UKC Tuzla, doc.dr. med.sci. Nedretu Mujkanovi\u0107u, dodijeljeno je najvi\u0161e priznanje OV Tuzla \u2013 Tuzlanska plaketa.<\/p>\n<p><span style=\"font-style: inherit; font-weight: inherit;\"><span style=\"font-style: inherit; font-weight: inherit;\"><strong>TUZLANSKA PLAKETA<\/strong><\/span><\/span><br \/>\nTuzlanska plaketa sa zlatnim grbom je dodijeljena i \u010dlanovima prvog tima ljekara koji su sudjelovali u misiji mira u Pakistanu. Ovo priznanje im je uru\u010deno na Dan dr\u017eavnosti BiH 25. novembra 2005. godine.<\/p>\n<p><span style=\"font-style: inherit; font-weight: inherit;\"><span style=\"font-style: inherit; font-weight: inherit;\">Godinu dana kasnije, \u201eTuzlanska plaketa\u201c je dodijeljena i glavnoj sestri UKC Tuzla, Safiji Kalajli\u0107.<\/span><\/span><\/p>\n<p><span style=\"font-style: inherit; font-weight: inherit;\"><span style=\"font-style: inherit; font-weight: inherit;\"><strong>INTERNACIONALNI HUMANISTI\u010cKI KOLEKTIV 2005. GODINE<\/strong><\/span><\/span><br \/>\nU povodu 30. obljetnice misije mira Internacionalne lige humanista (Philadelphia, 1976. \u2013 Sarajevo 2006.) Predsjedni\u0161tvo Internacionalne lige humanista je JZU Univerzitetsko klini\u010dkom centru Tuzla dodijelilo priznanje Internacionalni humanisti\u010dki kolektiv 2005. godine. Priznanje se dodjeljuje za doprinos u izgradnji mira i interkulturalnog razumijevanja me\u0111u ljudima i narodima.<\/p>\n<p><span style=\"font-style: inherit; font-weight: inherit;\"><span style=\"font-style: inherit; font-weight: inherit;\"><span style=\"font-style: inherit; font-weight: inherit;\"><strong>ORDEN ZAHVALNOSTI<\/strong><\/span><\/span><\/span><\/p>\n<p><a href=\"https:\/\/www.ukctuzla.ba\/ukctuzla\/wp-content\/uploads\/2016\/02\/images.jpg\" rel=\"attachment wp-att-2111\"><img loading=\"lazy\" decoding=\"async\" class=\"alignnone size-full wp-image-2111\" src=\"https:\/\/www.ukctuzla.ba\/ukctuzla\/wp-content\/uploads\/2016\/02\/images.jpg\" alt=\"images\" width=\"65\" height=\"96\" \/><\/a><\/p>\n<p><span style=\"font-style: inherit; font-weight: inherit;\"><span style=\"font-style: inherit; font-weight: inherit;\">Mitropolit Nikolaj dabrobosanski 1. novembra 2004. godine, uru\u010dio je direktoru UKC Tuzla, doc. dr. med. sci. Nedretu Mujkanovi\u0107u, Orden svetog Petra dabrobosanskog. Ovo najve\u0107e priznanje Srpske pravoslavne crkve u BiH, znak je zahvalnosti za lije\u010denje sve\u0161tenika SPC Jeremija i Aleksandra Starovlaha, povrije\u0111enih u akciji SFOR-a na Palama<\/span><\/span><\/p>\n<p><span style=\"font-style: inherit; font-weight: inherit;\"><span style=\"font-style: inherit; font-weight: inherit;\"><strong>TUZLANSKA PLAKETA SA ZLATNIM GRBOM<\/strong><\/span><\/span><br \/>\nGrupi stvaralaca Univerzitetskog klini\u010dkog centra Tuzla 2.oktobra 2001. godine dodijeljena je Tuzlanska plaketa sa zlatnim grbom. Dobitnici plakete su: prof.dr.Teufik Tulumovi\u0107, prof.dr.Senaid Trna\u010devi\u0107, prof.dr.Mirsada Huki\u0107, prof.dr.Ahmet Halilba\u0161i\u0107, prof.dr. Jasenko Karamehi\u0107, Doc.dr.Enisa Me\u0161i\u0107, Doc.dr.Ermina Iljazovi\u0107, Prim.dr.Huzeir Durakovi\u0107, Prim.dr.Mirsada Pra\u0161o, Prim.dr.Vildana Habul, Prim.dr Elmir \u010ci\u010dku\u0161i\u0107 mr.med.sci., Prim.dr.Slavica Mott-Divkovi\u0107, Prim.dr.Hasan Pra\u0161, dr Denijal Tulumovi\u0107 mr.med.sci., dr D\u017eemal \u0160estan mr.med.sci., dr Slobodan pavlovi\u0107, mr.med.sci., mr.ph Mirjana Uzeirbegovi\u0107, dr Emir Hod\u017ei\u0107, dr Midhat Tabakovi\u0107, dr Slobodan Leki\u0107, dr Mirza Ati\u0107, dr Zoran manojlovi\u0107, dr Mustafa Bazar\u0111anovi\u0107, dr Samed Jagodi\u0107, dr Mirsad Babovi\u0107, dr Halid Mahmutovi\u0107, dr Haris Had\u017eagi\u0107, dr Semir Imamovi\u0107, dr Jasminka Mujanovi\u0107 i dr Zinaida Karasalihovi\u0107.<\/p>\n<p><span style=\"font-style: inherit; font-weight: inherit;\"><span style=\"font-style: inherit; font-weight: inherit;\"><strong>POVELJA UNIVERZITETA U TUZLI<\/strong><\/span><\/span><br \/>\nU okviru obilje\u017eavanja 25 godina postojanja i rada Univerziteta u Tuzli, u decembru 2001. godine za veliki doprinos razvoju nau\u010dne misli Povelja Univerziteta u Tuzli dodijeljena je Univerzitetskom klini\u010dkom centru Tuzla. Razvoj medicinske nauke i uvo\u0111enje savremenih metoda, realizacija projekata i unapre\u0111enja rada u UKC Tuzla usko su povezani sa nastavno-nau\u010dnim procesom. UKC Tuzla kao nastavno-nau\u010dna baza ima ogroman zna\u010daj u nastavno-nau\u010dnom procesu i osim svog razvoja i ja\u010danja ima veliki zna\u010daj za razvoj Univerziteta.<\/p>\n<p><strong><span style=\"font-style: inherit; font-weight: inherit;\"><span style=\"font-style: inherit; font-weight: inherit;\">EVROPSKO PRIZNANJE<\/span><\/span><br \/>\n<\/strong>Nagradu za doprinos u oblasti klini\u010dke i eksperimentalne transplantacije za 2001. godinu koju dodjeljuje Evropsko udru\u017eenje za transplantaciju organa ESOT iz Holandije i firma Novartis dobili su dr Midhat tabakovi\u0107 i dr Mustafa Bazar\u0111anovi\u0107, ljekari Univerzitetskog klini\u010dkog centra Tuzla, \u010dlanovi transplant tima.<\/p>\n<p><span style=\"font-style: inherit; font-weight: inherit;\"><span style=\"font-style: inherit; font-weight: inherit;\"><strong>TUZLANSKA PLAKETA sa zlatnim grbom<\/strong><\/span><\/span><\/p>\n<p>U okviru obilje\u017eavanja 2.oktobra, Dana oslobo\u0111enja Tuzle za 1999.godinu Univerzitetskom klini\u010dkom centru Tuzla dodijeljena je Tuzlanska plaketa sa zlatnim grbom za stvarala\u010dki rad i dostignu\u0107a.<\/p>\n<p><span style=\"font-style: inherit; font-weight: inherit;\"><span style=\"font-style: inherit; font-weight: inherit;\"><strong>POVELJA HUMANIZMA<\/strong><\/span><\/span><\/p>\n<p>Savjet internacionalne lige humanista, na sjednici odr\u017eanoj 10.avgusta 1994.godine, za izvanredne zasluge i veliki doprinos razvoju na\u010dela humanizma i principa humanosti u sveukupnom radu i djelovanju, donio je odluku o dodjeli POVELJE HUMANIZMA Klini\u010dkom centru Tuzla<\/p>\n<p><span style=\"font-style: inherit; font-weight: inherit;\"><span style=\"font-style: inherit; font-weight: inherit;\"><strong>ZLATNA POVELJA MIRA PSIHIJATRIJSKOJ KLINICI<\/strong><\/span><\/span><br \/>\nNa prijedlog Stalnog komiteta Internacionalne lige humanista, Svjetski kongre, s jedinstva humanista, krajem maja ove godine dodijelilo je Zlatnu povelju mira Psihijatrijskoj klinici Univerzitetskog klini\u010dkog centra Tuzla. U obrazlo\u017eenju za dodjelu ovog visokog priznanja se kratko ka\u017ee: \u201e Za izvanredan doprinos uspostavi mira, povjerenja i saradnje i za o\u010duvanje multietni\u010dke Bosne i Hercegovine.\u201c Povelju je potpisao prof.dr.Ivan Supek.<\/p>\n<p><span style=\"font-style: inherit; font-weight: inherit;\"><span style=\"font-style: inherit; font-weight: inherit;\"><strong>TUZLANSKA PLAKETA SA ZLATNIM GRBOM<\/strong><\/span><\/span><br \/>\nTuzlnsku plaketu sa zlatnim grbom zaslu\u017eeno su dobili Prof.dr Husein Su\u0161i\u0107,\u010dovjek koji je dao nesebi\u010dan doprinos u edukaciji mladih kadrova i medicinske nauke.Aktivni je i redovni profesor Medicinskog fakulteta Univerziteta u Tuzli, internista nefrolog, redovni \u010dlan Akademije nauka dr\u017eave New York, SAD. Prof.dr Mirsada Huki\u0107, \u010dlanica Evropske akademije nauka i autor niza stru\u010dnih i nau\u010dnih radova objavljenim u referentnim \u010dasopisima u zemlji i inostranstvu, autor knjige Virusne hemoragijske groznice. Izuzetan je i njen doprinos u razvoju mikrobiologije u UKC Tuzla kao i u nastavno-nau\u010dnom procesu. Prof.dr Husref Tahirovi\u0107, dopisni \u010dlan Akademije nauka i umjetsnosti BiH, stru\u010dnjak u oblasti pedijatrije koji je ulo\u017eio ogromne napore na razvoju ove oblasti, danas Dekan Medicinskog fakulteta u Tuzli. Nemjerljiv je njegov doprinos u uvo\u0111enju metoda za rano otkrivanje metaboli\u010dkih poreme\u0107aja i formiranje Laboratorija za otkrivanje metaboli\u010dkih poreme\u0107aja.<\/p>\n<p><span style=\"font-style: inherit; font-weight: inherit;\"><span style=\"font-style: inherit; font-weight: inherit;\"><strong>PROF. DR. RICHARD AZIZKHAN PO\u010cASNI GRA\u0110ANIN TUZLE<\/strong><\/span><\/span><br \/>\nNa prigodnoj sve\u010danosti u Tuzli uglednom ameri\u010dkom dje\u010dijem hirurgu, prof. dr. Richardu Azizkhanu, direktoru bolnice u Cincinnati-u zvani\u010dno je uru\u010deno najvi\u0161e priznanje Tuzle &#8211; Povelja po\u010dasnog gra\u0111anina grada.<br \/>\nDirektor UKC, dr. Nedret Mujkanovi\u0107, istakao je da se rije\u010dima te\u0161ko mo\u017ee iskazati \u0161ta je sve za na\u0161 grad u\u010dinio prof. dr. Richard Azizkhan, a \u0161to je rezultat desetogodi\u0161nje saradnje izme\u0111u ameri\u010dke bolnice i UKC, odnosno, Op\u0107ine Tuzla. Gradona\u010delnik Tuzle, Jasmin Imamovi\u0107 je rekao da je Tuzlanska povelja najvi\u0161e priznanje koje grad dodjeljuje stranim dr\u017eavljanima za dugogodi\u0161nju saradnju i doprinos razvoju i afirmaciji grada u me\u0111unanrodnim okvirima.<br \/>\n-Ova povelja je \u010din zahvalnosti gra\u0111ana Tuzle onima koji su Tuzlu svojim \u017eivotom, radom i djelom naro\u010dito zadu\u017eili. Veliko mi je zadovoljstvo i \u010dast uru\u010diti priznanje po\u010dasni gra\u0111anin Tuzle, a Tuzla je sada bogatija za jedno od najve\u0107ih svjetskih imena dje\u010dije hirurgije \u2013 rekao je na\u010delnik Jasmin Imamovi\u0107. &#8211; Dragi prijatelji i kolege, drago mi je da vas vidim ponovo. Ovo je velika \u010dast za mene. Tuzla je moj drugi dom. Ja sam ponosan na Tuzlu i vidim sjajnu budu\u0107nost ovog grada \u2013 rekao je prof, dr Richard Azizkhan, zahvaljuju\u0107i se na uru\u010denom priznanju.<\/p>\n","protected":false},"excerpt":{"rendered":"<p>Dokaz uspje\u0161nosti u radu medicinske ustanove UKC Tuzla, su brojna priznanja, plakete, ordeni, dodijeljeni pojedincima, lije\u010dni\u010dkim timovima ili cjelokupnom kolektivu, za nesebi\u010dan doprinos u lije\u010denju, stalnom potvr\u0111ivanju humanosti profesije, te spa\u0161avanju \u017eivota ljudi. PRIZNANJE ZA IZVRSNOST U KATEGORIJI DOBRE PRAKSE Univerzitetskom klini\u010dkom centru Tuzla (Sarajevo, 15. i 16. decembra 2014. godine) dodijeljeno je priznanje za&hellip;<\/p>\n","protected":false},"author":1,"featured_media":16294,"parent":0,"menu_order":0,"comment_status":"closed","ping_status":"closed","template":"","meta":{"footnotes":""},"class_list":["post-240","page","type-page","status-publish","has-post-thumbnail","hentry","description-off"],"_links":{"self":[{"href":"https:\/\/www.ukctuzla.ba\/ukctuzla\/index.php?rest_route=\/wp\/v2\/pages\/240","targetHints":{"allow":["GET"]}}],"collection":[{"href":"https:\/\/www.ukctuzla.ba\/ukctuzla\/index.php?rest_route=\/wp\/v2\/pages"}],"about":[{"href":"https:\/\/www.ukctuzla.ba\/ukctuzla\/index.php?rest_route=\/wp\/v2\/types\/page"}],"author":[{"embeddable":true,"href":"https:\/\/www.ukctuzla.ba\/ukctuzla\/index.php?rest_route=\/wp\/v2\/users\/1"}],"replies":[{"embeddable":true,"href":"https:\/\/www.ukctuzla.ba\/ukctuzla\/index.php?rest_route=%2Fwp%2Fv2%2Fcomments&post=240"}],"version-history":[{"count":3,"href":"https:\/\/www.ukctuzla.ba\/ukctuzla\/index.php?rest_route=\/wp\/v2\/pages\/240\/revisions"}],"predecessor-version":[{"id":2147,"href":"https:\/\/www.ukctuzla.ba\/ukctuzla\/index.php?rest_route=\/wp\/v2\/pages\/240\/revisions\/2147"}],"wp:featuredmedia":[{"embeddable":true,"href":"https:\/\/www.ukctuzla.ba\/ukctuzla\/index.php?rest_route=\/wp\/v2\/media\/16294"}],"wp:attachment":[{"href":"https:\/\/www.ukctuzla.ba\/ukctuzla\/index.php?rest_route=%2Fwp%2Fv2%2Fmedia&parent=240"}],"curies":[{"name":"wp","href":"https:\/\/api.w.org\/{rel}","templated":true}]}}