{"id":311,"date":"2016-02-11T12:42:42","date_gmt":"2016-02-11T12:42:42","guid":{"rendered":"http:\/\/10.0.0.65\/ukctuzla3\/?page_id=311"},"modified":"2016-02-11T12:42:42","modified_gmt":"2016-02-11T12:42:42","slug":"informativni-materijal-korupcija","status":"publish","type":"page","link":"https:\/\/www.ukctuzla.ba\/ukctuzla\/?page_id=311&lang=bs","title":{"rendered":"INFORMATIVNI MATERIJAL KORUPCIJA"},"content":{"rendered":"<p><strong>\u0160TA JE KORUPCIJA?<\/strong><\/p>\n<p>Zloupotreba ovla\u0161tenja radi privatne koristi. Mo\u017ee uklju\u010divati vi\u0161e ili neku od ovih<br \/>\naktivnosti: kriminalna aktivnost, povreda drugih propisa, povreda op\u0161tih akata,<br \/>\npovreda politika i procedura, povreda eti\u010dkih pravila. Privatna korist uklju\u010duje jedno ili<br \/>\nvi\u0161e od navedenog: li\u010dna korist, korist za \u010dlana porodice, korist za prijatelja ili<br \/>\npoznanika ili drugi uzak interes kojim se posti\u017ee privatna, a ne javna korist.<\/p>\n<p><strong>\u00a0<\/strong><\/p>\n<p><strong>ZAJEDNI\u010cKA AKTIVNOST NA BORBI PROTIV KORUPCIJE<\/strong><\/p>\n<p>Univerzitetski klini\u010dki centar Tuzla izra\u017eava svoju opredijeljenost da uspostavi<br \/>\nsistemsku i kontinuiranu aktivnost borbe protiv korupcije i to: prevencijom korupcije,<br \/>\nja\u010danjem transparentnosti rada, podizanjem svijesti zaposlenika i korisnika usluga o<br \/>\nrizicima korupcije i zna\u010daju borbe protiv korupcije, razmatranjem prijava koruptivnih<br \/>\naktivnosti i vo\u0111enjem i pokretanjem odgovaraju\u0107ih postupaka, redovnim<br \/>\nizvje\u0161tavanjem o poduzetim mjerama i njihovim efektima. Borba protiv korupcije<br \/>\nmo\u017ee dati odgovaraju\u0107e rezultate samo aktivnim u\u010de\u0161\u0107em svih sudionika,<br \/>\nposebno pacijenata i ostalih korisnika usluga.<\/p>\n<p><strong>KO I KAKO MO\u017dE PRIJAVITI KORUPCIJU?<\/strong><\/p>\n<p>Korupciju mo\u017ee prijaviti Timu za borbu protiv korupcije svaki zaposlenik, pacijent,<br \/>\n\u010dlan porodice i drugi korisnik usluga, kao i poslovni partner. Prijava se mo\u017ee predati<br \/>\nputem sandu\u010di\u0107a za \u017ealbe, po\u0161tom ili putem ekspedita.<br \/>\nU prijavi treba navesti podatke o vrsti koruptivne aktivnosti, mjestu i vremenu<br \/>\nde\u0161avanja i podatke pomo\u0107u kojih se mo\u017ee identificirati zaposlenik na koga se prijava<br \/>\nodnosi. Prijava treba da sadr\u017ei i ime i prezime podnosioca i kontakt telefon\/adresu.<\/p>\n<p><strong>ISPITIVANJE PRIJAVE I OBAVJE\u0160TAVANJE<\/strong><\/p>\n<p>Podaci iz prijave su povjerljive prirode i bi\u0107e preduzete potrebne mjere da se u\u010dine<br \/>\ndostupnim samo zaposlenicima koji u\u010destvuju u postupku ispitivanja. O rezultatima<br \/>\nispitivanja podnosilac prijave \u0107e biti obavije\u0161ten.<br \/>\nBi\u0107e preduzete potrebne mjere da se podnosioci prijave za\u0161tite od progona bilo<br \/>\nkoje vrste i da podno\u0161enje prijave ne uti\u010de nepovoljno na dalje kori\u0161tenje<br \/>\nzdravstvenih usluga. Zaposlenici, na koje se prijave odnose, bi\u0107e za\u0161ti\u0107eni od<br \/>\nzloupotreba u postupku prijavljivanja odgovoraju\u0107om provjerom podataka o<br \/>\npodnosiocu i provjerom navoda prijave.<\/p>\n","protected":false},"excerpt":{"rendered":"<p>\u0160TA JE KORUPCIJA? Zloupotreba ovla\u0161tenja radi privatne koristi. Mo\u017ee uklju\u010divati vi\u0161e ili neku od ovih aktivnosti: kriminalna aktivnost, povreda drugih propisa, povreda op\u0161tih akata, povreda politika i procedura, povreda eti\u010dkih pravila. Privatna korist uklju\u010duje jedno ili vi\u0161e od navedenog: li\u010dna korist, korist za \u010dlana porodice, korist za prijatelja ili poznanika ili drugi uzak interes kojim&hellip;<\/p>\n","protected":false},"author":1,"featured_media":16294,"parent":0,"menu_order":0,"comment_status":"closed","ping_status":"closed","template":"","meta":{"footnotes":""},"class_list":["post-311","page","type-page","status-publish","has-post-thumbnail","hentry","description-off"],"_links":{"self":[{"href":"https:\/\/www.ukctuzla.ba\/ukctuzla\/index.php?rest_route=\/wp\/v2\/pages\/311","targetHints":{"allow":["GET"]}}],"collection":[{"href":"https:\/\/www.ukctuzla.ba\/ukctuzla\/index.php?rest_route=\/wp\/v2\/pages"}],"about":[{"href":"https:\/\/www.ukctuzla.ba\/ukctuzla\/index.php?rest_route=\/wp\/v2\/types\/page"}],"author":[{"embeddable":true,"href":"https:\/\/www.ukctuzla.ba\/ukctuzla\/index.php?rest_route=\/wp\/v2\/users\/1"}],"replies":[{"embeddable":true,"href":"https:\/\/www.ukctuzla.ba\/ukctuzla\/index.php?rest_route=%2Fwp%2Fv2%2Fcomments&post=311"}],"version-history":[{"count":1,"href":"https:\/\/www.ukctuzla.ba\/ukctuzla\/index.php?rest_route=\/wp\/v2\/pages\/311\/revisions"}],"predecessor-version":[{"id":312,"href":"https:\/\/www.ukctuzla.ba\/ukctuzla\/index.php?rest_route=\/wp\/v2\/pages\/311\/revisions\/312"}],"wp:featuredmedia":[{"embeddable":true,"href":"https:\/\/www.ukctuzla.ba\/ukctuzla\/index.php?rest_route=\/wp\/v2\/media\/16294"}],"wp:attachment":[{"href":"https:\/\/www.ukctuzla.ba\/ukctuzla\/index.php?rest_route=%2Fwp%2Fv2%2Fmedia&parent=311"}],"curies":[{"name":"wp","href":"https:\/\/api.w.org\/{rel}","templated":true}]}}