{"id":397,"date":"2021-07-13T09:38:48","date_gmt":"2021-07-13T08:38:48","guid":{"rendered":"http:\/\/10.0.0.65\/ukctuzla3\/?page_id=397"},"modified":"2024-11-28T15:17:09","modified_gmt":"2024-11-28T14:17:09","slug":"klinika-za-interne-bolesti","status":"publish","type":"page","link":"https:\/\/www.ukctuzla.ba\/ukctuzla\/?page_id=397&lang=bs","title":{"rendered":"KLINIKA ZA INTERNE BOLESTI"},"content":{"rendered":"<p><strong>v.d.Na\u010delnika: <\/strong>Doc.dr.sc Elnur Smaji\u0107, specijalista interne medicine<br \/>\n<strong>Glavna medicinska sestra: <\/strong>Hanka Red\u017ei\u0107, magistar sestrinstva<br \/>\n<strong>Med.sestra za poslove pobolj\u0161anja kvaliteta i edukaciju: <\/strong>Emrisela Vejzovi\u0107, diplomirana medicinska sestra<br \/>\n<strong>Sekretar:<\/strong> Adila D\u017eibri\u0107, ekonomski tehni\u010dar<\/p>\n<p>&nbsp;<\/p>\n<p><strong>Kontakt:<\/strong> tel.: 00 387 35 30 33 02; glavna sestra \u2013 00 387 35 30 31 14; prijemna ambulanta 00 387 35 30 33 05; specijalisti\u010dka ambulanta 00 387 35 30 31 91 ili 00 387 35 30 31 09; recepcija \u2013 00 387 35 30 33 61; dnevna bolnica 00387 35 30 33 15 kabinet za ergometriju 00 387 35 30 31 39; kabinet za endoskopiju: 00387 35 30 33 79<\/p>\n<p><strong>e-mail:<\/strong> info@ukctuzla.ba<\/p>\n<p>&nbsp;<\/p>\n<p><strong>DJELATNOST KLINIKE:<\/strong><\/p>\n<ul>\n<li>Rutinski ultrazvuk abdomena i urotrakta<\/li>\n<li>Bazi\u010dna ehokardiografija<\/li>\n<li>Intenzivna terapija i njega<\/li>\n<li>Svi oblici prehrane (parenteralna, enteralna)<\/li>\n<li>Mehani\u010dka ventilacijska podr\u0161ka<\/li>\n<li>Pace \u2013 maker stimulacija<\/li>\n<li>Elektrokardioverzija<\/li>\n<li>Obezbje\u0111enje centralnih venskih pristupa s hemodinamskim \u00a0 monitoringom, te stalni, kontinuirani monitoring uz ultrazvu\u010dnu dijagnostiku i pra\u0107enje<\/li>\n<li>Endoskopske rutinske i hitne procedure digestivnog trakta<\/li>\n<li>Interventne endoskopske procedure<\/li>\n<li>Endoskopsku retrogradnu holangiopankreatografiju (ERCP)<\/li>\n<li>Endoskopska papilotomija, balon dilatacija, ekstrakcija kamenaca, implantacija endoproteza<\/li>\n<li>Endoskopski ultrazvuk<\/li>\n<li>Endoskopija video kapsulom<\/li>\n<li>Interventni ultrazvuk sa drena\u017enim postupcima<\/li>\n<li>Tranzijentna elastografija \u2013 Fibroscan<\/li>\n<li>Etanolska ablacija tumorskih promjena jetre<\/li>\n<li>Dijagnosti\u010dka laparoskopija<\/li>\n<li>Biopsija pod kontrolom ultrazvuka<\/li>\n<li>Priprema bolesnika za transplantaciju jetre (kadaveri\u010dna i sa \u017eivog davaoca), tretman bolesnika u posttransplantacionom periodu<\/li>\n<li>Plasiranje intragastri\u010dnog balona kao endoskopski modalitet u lije\u010denju patolo\u0161ke gojaznosti<\/li>\n<li>Dijagnostika i lije\u010denje dijabetesa<\/li>\n<li>Dijagnostika endokrinolo\u0161kih poreme\u0107aja i poreme\u0107aja metabolozma<\/li>\n<li>Dinamski i endokrinolo\u0161ki testovi u cilju dijagnostike bolesti hipofize, do\u0161titnih \u017elijezda, nadbubrega, gonada<\/li>\n<li>Lije\u010denje inflamatornih i degenerativnih oboljenja mi\u0161i\u0107no \u2013 ko\u0161tanog sistema (reumatoidni artritis, psoriatski artritis, spondilartritisi, sistemski eritemski lupus i sistemska oboljenja vezivnog tkiva, te\u0161ki oblici osteoporoze)<\/li>\n<li>Ultrazvu\u010dna dijagnostika lokomotornog aparata<\/li>\n<li>Punkcije zglobova pod kontrolom ultrazvuka<\/li>\n<li>Intraartikularne, ekstraartikulame i kanalikularne infiltracije<\/li>\n<li>Lije\u010denje svih oboljenja bubrega<\/li>\n<li>Provo\u0111enje priprema i lije\u010denje nekom od dijaliti\u010dkih metoda<\/li>\n<li>Priprema i obrada bolesnika i potencijalnih davaoca za transplantaciju bubrega (kadaveri\u010dna i sa \u017eivog davaoca) i provo\u0111enje posttransplantacijskog tretmana<\/li>\n<li>Poslovi transplantacijskog informacionog centra<\/li>\n<li>Ultrasonografska dijagnostika abdominalnih organa s posebnim osvrtom na organe urotrakta<\/li>\n<li>Color Doppler bubre\u017enih atrija<\/li>\n<li>Biopsija bubrega pod kontrolom ultrazvuka<\/li>\n<li>Punkcija i evakuacija cista bubrega pod kontrolom ultrazvuka<\/li>\n<li>Standardna niskoproto\u010dna i visokoproto\u010dna hemodijaliza<\/li>\n<li>\u201eOnline\u201c hemodijafiltracija<\/li>\n<li>Intermitentna, spora dijaliza niske efikasnosti i kontinuirana dijaliza<\/li>\n<li>Intermitentna, kontinuirana i cikli\u010dna peritonealna dijaliza<\/li>\n<li>Hemoperfuzija, membranska terapeutska plazmafereza<\/li>\n<li>Suha izolirana ultrafiltracija<\/li>\n<li>Uvo\u0111enje privremenih i trajnih vaskularnih katetera<\/li>\n<li>Elektroakrdiografska dijagnostika (standardni EKG, uprosje\u010deni EKG, 24-satni EKG, EKG u optere\u0107enju),<\/li>\n<li>Vektorkardiogram, ultrazvuk srca, kateterizacija desnog i lijevog ventrikula.<\/li>\n<li>Transezofagusni UZ srca u pripremi sr\u010danih mana za operativni zahvat.<\/li>\n<\/ul>\n<p><span style=\"color: #800000;\"><strong>ORGANIZACIONA STRUKTURA:<\/strong><\/span><\/p>\n<p><strong>TRANSPLANTACIJSKI INFORMACIONI CENTAR<\/strong><\/p>\n<p><strong>POLIKLINIKA<\/strong><\/p>\n<p><strong>AMBULANTE<\/strong><\/p>\n<ul>\n<li>Prijemna ambulanta sa poliklini\u010dkom specijalisti\u010dko konsultativnom slu\u017ebom<\/li>\n<li>Kardiolo\u0161ka ambulanta<\/li>\n<li>Nefrolo\u0161ka ambulanta<\/li>\n<li>Reumatolo\u0161ka ambulanta<\/li>\n<li>Gastroenterolo\u0161ka ambulanta<\/li>\n<li>Ambulanta za endokrinologiju i metaboli\u010dke bolesti<\/li>\n<\/ul>\n<p>&nbsp;<\/p>\n<p><strong>SAVJETOVALI\u0160TA<\/strong><\/p>\n<ul>\n<li>Savjetovali\u0161te za dijabetes<\/li>\n<li>Savjetovali\u0161te za hipertenziju i hroni\u010dne bubre\u017ene bolesti<\/li>\n<\/ul>\n<p>&nbsp;<\/p>\n<p><strong>KABINETI<\/strong><\/p>\n<ul>\n<li>Kabinet za transplantaciju<\/li>\n<li>Kabinet za endoskopiju<\/li>\n<li>Kabinet za ergometriju i spirometriju<\/li>\n<li>Kabinet za holter<\/li>\n<li>Kabinet za CAPD<\/li>\n<li>Kabinet za UZ srca<\/li>\n<li>Kabinet za kardiomiopatije<\/li>\n<\/ul>\n<p>&nbsp;<\/p>\n<p><strong>DNEVNA BOLNICA<\/strong><br \/>\n<strong>ODJELJENJA :<\/strong><\/p>\n<ul>\n<li>Odjeljenje za intenzivnu terapiju<\/li>\n<li>Odjeljenje za kardiologiju<\/li>\n<li>Odjeljenje za nefrologiju i hemodijalizu<\/li>\n<li>Odjeljenje za gastroenterologiju<\/li>\n<li>Odjeljenje za endokrinologiju<\/li>\n<li>Odjeljenje za reumatologiju<\/li>\n<\/ul>\n<p><strong>KADROVI<\/strong><\/p>\n<p>Klinika za interne bolesti ima 220 zaposlenih od toga:<\/p>\n<p>specijalista intrene medicine-43<\/p>\n<p>ljekara na specijalizaciji-16;<\/p>\n<p>ljekara sekundaraca 5<\/p>\n<p>medicinskih sestara sa visokom zdravstvenom \u0161kolom-27 ( raspore\u0111enih)<br \/>\nmedicinske sestre sa vi\u0161om medicinskom \u0161kolom 2 raspore\u0111ene<\/p>\n<p>medicinskih sestara sa srednjom medicinskom \u0161kolom-123 (17 na odre\u0111eno )<\/p>\n<p>ne medicinskih radnika-5.<\/p>\n<p>&nbsp;<\/p>\n<p><span style=\"color: #003366;\"><strong>Kontinuitet programa transplantacije bubrega u okviru svih vrsta transplantacije<\/strong><\/span><\/p>\n<p>U Univerzitetskom klini\u010dkom centru Tuzla u kontinuitetu se provodi projekat transplantacija bubrega u okviru \u017eive srodni\u010dke transplantacije. Od kada je , 15. septembra 1999.godine zapo\u010det pa do danas uspje\u0161no je obavljeno 225 transplantacija. Multidisciplinarni tim koga \u010dine specijalisti nefrologije , urologije , anesteziologije i prate\u0107ih dijagnosti\u010dkih grana aktivno su uklju\u010deni u provedbu projekta transplantacije bubrega. Me\u0111u njima su certificirani stru\u010dnjaci za rad u oblasti transplantologije , a neki od \u010dlanova tima imaju evropske certifikate.<\/p>\n<p><span style=\"color: #003366;\"><strong>U 2006. godini u UKC Tuzla je zapo\u010det projekat kadaveri\u010dne transplantacije u koju su uklju\u010deni timovi stru\u010dnjaka Klinike za interne bolesti.<\/strong><\/span><br \/>\nKadaveri\u010dna transplantacija organa radi se po ostvarivanju svih uslova potrebnih za takav zahvat , a u skladu sa listama \u010dekanja koje postoje u UKC Tuzla i koje su u skladu sa kriterijima Eurotransplanta. Do sada je u JZU UKC Tuzla ura\u0111ene 35 kadaveri\u010dnih transplantacije bubrega.Pre\u017eivljavanje presa\u0111enog bubrega je 74% nakon 5 godina, \u0161to je na nivou pokazatelja iz evropskih centara za transplantaciju, kod kojih je pre\u017eivljavanje 78%.<br \/>\nOdbranjeno je nekoliko magistarskih radova i dvije doktorske disertacije na temu transplantacije bubrega.<\/p>\n<p><span style=\"color: #003366;\"><strong>Dijalizni centar radi u kontinuitetu i zbrinjava sve hroni\u010dne i akutne dijalizno-ovisne bubre\u017ene bolesnike.<\/strong><\/span> Rade se sve metode vantjelesne cirkulacije u cilju lije\u010denja akutnog i hroni\u010dnog bubre\u017enog zatajenja , akutnih egzogenih trovanja i ostalih te\u0161kih sistemskih oboljenja i multiorganskih zatajenja. Od 2002. godine je referentni dijalizni centar Fressenius MC za Federaciju F BiH.<br \/>\nU UKC Tuzla na hemodijaliznom tretmanu je oko 138, a peritonealnom pacijenta<\/p>\n<p><span style=\"color: #003366;\"><strong>Uvo\u0111enje privremenih i trajnih jugularnih katetera<\/strong><\/span><\/p>\n<p><span style=\"color: #003366;\"><strong>Urgentno endoskopsko zbrinjavanje bolesnika sa krvarenjem iz gornjih partija digestivnog trakt<\/strong><\/span><br \/>\n<span style=\"color: #003366;\"><strong>Kolonoskopija sa scope quide-om<\/strong><\/span><\/p>\n<p>Kolonoskopija uz primjenu aparta scope quide , tzv. vodi\u0107a kolonoskopa kroz debele crijevo. \u00a0je dijagnosti\u010dka procedura koja omogu\u0107ava da se napravi kolonoskopski pregled , tj. da se uradi vizualizacija sluznice debelog crijeva ,uz ulazak i u zavr\u0161ni dio tankog crijeva i prikaza polo\u017eaja aparata u crijevu pacijenta. Aparat za kolonoskopiju poma\u017ee ljekaru da odredi ta\u010dnu poziciju aparata u trbu\u0161noj duplji abdomena , odnosno u debelom crijevu pacijenta i da \u0161to lak\u0161e i br\u017ee zavr\u0161i proceduru , omogu\u0107ava br\u017ee i lak\u0161e obavljanje ove procedure i izbjegavanje ulazaka u tzv. lukove , koji proceduru ote\u017eavaju i \u010dine bolnom za pacijenta.<\/p>\n<p><span style=\"color: #003366;\"><strong>Endokapsula- dijagnosti\u010dka endoskopska procedura<\/strong><\/span><br \/>\nEndokapsula omogu\u0107uje snimanje patologije tankog crijeva potpuno bezbolno i sa visokom precizno\u0161\u0107u dijagnosticiranja i najmanjih promjena na tankom crijevu. Koristi se u specifi\u010dnim situacijama potrebe za pregledom tankog crijeva. Posebno koristi u dijagnostici bolesti tankog crijeva.<\/p>\n<p><strong><span style=\"color: #003366;\">Plasiranje intragastri\u010dnog balona kao endoskopski modalitet u lije\u010denju patolo\u0161ke gojaznosti<\/span><\/strong><br \/>\nBalon se ugra\u0111uje endoskopskom metodom na na\u010din da se ispuhan ubacuje u \u017eeludac , poslije\u010dega se puni fiziolo\u0161kom otopinom obojenom metilenskim plavilom. Balon se puni u zavisnosti od tjelesne te\u017eine pacijenta. Nakon \u0161est mjeseci balon se vadi iz \u017eeludca. Metoda nije prihvatljiva kod osoba kod kojih je\u00a0prekomjerna debljina posljedica genetskih\u00a0ili hormonskih problema.<\/p>\n<p><span style=\"color: #003366;\"><strong>Fibroscan \u2013 tranzijentna elastografija<\/strong><\/span><br \/>\nTranzijentna elastografija (TE) ili Fibroscan je neinvazivna procedura bazirana na ultrazvukuku koja se koristi za procjenu o\u0161te\u0107enja jetrenog tkiva u raznim boolestima, kao i za procjenu koli\u010dine masti u jetri (steatoza). Ova procedura na neinvazivan na\u010din omogu\u0107ava da se odredi stepen fibroze, postojanje ciroze kao i stepen steatoze jetrenog tkiva. Ne koristi se za elastografiju fokalnih jetrenih promjena kao \u0161to su npr. Tumori.<br \/>\nEtanolska ablacija promjena jetre<br \/>\nEtanolska ablacija tumorskih promjena jetre se koristi za neinvazivni tretman prvenstveno primarnih jetrenih tumora \u2013 hepatocelularni karcinom, a u manjoj mjeri i metastaza u probranim situacijama. Procedurom se mo\u017ee tretirati jedna promjena maksimalne veli\u010dine do 50 mm ili do 3 manje promjene, ukupnog zbirnog promjera do 60 mm.<\/p>\n<p><span style=\"color: #003366;\"><strong>Ultrasonografski stres-test srca<\/strong><\/span><br \/>\nVisokosofisticirana procedura koja preciznije odre\u0111uje stepen i vrstu koronarne bolesti.<\/p>\n<p>&nbsp;<\/p>\n<p><strong>KNJIGE I UD\u017dBENICI U \u010cIJEM SU PISANJU U\u010cESTVOVALI UPOSLENICI KLINIKE:<\/strong><\/p>\n<ol>\n<li>I. Pa\u0161i\u0107, H. Su\u0161i\u0107, A. Halilba\u0161i\u0107, K. Martinovi\u0107, O endemskoj nefropatijij: Regionalni\u00a0\u00a0\u00a0\u00a0\u00a0\u00a0 medicinski centar,\u201d23. avgust\u201d Doboj,1976.<\/li>\n<li>I. Pa\u0161i\u0107, Laparoskopija i komplementarne metode u klini\u010dkoj praksi\u00a0: IGTRO \u201cUniverzal-OOUR\u201d \u201d Grafi\u010dar\u201d, Tuzla,1978.<\/li>\n<li>Pa\u0161i\u0107 i saradnici, Gastroenterologiju: U\u00a0 A. Fejger, M. Gruji\u0107, M. Macanovi\u0107, A. Mike\u0161, N. Numi\u0107, I. Pa\u0161i\u0107, Interna medicina I : Svjetlost, Sarajevo, 1986. 26-173.<\/li>\n<li>I. Pa\u0161i\u0107 i saradnici, Egzogena trovanja: U\u00a0 A. Fejger, M. Gruji\u0107, M. Macanovi\u0107, A. Mike\u0161, N. Numi\u0107, I. Pa\u0161i\u0107, Interna medicina II : Svjetlost, Sarajevo, 1986. 935-975.<\/li>\n<li>I. Pa\u0161i\u0107, T. Tulumovi\u0107, S. Trna\u010devi\u0107, F. Pa\u0161i\u0107,Toksikologija, Prvo izdanje, : Univerzitet u Tuzli,, UKC Tuzla, 1996.<\/li>\n<li>D\u017e. Poljakovi\u0107, \u0160e\u0107erna bolest : Narodna i univerzitetska biblioteka \u00abDervi\u0161 Su\u0161i\u0107\u00bb, Tuzla, 2003.<\/li>\n<li>E. Eminovi\u0107, F. Lakkis, J. Karamehi\u0107, M. Tabakovi\u0107, Glavni sistem histokompatibiliteta-MHC i tipizacija tkiva U: Jasenko Karamehi\u0107, Transplantacije bubrega, University of Tuzla-Yale University, Sarajevo New Hawen 2004.<\/li>\n<li>Akutna abdominalna bol: Avicena d.o.o., Sarajevo, 2005.<\/li>\n<li>H. Resi\u0107, J. Karamehi\u0107, Z. Dizdarevi\u0107, M. Tabakovi\u0107, Imunolo\u0161ki mehanizmi u bolesti bubrega : U Jasenko Karamehi\u0107, Zehra Dizdarevi\u0107 i saradnici, Klini\u010dka imunologija, Svjetlost, Sarajevo, 2007. 311-320.<\/li>\n<li>Z. Ku\u0161ljugi\u0107, F. Barakovi\u0107, A. Arslanagi\u0107, V. Gerc i saradnici, Kardiologija, PrintCom grafi\u010dki in\u017einjering, Tuzla, 2007.<\/li>\n<li>E. Me\u0161i\u0107, N.Mehmedovi\u0107, M. Ati\u0107, S.Leki\u0107, M.Tabakovi\u0107, E. Hod\u017ei\u0107: U D\u017e. Har\u010din ( urednik), Druga strana \u017eivota, UHBBTK, 2008.<\/li>\n<li>S.Muli\u0107-Ba\u010di\u0107 i saradnici, Interna medicina za studente Visoke zdravstvene \u0161kole, 2011.<\/li>\n<li>Emir Hod\u017ei\u0107. Voljeti bubregom-informacije i uputstva za pacijente sa transplantiranim bubregom.doo Soreli, Tuzla, 2012.<\/li>\n<li>Tabakovi\u0107 M,\u00a0Salki\u0107 NN, Barakovi\u0107 F, Trna\u010devi\u0107 S. Hypertension After Renal Transplantation. In: Current Concepts in Kidney Transplantation. Editors: Sandip Kapur, Cheguevara Afaneh and Meredith J. Aull. Publisher: InTech. 2012. ISBN 978-953-51-0900-6. DOI: 10.5772\/51012. str. 243-259.<\/li>\n<li>Salki\u0107 N. Endoskopski tretman gojaznosti. U: Kirur\u0161ko lije\u010denje bolesti debljine. Ur: Be\u0161lin M, Pa\u0161i\u0107 F. Zagreb: Zagreba\u010dki institut za kulturu zdravlja; Tuzla: Printcom. 2017. ISBN 978-9958-13-123-3. str 105-114.<\/li>\n<li>Salki\u0107 N i sar. Prakti\u010dna digestivna endoskopija. Printcom doo, Tuzla. 2020. ISBN 978-9958-13-153-0.<\/li>\n<\/ol>\n<p>Klinika slu\u017ei i kao nastavna baza Srednje medicinske \u0161kole i Visoke zdravstvene \u0161kole. Medicinske sestre- tehni\u010dari imaju veoma zna\u010dajnu ulogu te se u okviru Klinike za interne bolesti edukaciji ovog kadra posve\u010duje posebna pa\u017enja i obavlja se kontinuirano u razli\u010ditim vidovima. Uposlenici Klinike aktivni su \u010dlanovi stru\u010dnih dru\u0161tava.<\/p>\n<p><strong>\u00a0<\/strong><\/p>\n<p>&nbsp;<\/p>\n<p>&nbsp;<\/p>\n<p>&nbsp;<\/p>\n<p style=\"text-align: center;\"><a href=\"https:\/\/www.ukctuzla.ba\/ukctuzla\/?page_id=401\" target=\"_blank\" rel=\"noopener\">Vi\u0161e<\/a><\/p>\n","protected":false},"excerpt":{"rendered":"<p>v.d.Na\u010delnika: Doc.dr.sc Elnur Smaji\u0107, specijalista interne medicine Glavna medicinska sestra: Hanka Red\u017ei\u0107, magistar sestrinstva Med.sestra za poslove pobolj\u0161anja kvaliteta i edukaciju: Emrisela Vejzovi\u0107, diplomirana medicinska sestra Sekretar: Adila D\u017eibri\u0107, ekonomski tehni\u010dar &nbsp; Kontakt: tel.: 00 387 35 30 33 02; glavna sestra \u2013 00 387 35 30 31 14; prijemna ambulanta 00 387 35 30&hellip;<\/p>\n","protected":false},"author":1,"featured_media":16294,"parent":0,"menu_order":0,"comment_status":"closed","ping_status":"closed","template":"","meta":{"footnotes":""},"class_list":["post-397","page","type-page","status-publish","has-post-thumbnail","hentry","description-off"],"_links":{"self":[{"href":"https:\/\/www.ukctuzla.ba\/ukctuzla\/index.php?rest_route=\/wp\/v2\/pages\/397","targetHints":{"allow":["GET"]}}],"collection":[{"href":"https:\/\/www.ukctuzla.ba\/ukctuzla\/index.php?rest_route=\/wp\/v2\/pages"}],"about":[{"href":"https:\/\/www.ukctuzla.ba\/ukctuzla\/index.php?rest_route=\/wp\/v2\/types\/page"}],"author":[{"embeddable":true,"href":"https:\/\/www.ukctuzla.ba\/ukctuzla\/index.php?rest_route=\/wp\/v2\/users\/1"}],"replies":[{"embeddable":true,"href":"https:\/\/www.ukctuzla.ba\/ukctuzla\/index.php?rest_route=%2Fwp%2Fv2%2Fcomments&post=397"}],"version-history":[{"count":32,"href":"https:\/\/www.ukctuzla.ba\/ukctuzla\/index.php?rest_route=\/wp\/v2\/pages\/397\/revisions"}],"predecessor-version":[{"id":17467,"href":"https:\/\/www.ukctuzla.ba\/ukctuzla\/index.php?rest_route=\/wp\/v2\/pages\/397\/revisions\/17467"}],"wp:featuredmedia":[{"embeddable":true,"href":"https:\/\/www.ukctuzla.ba\/ukctuzla\/index.php?rest_route=\/wp\/v2\/media\/16294"}],"wp:attachment":[{"href":"https:\/\/www.ukctuzla.ba\/ukctuzla\/index.php?rest_route=%2Fwp%2Fv2%2Fmedia&parent=397"}],"curies":[{"name":"wp","href":"https:\/\/api.w.org\/{rel}","templated":true}]}}