{"id":442,"date":"2020-01-17T10:44:30","date_gmt":"2020-01-17T09:44:30","guid":{"rendered":"http:\/\/10.0.0.65\/ukctuzla3\/?page_id=442"},"modified":"2025-04-17T12:49:24","modified_gmt":"2025-04-17T11:49:24","slug":"klinika-za-anesteziologiju-i-reanimatologiju","status":"publish","type":"page","link":"https:\/\/www.ukctuzla.ba\/ukctuzla\/?page_id=442&lang=bs","title":{"rendered":"KLINIKA ZA ANESTEZIOLOGIJU I REANIMATOLOGIJU"},"content":{"rendered":"<p><strong>V.D. Na\u010delnik:<\/strong> Prof.dr.med.sc.prim.Jasmina Smaji\u0107<br \/>\n<strong>Glavna medicinska sestra:<\/strong> Nermina Nurki\u0107, diplomirana medicinska sestra zdravstvene njege<br \/>\n<strong>Poslovi pobolj\u0161anja kvaliteta i edukacija:<\/strong> mr.sc. Andrijana Juri\u0107, diplomirana medicinska sestra<br \/>\n<strong>Sekretar:<\/strong> Meliha \u010ci\u010dku\u0161i\u0107, tehni\u010dki sekretar<br \/>\n<strong>Kontakt<\/strong>: tel.: 00 387 35 303 \u2013 527<br \/>\n00 387 35 303 \u2013 260<br \/>\n00 387 35 303 \u2013 117<br \/>\ne-mail: info@ukctuzla.ba<\/p>\n<p style=\"text-align: justify;\">Klinika za anesteziologiju i reanimatologiju jedna je od najmla\u0111ih klinika UKC Tuzla, a po broju uposlenika je na drugom mjestu. Kao Odjeljenje za anesteziologiju i reanimaciju postoji od 1975 godine, a reorganizacijom UKC Tuzla od 2004 godine postaje Klinika za anesteziologiju i reanimatologiju.<\/p>\n<p><strong>DJELATNOST KLINIKE<\/strong><\/p>\n<ul>\n<li>Preoperativna priprema pacijenata za razli\u010dite vrste operativnih zahvata u op\u0161toj i regionalnoj anesteziji;<\/li>\n<li>Planiranje i izvo\u0111enje razli\u010ditih vrsta anestezija, dijagnosti\u010dkih i terapijskih postupaka;<\/li>\n<li>Izvo\u0111enje op\u0161te i regionalne anestezije tokom operativnih i dijagnosti\u010dkih procedura;<\/li>\n<li>Intenzivna terapija i nadzor uz kontrolu vitalnih parametara pacijenata;<\/li>\n<li>Pru\u017eanje visokodiferenciranih usluga tercijarnog nivoa zdravstvene za\u0161tite za vitalno ugro\u017eene pacijente;<\/li>\n<li style=\"text-align: justify;\">Sprovo\u0111enje invazivnih terapeutskih procedura, uklju\u010duju\u0107i fiberopti\u010dku terapijsku bronhoskopiju, fiberopti\u010dku intubaciju i perkutanu traheotomiju kod prolongirane intubacije;<\/li>\n<li>Postoperativna terapija i intenzivna njega pacijenata nakon transplantacije organa;<\/li>\n<li>Utvr\u0111ivanje mo\u017edane smrti;<\/li>\n<li>Priprema i postupak s donorom za eksplantaciju organa i tkiva;<\/li>\n<li>Terapija bola;<\/li>\n<li>Nau\u010dno-istra\u017eiva\u010dki rad, edukacija i organizacija stru\u010dnih i nau\u010dnih skupova.<\/li>\n<\/ul>\n<p style=\"text-align: justify;\">Uposlenici Klinike za anesteziologiju i reanimatologiju 24 sata pokrivaju sve djelatnosti unutar UKC Tuzla, osim ambulante za preoperativne anesteziolo\u0161ke preglede, koja radi od 07:30 do 16:00 sati. Pored svakodnevnog rada u operacionim salama i odjeljenjima za intenzivnu terapiju, ljekari na\u0161e klinike \u010dine dio tima Klinike za radiologiju i nuklearnu medicinu, Poliklinike za ginekologiju i aku\u0161erstvo, kabineta za endoskopiju Klinike za interne bolesti, te kabineta za bronhoskopiju Klinike za plu\u0107ne bolesti.<br \/>\nKlinika za anesteziologiju i reanimatologiju predstavlja jednu od vode\u0107ih institucija u BiH u oblasti anesteziologije, reanimatologije i intenzivnog lije\u010denja. Ljekari Klinike aktivno sudjeluju na svjetskim, europskim i doma\u0107im simpozijima i kongresima.<br \/>\nKlinika je tako\u0111er sjedi\u0161te katedre za anesteziologiju, reanimatologiju i intenzivno lije\u010denje na Medicinskom fakultetu Univerziteta u Tuzli, kao i sjedi\u0161te katedri za \u201eUrgentnu medicinu\u201c i \u201eOp\u0161te principe zdravstvene njege\u201c na Medicinskom fakultetu, odsjek zdravstvenih studija.<br \/>\nU sklopu svakodnevnog rada, Klinika za anesteziologiju i reanimatologiju provodi teorijsku i prakti\u010dnu edukaciju ljekara specijalizanata, kako sa na\u0161e klinike, tako i sa drugih klinika u BiH.<br \/>\nMjese\u010dno se odr\u017eavaju specijalizantski seminari na kojima se obra\u0111uju teme relevantne za specijalisti\u010dki plan medicinske struke.<br \/>\nNa Klinici za anesteziologiju i reanimatologiju kontinuirano se provodi edukacija studenata, specijalizanata i specijalista, kako sa na\u0161e klinike, tako i iz drugih ustanova. Tako\u0111er, klinika se bavi znanstveno-istra\u017eiva\u010dkim radom svojih uposlenika, uz posebno isticanje eti\u010dko-moralnih principa struke.<br \/>\nKlinika za anesteziologiju i reanimatologiju sastoji se od anesteziolo\u0161ke poliklinike, tri odjeljenja i tri odsjeka.<br \/>\nOdjeljenje za anesteziju pru\u017ea usluge op\u0161te i regionalne anestezije u 25 operacionih sala za sve hirur\u0161ke discipline, s godi\u0161njim brojem od oko 13.000 anestezija.<br \/>\nOdjeljenja za intenzivnu terapiju raspola\u017eu kapacitetom od 30 bolesni\u010dkih kreveta, s godi\u0161njim brojem pacijenata koji varira izme\u0111u 700 i 800.<br \/>\nU specijalisti\u010dkoj anesteziolo\u0161koj ambulanti godi\u0161nje se preoperativno pregleda oko 16.000 pacijenata.<\/p>\n<p>&nbsp;<\/p>\n<p><span style=\"color: #254559;\"><strong>ORGANIZACIONA STRUKTURA<\/strong><\/span><\/p>\n<p><span style=\"color: #254559;\"><strong>ANESTEZIOLO\u0160KA POLIKLINIKA<\/strong><\/span><\/p>\n<ul>\n<li>Anesteziolo\u0161ka ambulanta<\/li>\n<li>Ambulanta za terapiju bola<\/li>\n<\/ul>\n<p>&nbsp;<\/p>\n<ul>\n<li><span style=\"color: #254559;\"><strong>Odjeljenje za anesteziju<\/strong><\/span>\n<ul>\n<li>Odsjek A \u2013 operacione sale Klinike za ginekologiju i aku\u0161erstvo, Klinike za neurohirurgiju i Klinike za plasti\u010dnu i maksilofacijalnu hirurgiju<\/li>\n<li>Odsjek B \u2013 operacione sale Klinike za ortopediju i traumatologiju, Klinike za o\u010dne bolesti i Klinike za bolesti uha, grla i nosa i hirurgiju glave i vrata.<\/li>\n<li>Odsjek C \u2013 operacione sale Klinike za hirurgiju i svi dijagnosti\u010dki medicinski postupci koji zahtijevaju anesteziolo\u0161ko u\u010de\u0161\u0107e na ostalim klinikama<\/li>\n<\/ul>\n<\/li>\n<li><span style=\"color: #254559;\"><strong>Odjeljenje za intenzivnu terapiju (Hirur\u0161ki blok)<\/strong><\/span><\/li>\n<li><span style=\"color: #254559;\"><strong>Odjeljenje za intenzivnu terapiju (Plava zgrada)<\/strong><\/span><\/li>\n<\/ul>\n<p>&nbsp;<\/p>\n<p style=\"text-align: justify;\"><strong>KADROVI<\/strong><br \/>\nUkupan broj uposlenika &#8211; 148<br \/>\nLjekara specijalista \u2013 41<br \/>\nLjekara subspecijalista \u2013 5 ( 3 subspecijaliste intenzivne medicine, 1 subspspecijalista klini\u010dke farmakologije, 1 subspecijalista dje\u010dije anestezije)<br \/>\nLjekara specijalizanata -7<br \/>\nLjekara specijalizanata urgentne medicine &#8211; 4<br \/>\nDoktora medicine 7<br \/>\nDiplomirane medicinske sestare tehi\u010dara &#8211; 22<br \/>\nMedicinske sest re- tehni\u010dari\/anesteti\u010dari &#8211; 66<br \/>\nNemedicinski radnici &#8211; 3<br \/>\nNa Klinici za anesteziologiju i reanimatologiju zaposleno je 2 profesora, 12 primarijusa, 11 magistara medicinskih nauka, 3 magistra zdravstvene njege i menad\u017ementa te 1 magistar fizikalne terapije. Od 1997. godine, uposlenici Klinike dodatno su educirani u stru\u010dnim i nau\u010dnim oblastima u presti\u017enim institucijama, kao \u0161to su L'H\u00f4pital Civil, Strasbourg (Francuska), AKH Be\u010d (Austrija), Buffalo General Hospital, New York (SAD), te Cincinnati Children's Hospital Medical Center, Ohio (SAD). Osim toga, 80% anesteziologa Klinike zavr\u0161ilo je trajni te\u010daj usavr\u0161avanja pod pokroviteljstvom Evropskog udru\u017eenja anesteziologa (Opatija, FEEA).<\/p>\n<p>&nbsp;<\/p>\n<p>&nbsp;<\/p>\n<p>&nbsp;<\/p>\n<p>&nbsp;<\/p>\n<p style=\"text-align: center;\"><a href=\"https:\/\/www.ukctuzla.ba\/ukctuzla\/?page_id=438\" target=\"_blank\" rel=\"noopener\">VI\u0160E O&#8230;<\/a><\/p>\n<p>&nbsp;<\/p>\n","protected":false},"excerpt":{"rendered":"<p>V.D. Na\u010delnik: Prof.dr.med.sc.prim.Jasmina Smaji\u0107 Glavna medicinska sestra: Nermina Nurki\u0107, diplomirana medicinska sestra zdravstvene njege Poslovi pobolj\u0161anja kvaliteta i edukacija: mr.sc. Andrijana Juri\u0107, diplomirana medicinska sestra Sekretar: Meliha \u010ci\u010dku\u0161i\u0107, tehni\u010dki sekretar Kontakt: tel.: 00 387 35 303 \u2013 527 00 387 35 303 \u2013 260 00 387 35 303 \u2013 117 e-mail: info@ukctuzla.ba Klinika za anesteziologiju&hellip;<\/p>\n","protected":false},"author":1,"featured_media":16294,"parent":0,"menu_order":0,"comment_status":"closed","ping_status":"closed","template":"","meta":{"footnotes":""},"class_list":["post-442","page","type-page","status-publish","has-post-thumbnail","hentry","description-off"],"_links":{"self":[{"href":"https:\/\/www.ukctuzla.ba\/ukctuzla\/index.php?rest_route=\/wp\/v2\/pages\/442","targetHints":{"allow":["GET"]}}],"collection":[{"href":"https:\/\/www.ukctuzla.ba\/ukctuzla\/index.php?rest_route=\/wp\/v2\/pages"}],"about":[{"href":"https:\/\/www.ukctuzla.ba\/ukctuzla\/index.php?rest_route=\/wp\/v2\/types\/page"}],"author":[{"embeddable":true,"href":"https:\/\/www.ukctuzla.ba\/ukctuzla\/index.php?rest_route=\/wp\/v2\/users\/1"}],"replies":[{"embeddable":true,"href":"https:\/\/www.ukctuzla.ba\/ukctuzla\/index.php?rest_route=%2Fwp%2Fv2%2Fcomments&post=442"}],"version-history":[{"count":22,"href":"https:\/\/www.ukctuzla.ba\/ukctuzla\/index.php?rest_route=\/wp\/v2\/pages\/442\/revisions"}],"predecessor-version":[{"id":18450,"href":"https:\/\/www.ukctuzla.ba\/ukctuzla\/index.php?rest_route=\/wp\/v2\/pages\/442\/revisions\/18450"}],"wp:featuredmedia":[{"embeddable":true,"href":"https:\/\/www.ukctuzla.ba\/ukctuzla\/index.php?rest_route=\/wp\/v2\/media\/16294"}],"wp:attachment":[{"href":"https:\/\/www.ukctuzla.ba\/ukctuzla\/index.php?rest_route=%2Fwp%2Fv2%2Fmedia&parent=442"}],"curies":[{"name":"wp","href":"https:\/\/api.w.org\/{rel}","templated":true}]}}