{"id":4757,"date":"2018-03-12T10:41:39","date_gmt":"2018-03-12T09:41:39","guid":{"rendered":"http:\/\/www.ukctuzla.ba\/ukctuzla\/?page_id=4757"},"modified":"2025-02-28T15:35:46","modified_gmt":"2025-02-28T14:35:46","slug":"klinika-za-hematologiju-i-transplantaciju-maticnih-celija-hematopoeze","status":"publish","type":"page","link":"https:\/\/www.ukctuzla.ba\/ukctuzla\/?page_id=4757&lang=bs","title":{"rendered":"Klinika za hematologiju i transplantaciju mati\u010dnih \u0107elija hematopoeze"},"content":{"rendered":"<p><strong>VD Na\u010delnik:<\/strong> dr.med sci Azra Jahi\u0107 specijalista interne medicine\/subspecijalista hematologije<br \/>\n<strong>Tehni\u010dki sekretar<\/strong>:Jusuf Arnautovi\u0107<br \/>\n<strong>Glavna medicinska sestra:<\/strong> Sanela Sulji\u0107, dipl.med.sestra<br \/>\n<strong>Medicinska sestra- tehni\u010dar za poslove pobol\u0161anja kvaliteta i edukaciju: <\/strong>Alma Zub\u010devi\u0107,dipl. menad\u017eer zdravstvene za\u0161tite<br \/>\nNa\u010delnik Klinike:+387 35 303 385<br \/>\nTeh.sekretar: +387 35 303 107<br \/>\nGlavna sestra:+387 35 303 318<br \/>\nPrijemna ambulanta: +387 35 303 398<br \/>\nSpecijalisti\u010dka ambulanta: +387 35 303 484<br \/>\ne-mail: info@ukctuzla.ba<\/p>\n<p>&nbsp;<\/p>\n<p><strong>DJELATNOST KLINIKE:<\/strong><\/p>\n<ul>\n<li>Planiranje i sprovo\u0111enje dijagnosti\u010dkih i terapijskih postupaka kod hematolo\u0161kih malignih i ne malignih oboljenja<\/li>\n<li>Sprovo\u0111enje hemioterapije<\/li>\n<li>Primjena IMUNOTERAPIJE u kombinaciji sa ili bez hemioterapije<\/li>\n<li>Mobilizacija mati\u010dnih \u0107elija hematopoeze<\/li>\n<li>Visokodozna hemoterapija uz potporu mati\u010dnim \u0107elijama hematopoeze (autologna transplantacija ko\u0161tane sr\u017ei)<\/li>\n<li>Visokodozna hemoterapija u kombinaciji sa alogenom transplantacijom ko\u0161tane sr\u017ei od HLA podudarnog srodnog davaoca)<\/li>\n<li>Diagnosti\u010dke procedure: Biopsija ko\u0161tane sr\u017ei, aspiracija ko\u0161tane sr\u017ei iz sternuma<br \/>\nili kriste ilijake, citomorfolo\u0161ka analiza uzoraka ko\u0161tane sr\u017ei, citomorfolo\u0161ka analiza uzoraka periferne krvi, citogenetske analize ko\u0161tane sr\u017ei i periferne krvi, molekularne analize metofom PCR-a, proto\u010dna citometrija periferne krvi i ko\u0161tane sr\u017ei, lumbalna punkcija u svrhu dijagnostike i terapije,plasiranje CVC,UZabdomena i UZ srca<\/li>\n<\/ul>\n<p>&nbsp;<\/p>\n<p><span style=\"color: #103e59;\"><strong>POLIKLINIKA SA DNEVNOM BOLNICOM<\/strong><\/span><br \/>\n<span style=\"color: #103e59;\"><strong>AMBULANTE:<\/strong><\/span><\/p>\n<ul>\n<li>Dnevna bolnica<\/li>\n<li>Prijemna ambulanta<\/li>\n<li>Hematolo\u0161ka ambulanta<\/li>\n<li>Hematolo\u0161ki konzilij za maligne i nemaligne bolesti<\/li>\n<\/ul>\n<p>&nbsp;<\/p>\n<p><span style=\"color: #103e59;\"><strong>KADROVSKA STRUKTURA<\/strong><\/span><\/p>\n<p>10 doktora<br \/>\n4 specijalista interne medicine\/ subspecijalista hematologije<br \/>\n2 specijalista hematologije<br \/>\n2 specijalizanta iz hematologije<br \/>\n2 doktora medicine<br \/>\n4 dipl. medicinske sestre tehni\u010dari<br \/>\n1 dipl. menad\u017eer u zdravstvenom sistemu<br \/>\n18 SSS medicinskih sestara-tehni\u010dara<\/p>\n<p>&nbsp;<\/p>\n<ul>\n<li>Klinika za hematologiju i TM\u0106H ima na raspolaganju 25 bolesni\u010dkih kreveta.<\/li>\n<\/ul>\n<p>&nbsp;<\/p>\n<p><strong>Prijemna ambulanta radi od 0 h \u2013 24h<\/strong><br \/>\n<strong>Hematolo\u0161ka ambulanta radi svaki radni dan u vremenu od: 08:00 \u2013 16:00h<\/strong><\/p>\n<p>&nbsp;<\/p>\n<p><span style=\"color: #103e59;\"><strong>ODJELJENJE ZA HEMATOLOGIJU<\/strong><\/span><br \/>\nKontakt tel: +387 35 303 107<br \/>\n<strong>\u0160ef Odjeljenja:<\/strong> dr. med.sci. Samira Hasi\u0107<br \/>\n<strong>Odgovorna medicinska sestra:<\/strong> Nizama Fazli\u0107, medicinska sestra<br \/>\n<strong>Odjeljenski ljekari<\/strong>: Dr.med.sci. Samira Hasi\u0107, inernista, dr. Sun\u010dia Petrovi\u0107, ljekar specijalizant; dr. Edin Ikanovi\u0107, specijalizant; dr. Amela Alibegovi\u0107, specijalizant, dr. Edina Me\u0161i\u0107, specijalizant<\/p>\n<ul>\n<li>\u00a0Odjeljenje za hematologiju trenutno raspola\u017ee sa 6 trokrevetnih bolesni\u010dkih soba.<\/li>\n<li>Planiranje i sprovo\u0111enje dijagnosti\u010dkih i terapijskih postupaka kod hematolo\u0161kih malignih i ne malignih oboljenja<\/li>\n<li>Sprovo\u0111enje hemioterapije<\/li>\n<li>Primjena IMUNOTERAPIJE u kombinaciji sa ili bez hemioterapije<\/li>\n<\/ul>\n<p><strong>Dijagnosti\u010dke procedure:<\/strong> Biopsija ko\u0161tane sr\u017ei, aspiracija ko\u0161tane sr\u017ei iz sternuma ili kriste ilijake, citomorfolo\u0161ka analiza uzoraka ko\u0161tane sr\u017ei, citomorfolo\u0161ka analiza uzoraka periferne krvi, citogenetske analize ko\u0161tane sr\u017ei i periferne krvi, molekularne analize metodom PCR-a, proto\u010dna citometrija periferne krvi i ko\u0161tane sr\u017ei, lumbalna punkcija u svrhu dijagnostike i terapije.<\/p>\n<p>&nbsp;<\/p>\n<p><span style=\"color: #103e59;\"><strong>ODJELJENJE ZA TRANSPLANTACIJU MATI\u010cNIH \u0106ELIJA HEMATOPOEZE<\/strong><\/span><br \/>\nKontakt tel: +387 35 303 107<br \/>\n<strong>\u0160ef Odjeljenja:<\/strong> Mr.med.sci.Haris \u0160ahovi\u0107<br \/>\n<strong>Odgovorna medicinska sestra :<\/strong>Alisa Grabovi\u010dki\u0107,dipl.med.sestra<br \/>\n<strong>Odjeljenski lijekari:<\/strong> mr.med.sci.Vlastimir Simendi\u0107.<br \/>\nOdjeljenje raspola\u017ee sa \u010detiri izolacione jedinice (izolacione sobe sa lamina flow i hepa filterom) i jednu reverznu izolaciju sa 3 bolesni\u010dka kreveta.<\/p>\n<ul>\n<li>Djelatnost odjeljenja je sprovo\u0111enje visokodozne hemioterapije u kombinaciji sa autologom ili alogenom transplantacijom mati\u010dne \u0107elije hematopoeze (TM\u0106H)<\/li>\n<li>Alogena TM\u0106H se u na\u0161oj klinici sprovodi kod pacijenata koji imaju HLA podudarnog davaoca, za sada se ne sprovode haploidenti\u010dne niti transplantacije od nesrodonog davaoca<\/li>\n<li>Sve faze transplantacije se sprovode u izolacionim sobama, a po potrebi tj u fazi pripreme za transplantaciju ili neposredno prije otpusta (ukoliko stanje pacijenta to dozvoljava) pacijent boravi van izolacionih soba<\/li>\n<li>Prije same transplantacije vr\u0161e se \u0161ire biohemijske i mikrobiolo\u0161ke pretrage, plasiranje centralnog venskog katetera, pregledi psihiloga i socijalnog radnika, a kod alogene TM\u0106H prethodno se vr\u0161i i HLA tipizacija pacijenta i potencijalnih donora. Tako\u0111er u sklopu pripreme za alogenu TM\u0106H neophodna je i saglasnost eti\u010dke komisije u na\u0161em centru.<\/li>\n<li>Djelatnost odjeljenja je tako\u0111er i postupak mobilizacije i afereze M\u0106H, a u sklopu pripreme za autologu TM\u0106H<\/li>\n<\/ul>\n<p>U posttransplantacionom periodu pacijenti redovno ambulantno prate preko specijalisti\u010dke ambulante<\/p>\n<p>&nbsp;<\/p>\n<p><span style=\"color: #103e59;\"><strong>POLIKLINIKA SA DNEVNOM BOLNICOM<\/strong><\/span><br \/>\n<strong>Odgovorna medicinska sestra:<\/strong> Alma Me\u0161kovi\u0107, dipl.medicinska sestra<\/p>\n<p><strong>Prijemna ambulanta:<\/strong><br \/>\nU prijemnoj ambulatni vr\u0161e se pregled, prijem i obrada pacijenata, te kompletan ljekarski pregled uz otvaranje temperaturne liste, uzimanje EKG-a i sestrinske anamneze ako se pacijent prima na hospitalizaciju. Pacijent se protokoli\u0161e i upu\u0107uje na Odjeljenje radi daljeg lije\u010denja.<br \/>\nAko se pacijent vra\u0107a na ambulantno lije\u010denje ljekar specijalista mu pi\u0161e nalaz i daje preporuke za nastavak lije\u010denja.<\/p>\n<p><strong>Hematolo\u0161ka ambulanta:<\/strong><br \/>\nU hematolo\u0161koj ambulanti vr\u0161e se stru\u010dno-konsultativni pregledi uz prethodno zakazani termin kod nadle\u017enog lijekara specijaliste<\/p>\n<p><strong>Hematolo\u0161ki konzilij:<\/strong><br \/>\nRad hematolo\u0161kog konzilija odvija se prijavom pacijenta od strane odgovornog ljekara koji prezentira stanje pacijenta konzilijarnom timu, koji nakon uvida u dokumentaciju i pregleda pacijenta donosi odluku o modalitetima lije\u010denja;<br \/>\nKonzilijarni tim je multidisciplinaran i \u010dine ga zdravstveni profesionalci razli\u010ditih medicinskih grana (kao npr. u sklopu hematolo\u0161kog konzilija postoji i tim za transplantaciju mati\u010dnih \u0107elija ko\u0161tane sr\u017ei sastavljen od razli\u010ditih profila). Osim prezentacije na konziliju vr\u0161i se i registracija malignih oboljenja, te ovjervanje propratne dokumentacije (recepti, dopisi prema Zavodima zdravstvenog osiguranja i sl.);<\/p>\n<p><strong>Hematolo\u0161ki konzilij radi utorkom u vremenu od 12 \u2013 14h<\/strong><br \/>\n<strong>Sve dodatne informacije se mogu dobiti na telefon +387 35 303 107.<\/strong><\/p>\n<p>&nbsp;<\/p>\n<p>&nbsp;<\/p>\n","protected":false},"excerpt":{"rendered":"<p>VD Na\u010delnik: dr.med sci Azra Jahi\u0107 specijalista interne medicine\/subspecijalista hematologije Tehni\u010dki sekretar:Jusuf Arnautovi\u0107 Glavna medicinska sestra: Sanela Sulji\u0107, dipl.med.sestra Medicinska sestra- tehni\u010dar za poslove pobol\u0161anja kvaliteta i edukaciju: Alma Zub\u010devi\u0107,dipl. menad\u017eer zdravstvene za\u0161tite Na\u010delnik Klinike:+387 35 303 385 Teh.sekretar: +387 35 303 107 Glavna sestra:+387 35 303 318 Prijemna ambulanta: +387 35 303 398 Specijalisti\u010dka&hellip;<\/p>\n","protected":false},"author":2,"featured_media":16294,"parent":0,"menu_order":0,"comment_status":"closed","ping_status":"closed","template":"","meta":{"footnotes":""},"class_list":["post-4757","page","type-page","status-publish","has-post-thumbnail","hentry","description-off"],"_links":{"self":[{"href":"https:\/\/www.ukctuzla.ba\/ukctuzla\/index.php?rest_route=\/wp\/v2\/pages\/4757","targetHints":{"allow":["GET"]}}],"collection":[{"href":"https:\/\/www.ukctuzla.ba\/ukctuzla\/index.php?rest_route=\/wp\/v2\/pages"}],"about":[{"href":"https:\/\/www.ukctuzla.ba\/ukctuzla\/index.php?rest_route=\/wp\/v2\/types\/page"}],"author":[{"embeddable":true,"href":"https:\/\/www.ukctuzla.ba\/ukctuzla\/index.php?rest_route=\/wp\/v2\/users\/2"}],"replies":[{"embeddable":true,"href":"https:\/\/www.ukctuzla.ba\/ukctuzla\/index.php?rest_route=%2Fwp%2Fv2%2Fcomments&post=4757"}],"version-history":[{"count":15,"href":"https:\/\/www.ukctuzla.ba\/ukctuzla\/index.php?rest_route=\/wp\/v2\/pages\/4757\/revisions"}],"predecessor-version":[{"id":18018,"href":"https:\/\/www.ukctuzla.ba\/ukctuzla\/index.php?rest_route=\/wp\/v2\/pages\/4757\/revisions\/18018"}],"wp:featuredmedia":[{"embeddable":true,"href":"https:\/\/www.ukctuzla.ba\/ukctuzla\/index.php?rest_route=\/wp\/v2\/media\/16294"}],"wp:attachment":[{"href":"https:\/\/www.ukctuzla.ba\/ukctuzla\/index.php?rest_route=%2Fwp%2Fv2%2Fmedia&parent=4757"}],"curies":[{"name":"wp","href":"https:\/\/api.w.org\/{rel}","templated":true}]}}