{"id":494,"date":"2018-09-18T12:06:59","date_gmt":"2018-09-18T11:06:59","guid":{"rendered":"http:\/\/10.0.0.65\/ukctuzla3\/?page_id=494"},"modified":"2025-10-10T14:45:47","modified_gmt":"2025-10-10T13:45:47","slug":"klinika-za-onkologiju-hematologiju-i-radioterapiju","status":"publish","type":"page","link":"https:\/\/www.ukctuzla.ba\/ukctuzla\/?page_id=494&lang=bs","title":{"rendered":"KLINIKA ZA ONKOLOGIJU I RADIOTERAPIJU"},"content":{"rendered":"<p><strong>V.D. Na\u010delnik:<\/strong> Prof.Dr.med.sci. \u0160efika Umihani\u0107, specijalista pneumoftiziolog, subspecijalista medicinski onkolog<br \/>\n<strong>Glavna medicinska sestra:<\/strong> Lejla Balvanovi\u0107, magistar sestrinstva<br \/>\n<strong>Tehni\u010dki sekretar:<\/strong> Amra Ov\u010dina<\/p>\n<p>Na\u010delnik Klinke: +387 35 303 485<br \/>\nTeh.sekretar: +387 35 303 389<br \/>\ne-mail: info@ukctuzla.ba<\/p>\n<p>&nbsp;<\/p>\n<p><strong>DJELATNOST KLINIKE:<\/strong><\/p>\n<ul>\n<li>Planiranje i sprovo\u0111enje dijagnosti\u010dkih i terapijskih postupaka kod malignih oboljenja, solidnih tumora<\/li>\n<li>Ordiniranje hemoterapije, ciljane terapije, biolo\u0161ke i imunoterapije<\/li>\n<li>Sprovo\u0111enje radioterapije<\/li>\n<li>Onkolo\u0161ki konzilij<\/li>\n<\/ul>\n<p>&nbsp;<\/p>\n<p><strong>ORGANIZACIONA STRUKTURA ODJELJENJA:<\/strong><\/p>\n<ul>\n<li>Odjeljenje za onkologiju A<\/li>\n<li>Odjeljenje za onkologiju B<\/li>\n<li>Odjeljenje za radioterapiju<\/li>\n<li>Odsjek za teleterapiju<\/li>\n<li>Odsjek za brahiterapiju<\/li>\n<\/ul>\n<p>&nbsp;<\/p>\n<p><strong>POLIKLINIKA:<\/strong><\/p>\n<ul>\n<li>prijemna ambulanta<\/li>\n<li>savjetovali\u0161te za nutritivnu potporu<\/li>\n<li>savjetovali\u0161te za psiholo\u0161ku potporu<\/li>\n<li>specijalisti\u010dke ambulante (onkologija i radioterapija)<\/li>\n<\/ul>\n<p>&nbsp;<\/p>\n<p><strong>DNEVNA BOLNICA:<\/strong><\/p>\n<ul>\n<li>Dnevna bolnica za aplikaciju specifi\u010dne onkolo\u0161ke terapije<\/li>\n<\/ul>\n<p>&nbsp;<\/p>\n<p>&nbsp;<\/p>\n<p style=\"text-align: justify;\"><strong>Onkolo\u0161ki konzilij:<\/strong><br \/>\nRad onkolo\u0161kog konzilija odvija se prijavom pacijenta od strane odgovornog ljekara koji prezentira stanje pacijenta konzilijarnom timu, koji nakon uvida u dokumentaciju i pregleda pacijenta donosi odluku o modalitetima lije\u010denja;<\/p>\n<p style=\"text-align: justify;\">Konzilijarni tim je multidisciplinaran i \u010dine ga zdravstveni profesionalci razli\u010ditih medicinskih grana (kao npr. hirurg odre\u0111ene specijalnosti, patolog, medicinski onkolog, radijacijski onkolog, klini\u010dki farmakolog, radiolog i druge specijalnosti ovisno od primarne lokalizacije tumora).<br \/>\nOsim prezentacije na konziliju vr\u0161i se i prijava malignih oboljenja, te ovjervanje propratne dokumentacije (recepti, dopisi prema Zavodima zdravstvenog osiguranja i sl.);<\/p>\n<p>&nbsp;<\/p>\n<p><strong>Rad op\u0161teg onkolo\u0161kog konzilija se odvija po sljede\u0107em rasporedu:<\/strong><br \/>\n<strong>Ponedjeljak:\u00a0<\/strong> 12 \u2013 14h (Karcinom dojke i maligni melanom)<br \/>\n<strong>Utorak:\u00a0<\/strong> \u00a0 09-11h (Maligne bolesti plu\u0107a) i 12\u201314h (Maligne ginekolo\u0161e bolesti konzilij)<br \/>\n<strong>Srijeda:\u00a0<\/strong> 12\u201314h (Osteosarkomi i mekotkivni tumori kod odraslih i tumori glave i vrata, maligne gastrointentsitnalne bolesti)<br \/>\n<strong>\u010cetvrtak:<\/strong>\u00a0 12 \u2013 14h (CNS i urolo\u0161ki malignomi)<br \/>\n<strong>Petak:<\/strong>\u00a0 9:30 \u2013 12h (Konzilij za maligne gastrointenstinalne bolesti)<\/p>\n<p>&nbsp;<\/p>\n<p>&nbsp;<\/p>\n<p><strong>KADROVSKA STRUKTURA<\/strong><br \/>\nUkupan broj uposlenika \u2013 73<br \/>\nLjekara specijalista \u2013 11<br \/>\nLjekara subspecijalista \u2013 6<br \/>\nLjekara subspecijalizanta &#8211; 2<br \/>\nLjekara specijalizanta \u2013 9<br \/>\nKlini\u010dki psiholog &#8211; 1<\/p>\n<p>Medicinskih sestara sa visokom zdravstvenom \u0161kolom \u2013 8 (2 magistra sestrinstva)<br \/>\nMedicinskih sestara sa srednjom medicinskom \u0161kolom \u2013 30<br \/>\nIn\u017einjer medicinske radiologije \u2013 11 (1 doktor medicinske radiologije i 1 magistar medicinske radiologije, 1 bachelor radiologije)<br \/>\nNemedicinskih radnika \u2013 3<\/p>\n<p>&nbsp;<\/p>\n<p>Klinika za onkologiju i radioterapiju kapaciteta je od 50 bolesni\u010dkih kreveta (Odjeljenje za onkologiju A-14, Odjeljenje za onkologiju B-26, Odjeljenje za radioterapiju &#8211; 10 )<\/p>\n<p>&nbsp;<\/p>\n<p><strong>Prijemna ambulanta radi od 0 h \u2013 24h<\/strong><br \/>\n<strong>Onkolo\u0161ka dnevna bolnica radi od: 07:30-16h<\/strong><br \/>\n<strong>Specijalisti\u010dka onkolo\u0161ka ambulanta rade svaki radni dan u vremenu od: 10:00 \u2013 16:00h <\/strong><br \/>\n<strong>Specijalisti\u010dka ambulanta radioterapije radi svaki radni dan u vremenu od: 08:00 \u2013 16:00h<\/strong><\/p>\n<p>&nbsp;<\/p>\n<p>&nbsp;<\/p>\n<p><strong>ODJELJENJE ZA ONKOLOGIJU A<\/strong><br \/>\n<strong>\u0160ef Odjeljenja:<\/strong> Prim.dr. Dijana Kopri\u0107 spec.interne med.,onkolog<br \/>\n<strong>Odgovorna sestra<\/strong> Odjeljenja: Innela Memi\u0107, magistar sestrinstva<\/p>\n<p>Kontakt tel: +387 35 303 363 &#8211; Odjeljenje<\/p>\n<ul>\n<li>Odjeljenje za onkologiju raspola\u017ee sa 14 kreveta;<\/li>\n<li>Sprovodi se konzervativna hemoterapija, ciljana terapija biolo\u0161kim ljekovima i imunoterapija po uzoru na suvremene ustanove u svijetu;<\/li>\n<li>Na Odjeljenju se izvodi niz dijagnosti\u010dkih usluga: biohemijske analize, mikrobiolo\u0161ke, imunolo\u0161ke, CT\/MRI dijagnostika (radi pra\u0107enja odgovora na terapiju), te pleuralna i abdominalne punkcije po potrebi;<\/li>\n<li>Sprovodi se zdravstveno-vaspitni rad sa onkolo\u0161kim pacijentom i porodicom te vo\u0111enje bolesnika u skladu sa procesom zdravstvene njege<\/li>\n<li>Svakodnevno u radu multidisciplinarnog tima u\u010destvuje Klini\u010dki psiholog<\/li>\n<li>Zbrinjavanje komplikacija bolesti i komplikacija izazvanih terapijom<\/li>\n<\/ul>\n<p>&nbsp;<\/p>\n<p>&nbsp;<\/p>\n<p><strong>ODJELJENJE ZA ONKOLOGIJU B<\/strong><br \/>\n<strong>\u0160ef Odjeljenja:<\/strong> Doc.dr.med.sci. Lejla Alid\u017eanovi\u0107 Nurkanovi\u0107, specijalista interne medicine, subspecijalizant medicinske onkologije<br \/>\n<strong>Odgovorna sestra Odjeljenja:<\/strong> Hasnija Zoni\u0107, dipl.med.sestra<\/p>\n<ul>\n<li>Odjeljenje za onkologiju raspola\u017ee sa 26 kreveta;<\/li>\n<li>Sprovodi se konzervativna hemoterapija, ciljana terapija biolo\u0161kim ljekovima i imunoterapija po uzoru na suvremene ustanove u svijetu;<\/li>\n<li>Na Odjeljenju se izvodi niz dijagnosti\u010dkih usluga: biohemijske analize, mikrobiolo\u0161ke, imunolo\u0161ke, CT\/MRI dijagnostika (radi pra\u0107enja odgovora na terapiju), te pleuralna i abdominalne punkcije po potrebi;<\/li>\n<li>Sprovodi se zdravstveno-vaspitni rad sa onkolo\u0161kim pacijentom i porodicom te vo\u0111enje bolesnika u skladu sa procesom zdravstvene njege<\/li>\n<li>Svakodnevno u radu multidisciplinarnog tima u\u010destvuje Klini\u010dki psiholog<\/li>\n<li>Zbrinjavanje komplikacija bolesti i komplikacija izazvanih terapijom.<\/li>\n<\/ul>\n<p>&nbsp;<\/p>\n<p>&nbsp;<\/p>\n<p>&nbsp;<\/p>\n<p><strong>DNEVNA BOLNICA ZA APLIKACIJU SPECIFI\u010cNE ONKOLO\u0160KE TERAPIJE<\/strong><br \/>\n<strong>\u0160ef :<\/strong> dr.Amela Altumbabi\u0107, spec.interne medicine,onkolog;<br \/>\n<strong>Odgovorna sestra:<\/strong> Amela Kafed\u017ei\u0107, dipl.med.sestra<\/p>\n<p>&nbsp;<\/p>\n<p>&nbsp;<\/p>\n<p><strong>POLIKLINIKA:<\/strong><br \/>\n\u0160ef: dr. Lejla Moranjki\u0107, specijalista interne medicine, subspecijalizant medicinske onkologije<\/p>\n<p>&nbsp;<\/p>\n<p>&nbsp;<\/p>\n<p><strong>ODJELJENJE ZA RADIOTERAPIJU<\/strong><br \/>\n<strong>\u0160ef Odjeljenja:<\/strong> Prim.Doc.Dr.med.sci.Hasan Osmi\u0107, specijalista radioterapije, onkolog<br \/>\nKontakt tel: +387 35 303 486<br \/>\n<strong>Odgovorni radiolo\u0161ki in\u017einjer:<\/strong> dipl.ing.radiologije Muhamed Top\u010dagi\u0107, dr.sci.<br \/>\nKontakt tel: +387 35 303 487<br \/>\nPult: Kontakt tel: +387 35 303 483<\/p>\n<p><strong>\u0160ef Odsjeka za teleterapiju:<\/strong> Anela Rami\u0107,mr.med.sci.,specijalista radijacijske onkologije; subspecijalista medicinski onkolog<br \/>\nKontakt tel: +387 35 303 489<br \/>\n<strong>Odgovorni in\u017einjer:<\/strong> Dario Jakovljevi\u0107, ing.med.rad.<\/p>\n<ul>\n<li>Odjeljenje za radioterapiju raspola\u017ee sa 10 kreveta;<\/li>\n<li style=\"text-align: justify;\">Odjeljenje za radioterapiju UKC Tuzla raspola\u017ee sa: CT \u2013 simulatorom za planiranje radioterapije Canon Aquilon LB, jednim lienarnim akceleratorom Elekta Versa HD sa dualnim, fotonskim i elektronskim, modom rada, ure\u0111ajem za brahiterapiju GammaMed Varian sa izvorom iridij 192, kompjuterskim sistemom za 3D planiranje radioterapije Monaco, kompjuterskim sistemom za komunikaciju i pohranu podataka Impac Mosaiq, setom dozimetrijske opreme koji uklju\u010duje odgovaraju\u0107e fantome i jonizacione komore,<\/li>\n<li style=\"text-align: justify;\">Odjeljenje pru\u017ea usluge iradijacije onkolo\u0161kih pacijenata na osnovu prethodnih dijagnosti\u010dkih i patohistlo\u0161kih ispitivanja, 3D planiranja konformalne radioterapije, IMRT i VMAT, teleradioterapije malignih tumora svih lokalizacija, te savjetovanja i monitoringa pacijenata nakon provedene radioterapije.<\/li>\n<li style=\"text-align: justify;\">Uposlenici Odjeljenja za radioterapiju redovno u\u010destvuju u programima kontinuirane edukacije referentnih me\u0111unarodnih organizacija, Evropskog udru\u017eenja za radiologiju i onkologiju (ESTRO) i Internacionalne agencije za atomsku energiju (IAEA).<\/li>\n<li style=\"text-align: justify;\">S obzirom na tehni\u010dku i kadrovsku opremljenost, pove\u0107anu potrebu za radioterapijskim uslugama i \u010dinjenicu da Odjeljenje za radioterapiju JZU UKC Tuzla pru\u017ea zdravstvene usluge pacijentima iz cijele FBiH, na Odjeleljnju za radioterapiju JZU UKC Tuzla godi\u0161nje se tretira oko 1200 pacijenata.<\/li>\n<\/ul>\n<p>&nbsp;<\/p>\n<p>Uz kontinuiranu edukaciju svih uposlenika i opremu koju posjeduje Odjeljenje za radioterapiju JZU UKC Tuzla, mo\u017eemo se svrstati u sami vrh evropske radiotearpije.<\/p>\n<p>&nbsp;<\/p>\n","protected":false},"excerpt":{"rendered":"<p>V.D. Na\u010delnik: Prof.Dr.med.sci. \u0160efika Umihani\u0107, specijalista pneumoftiziolog, subspecijalista medicinski onkolog Glavna medicinska sestra: Lejla Balvanovi\u0107, magistar sestrinstva Tehni\u010dki sekretar: Amra Ov\u010dina Na\u010delnik Klinke: +387 35 303 485 Teh.sekretar: +387 35 303 389 e-mail: info@ukctuzla.ba &nbsp; DJELATNOST KLINIKE: Planiranje i sprovo\u0111enje dijagnosti\u010dkih i terapijskih postupaka kod malignih oboljenja, solidnih tumora Ordiniranje hemoterapije, ciljane terapije, biolo\u0161ke i&hellip;<\/p>\n","protected":false},"author":1,"featured_media":16294,"parent":0,"menu_order":0,"comment_status":"closed","ping_status":"closed","template":"","meta":{"footnotes":""},"class_list":["post-494","page","type-page","status-publish","has-post-thumbnail","hentry","description-off"],"_links":{"self":[{"href":"https:\/\/www.ukctuzla.ba\/ukctuzla\/index.php?rest_route=\/wp\/v2\/pages\/494","targetHints":{"allow":["GET"]}}],"collection":[{"href":"https:\/\/www.ukctuzla.ba\/ukctuzla\/index.php?rest_route=\/wp\/v2\/pages"}],"about":[{"href":"https:\/\/www.ukctuzla.ba\/ukctuzla\/index.php?rest_route=\/wp\/v2\/types\/page"}],"author":[{"embeddable":true,"href":"https:\/\/www.ukctuzla.ba\/ukctuzla\/index.php?rest_route=\/wp\/v2\/users\/1"}],"replies":[{"embeddable":true,"href":"https:\/\/www.ukctuzla.ba\/ukctuzla\/index.php?rest_route=%2Fwp%2Fv2%2Fcomments&post=494"}],"version-history":[{"count":38,"href":"https:\/\/www.ukctuzla.ba\/ukctuzla\/index.php?rest_route=\/wp\/v2\/pages\/494\/revisions"}],"predecessor-version":[{"id":19748,"href":"https:\/\/www.ukctuzla.ba\/ukctuzla\/index.php?rest_route=\/wp\/v2\/pages\/494\/revisions\/19748"}],"wp:featuredmedia":[{"embeddable":true,"href":"https:\/\/www.ukctuzla.ba\/ukctuzla\/index.php?rest_route=\/wp\/v2\/media\/16294"}],"wp:attachment":[{"href":"https:\/\/www.ukctuzla.ba\/ukctuzla\/index.php?rest_route=%2Fwp%2Fv2%2Fmedia&parent=494"}],"curies":[{"name":"wp","href":"https:\/\/api.w.org\/{rel}","templated":true}]}}