{"id":504,"date":"2020-07-03T04:13:38","date_gmt":"2020-07-03T03:13:38","guid":{"rendered":"http:\/\/10.0.0.65\/ukctuzla3\/?page_id=504"},"modified":"2026-03-11T15:20:40","modified_gmt":"2026-03-11T14:20:40","slug":"poliklinika-za-transfuziologiju","status":"publish","type":"page","link":"https:\/\/www.ukctuzla.ba\/ukctuzla\/?page_id=504&lang=bs","title":{"rendered":"POLIKLINIKA ZA TRANSFUZIOLOGIJU"},"content":{"rendered":"<p><strong>v.d. Na\u010delnika Poliklinike<\/strong>: Prof.dr. med.sci. Sunita Deli\u0107-\u0106ustendil, specijalista transfuziolog<br \/>\ne-mail:info@ukctuzla.ba<br \/>\n<strong>Glavna medicinska sestra- tehni\u010dar Poliklinke:<\/strong> Indira Jahi\u0107, dipl. medicinsko &#8211; laboratorijski in\u017eenjer<br \/>\nTel: ++ 387 35 303 523<br \/>\ne-mail: info@ukctuzla.ba<br \/>\n<strong>Med. sestra za poslove pobolj\u0161anja kvaliteta i edukaciju<\/strong>: Dipl. Ing. medicinsko- laboratorijske dijagnostike Zulejha Sadikovi\u0107<br \/>\nTel: ++ 387 35 303 557<br \/>\ne-mail:info@ukctuzla.ba<br \/>\nVa\u017eniji telefonski brojevi za kontakt:<br \/>\nTel: ++ 387 35 303 548-info pult- informacije za pacijente<br \/>\nTel: ++ 387 35 303 514- info pult- informacije za dobrovoljne davaoce krvi<br \/>\nTel: ++ 387 35 303 514- organizacija i promocija davala\u0161tva krvi<br \/>\ne-mail:info@ukctuzla.ba<\/p>\n<p><strong>RADNO VRIJEME<\/strong><br \/>\n<strong>Dobrovoljni davaoci krvi radnim danom od 08 \u2013 15 h,<\/strong><br \/>\n<strong>Ambulantni pacijenti radnim danom od 08 \u2013 12 h,<\/strong><br \/>\n<strong>Imunohematolo\u0161ka i serolo\u0161ka testiranja radnim danom od 08- 11 h<\/strong><br \/>\n<strong>Pacijenti na oralnoj antikoagulantnoj terapiji radnim danom od 10 \u2013 12 h<\/strong><br \/>\n<strong>Izdavanje nalaza radnim danom od 15 \u2013 16 h<\/strong><\/p>\n<p><strong>DJELATNOST POLIKLINIKE:<\/strong><\/p>\n<ul>\n<li>koordiniranje promocije i organizacije davanja krvi na podru\u010dju Tuzlanskog kantona u saradnji sa op\u0107inskim organizacijama crvenog kri\u017ea i sindikanlnim organizacijama, udru\u017eenjima gra\u0111ana, \u0161kolama i fakultetima Tuzlanskog kantona,<\/li>\n<li>prikupljanje krvi od dobrovoljnih davalaca, opskrba krvnim pripravcima klinika Ustanove,<\/li>\n<li>proizvodnja, \u010duvanje i distribucija krvnih pripravaka,<\/li>\n<li>serolo\u0161ka, imunohematolo\u0161ka testiranja davalaca krvi,<\/li>\n<li>vo\u0111enje evidencije davaoca krvi koji su privremeno ili trajno isklju\u010deni iz procesa darivanja krvi,<\/li>\n<li>pra\u0107enje potreba za krvnim pripravcima i lijekovima proizvedenim iz krvi klinika Ustanove,<\/li>\n<li>nadziranje racionalnosti\/opravdanosti primjene krvi i krvnih pripravaka,<\/li>\n<li>pra\u0107enje i analiziranje efekata transfuzijskog lije\u010denja,<\/li>\n<li>dijagnosti\u010dka serolo\u0161ka, imunohematolo\u0161ka ispitivanja bolesnika,<\/li>\n<li>ispitivanje poreme\u0107aja hemostaze i kontrola pacijenata na oralnoj antikoagulantnoj terapiji,<\/li>\n<li>prenatalna imunohematolo\u0161ka i serolo\u0161ka ispitivanja trudnica,<\/li>\n<li>donorske i terapijske aferezne procedure,<\/li>\n<li>izdvajanje i kriokonzervacija mati\u010dnih stanica za potrebe autologne i alogene transplantacije<\/li>\n<li>uspostavljanje i odr\u017eavanje jedinstvenog informacionog sistema,<\/li>\n<li>vo\u0111enje evidencije o ozbiljnim \u0161tetnim doga\u0111ajima i ozbiljnim \u0161tetnim reakcijama,<\/li>\n<li>organiziranje i provo\u0111enje kontinuirane edukacije kadra iz oblasti transfuzijske medicine,<\/li>\n<li>konsultacije u klini\u010dkoj transfuziologiji, klini\u010dko konzilijarna djelatnost vezano za terapiju krvnim pripravcima, poreme\u0107ajima zgru\u0161avanja i hemovigilance.<\/li>\n<\/ul>\n<p><strong>ORGANIZACIONA STRUKTURA:<\/strong><br \/>\n<strong>ODJELJENJA<\/strong><\/p>\n<ol>\n<li>Odjeljenje za kolekciju krvi i komponenata krvi<\/li>\n<li>Odjeljenje za imunohematologiju, hemostazu i trombozu<\/li>\n<li>Odjeljenje za proizvodnju komponenata krvi<\/li>\n<li>Odjeljenje za predtransfuziona ispitivanja, terapiju i distribuciju lijekova od krvi<\/li>\n<li>Odjeljenje za detekciju zaraznih bolesti prenosivih krvlju<\/li>\n<\/ol>\n<p><strong>AMBULANTE:<\/strong><\/p>\n<ul>\n<li>Ambulanta za prenatalnu za\u0161titu trudnica<\/li>\n<li>Ambulanta za kontrolu antikoagulantne terapije<\/li>\n<li>Ambulanta za pregled davalaca krvi<\/li>\n<li>Ambulanta za terapijske venepunkcije<\/li>\n<\/ul>\n<p><strong>SAVJETOVALI\u0160TA:<\/strong><\/p>\n<ul>\n<li>Savjetovali\u0161te za davaoce krvi sa reaktivnim i nejasnim rezultatima imunohematolo\u0161kih i serolo\u0161kih testova.<\/li>\n<\/ul>\n<p>Poliklinika raspola\u017ee mobilnim timom koji planski radi na prikupljanju rezervi krvi na podru\u010dju Tuzlanskog kantona.<\/p>\n<p><strong>KADROVI:<\/strong><\/p>\n<p>10 specijalista transfuzijske medicine<br \/>\n1 diplomirana medicinskih sestara -tehni\u010dar<br \/>\n6 diplomiranih in\u017eenjera medicinsko -laboratorijske dijagnostike<br \/>\n18 medicinskih i laboratorijskih tehni\u010dara sa srednjom medicinskom \u0161kolom<br \/>\n3 medicinska saradnika sa VSS (2 diplomirana defektologa i 1 magistar farmacije)<br \/>\n5 nemedicinskih radnika<\/p>\n<p><strong>ODJELJENJA<\/strong><\/p>\n<p><span style=\"color: #993300;\"><strong>1. Odjeljenje za kolekciju krvi i krvnih komponenata<\/strong><\/span><br \/>\n<strong>\u0160ef odjeljenja<\/strong>: Mr.sci. dr. Svetlana Jovi\u0107-Lackovi\u0107, specijalista transfuzijske medicine<br \/>\n<strong>Odgovorni laboratorijski tehni\u010da<\/strong>r: Dipl. ing.med. laboratorijske dijagnostike Jasmin Silajd\u017ei\u0107<\/p>\n<p>Djelatnost odjeljenja je rad na prikupljanju krvi od dobrovoljnih davalaca u Ustanovi i u sklopu mobilnog tima u op\u0107inama Tuzlanskog kantona<\/p>\n<p><strong>AKTIVNOSTI :<\/strong><\/p>\n<ul>\n<li>planiranje potreba za krvlju na osnovu pra\u0107enja zahtjeva, potro\u0161nje i planova razvoja Ustanove,<\/li>\n<li>izrada godi\u0161njeg plana akcija darivanja krvi i njegova razrada po mjesecima i sedmicama,<\/li>\n<li>kontinuiran rad i u\u010de\u0161\u0107e u edukaciji i animiranju stanovni\u0161tva za darivanje krvi u saradnji sa organizacijama Crvenog kri\u017ea\/krsta na op\u0107inama Tuzlanskog kantona,<\/li>\n<li>prikupljanje krvi od dobrovoljnih davalaca na terenu i u Ustanovi,<\/li>\n<li>vo\u0111enje evidencije privremeno i trajno odbijenih davalaca krvi,<\/li>\n<li>pra\u0107enje ne\u017eeljenih reakcija kod davalaca krvi,<\/li>\n<li>savjetovanje davalaca krvi sa reaktivnim i nejasnim rezultatima na markere krvlju prenosivih bolesti i rezultatima imunohematolo\u0161kih testiranja,<\/li>\n<li>ambulantne terapijske venepunkcije,<\/li>\n<li>edukacija specijalizanata i drugog medicinskog osoblja iz oblasti transfuzijske medicine.<\/li>\n<\/ul>\n<p><strong>U sklopu Odjeljenja je:<\/strong><br \/>\n1. ambulanta za pregled davalaca krvi<br \/>\n2. mobilni tim koji prikuplja krv na podru\u010dju Tuzlanskog kantona shodno planiranim aktivnostima<br \/>\n3. savjetovali\u0161te za davaoce krvi sa reaktivnim i nejasnim rezultatima imunohematolo\u0161kih i serolo\u0161kih testova<\/p>\n<p>&nbsp;<\/p>\n<p><span style=\"color: #993300;\"><strong>2. Odjeljenje za imunohematologiju, hemostazu i trombozu<\/strong><\/span><br \/>\n<strong>\u0160ef odjeljenja: <\/strong>dr. Jasmina Petrov- Ra\u0161li\u0107, specijalista transfuzijske medicine<br \/>\n<strong>Odgovorni laboratorijski tehni\u010dar<\/strong>: Dipl. ing.med. laboratorijske dijagnostike Sadeta Joldi\u0107<\/p>\n<p>Osnovna djelatnost odjeljenja podrazumjeva imunohematolo\u0161ka ispitivanja za ambulantne pacijente i dobrovoljne davaoce krvi. Ispitivanje funkcije hemostaze ambulantnih i bolni\u010dkih pacijenata kao i pra\u0107enje pacijenata na oralnoj antikoagulantnoj terapiji.<\/p>\n<p><strong>AKTIVNOSTI:<\/strong><\/p>\n<p>imunohematolo\u0161ka dijagnostika dobrovoljnih davalaca krvi,<br \/>\nimunohematolo\u0161ka dijagnostika trudnica i ambulantnih pacijenata,<br \/>\nfenotipizacija eritrocitnih antigena i identifikacija iregularnih antitijela<br \/>\nlaboratorijska dijagnostika poreme\u0107aja hemostaze ambulantnih pacijenata,<br \/>\nlaboratorijska dijagnostika poreme\u0107aja hemostaze bolni\u010dkih pacijenata,<br \/>\nlaboratorijska kontrola pacijenata na oralnoj antikoagulantnoj terapiji,<br \/>\nordiniranje i pra\u0107enje oralne antikoagulantne terapije ambulantnih i odjeljenskih pacijenata,<br \/>\nedukacija specijalizanata i drugog medicinskog osoblja iz oblasti transfuzijske medicine.<\/p>\n<p>Popis testova koji se rade na odjeljenju se nalazi u<strong> &#8221; Katalogu usluga laboratorijskih pretraga&#8221;<\/strong><\/p>\n<p><strong>U sklopu Odjeljenja su :<\/strong><br \/>\n1. ambulanta za prenatalnu za\u0161titu trudnica<br \/>\n2. ambulanta za kontrolu oralne antikoagulantne terapije<\/p>\n<p>&nbsp;<\/p>\n<p><span style=\"color: #993300;\"><strong>3. Odjeljenje za proizvodnju komponenata krvi<\/strong><\/span><br \/>\n<strong>\u0160ef Odjeljenja: <\/strong>Dr. med.sci. Sabina \u010camd\u017ei\u0107-Smaji\u0107-specijalista transfuzijske medicine<br \/>\n<strong>Odgovorni laboratorijski tehni\u010dar:<\/strong> Dipl. ing.med. laboratorijske dijagnostike Hajrija Suljanovi\u0107<\/p>\n<p>Djelatnost odjeljenja je priprema, proizvodnja i \u010duvanje krvnih pripravaka dobijenih iz krvi prikupljene od dobrovoljnih davalaca koji se svakodnevno koriste kao nezamjenjivi terapijski i supstitucioni lijek u klini\u010dkoj praksi.<\/p>\n<p><strong>AKTIVNOSTI:<\/strong><br \/>\nU sklopu odjeljenja obavljaju se postupci proizvodnje, pripreme i \u010duvanja stani\u010dnih i plazmatskih krvnih pripravaka i to:<\/p>\n<ul>\n<li>razni oblici eritrocitnih pripravaka,<\/li>\n<li>trombocitnih pripravaka,<\/li>\n<li>plazmatskih pripravaka,<\/li>\n<li>krioprecipitata.<\/li>\n<\/ul>\n<p><strong>U sklopu odjeljenja vr\u0161i se:<\/strong><\/p>\n<ul>\n<li>aferezno prikupljanje mati\u010dnih \u0107elija hematopoeze ( M\u0106H) za potrebe autologne i alogene transplantacije hematolo\u0161kih pacijenata,<\/li>\n<li>kriokonzervacija aferezno prikupljenih M\u0106H,<\/li>\n<li>programirano zamrzavanje M\u0106H do temperature skladi\u0161tenja,<\/li>\n<li>\u010duvanje finalnog produkta M\u0106H na standardnoj temperaturi,<\/li>\n<li>kontinuirana edukacija uposlenika.<\/li>\n<\/ul>\n<p>Popis proizvodnje i pripreme krvnih pripravaka se nalazi u<strong> &#8221; Katalogu usluga &#8220;<\/strong><\/p>\n<p>&nbsp;<\/p>\n<p><span style=\"color: #993300;\"><strong>4. Odjeljenje za detekciju zaraznih bolesti prenosivih krvlju<\/strong><\/span><br \/>\n<strong>\u0160ef odjeljenja: <\/strong>Mr med. sci.\u00a0dr Aida \u017dabi\u0107, specijalista transfuziolog<br \/>\n<strong>Odgovorni tehni\u010dar<\/strong>: Mr.sci.\u00a0 Edis Zuki\u0107, dipl.medicinski tehni\u010dar zdravstvene njege<\/p>\n<p>Djelatnost odjeljenja je ispitivanje krvi davalaca i bolesnika na uzro\u010dnike krvlju prenosivih bolesti<\/p>\n<p><strong>AKTIVNOSTI:<\/strong><\/p>\n<ul>\n<li>Serolo\u0161ko testiranje davalaca krvi na prisustvo uzro\u010dnika krvlju prenosivih bolesti<\/li>\n<li>(Hepatitis B, Hepatitis C, HIV, i Sifilis),<\/li>\n<li>Serolo\u0161ko testiranje na virusne markere (Hepatitis B, Hepatitis C, HIV, Sifilis) trudnica i pacijenata.<\/li>\n<li>edukacija specijalizanata i drugog medicinskog osoblja iz oblasti\u00a0 transfuzijske medicine<\/li>\n<\/ul>\n<p>Popis testova koji se rade na odjeljenju se nalazi u<strong> &#8221; Katalogu usluga laboratorijskih pretraga&#8221;<\/strong><\/p>\n<p>&nbsp;<\/p>\n<p><span style=\"color: #993300;\"><strong>5. Odjeljenje za predtransfuziona ispitivanja, terapiju i distribuciju lijekova od krvi<\/strong><\/span><br \/>\n<strong>\u0160ef odjeljenja: <\/strong>Mr.sc. dr. Ahida Suljkanovi\u0107-Mahmutovi\u0107, specijalista transfuzijske medicine, subspecijalista koagulacije, hemostaze i terapije<br \/>\n<strong>Odgovorni laboratorijski. tehni\u010dar: <\/strong>Vildana Sulejmanovi\u0107, dipl. ing. med.lab. dijagnostike<br \/>\nOdjeljenje radi kontinuirano 24 h.<br \/>\nOsnovna djelatnost Odjeljenja podrazumijeva predtransfuzijska, imunohematolo\u0161ka ispitivanja za hospitalizirane pacijente te distribucija ( izdavanje ) kompatibilnih lijekova od krvi na osnovu zahtjeva klinika Ustanove.<\/p>\n<p><strong>AKTIVNOSTI:<\/strong><\/p>\n<ul>\n<li>predtransfuziona imunohematolo\u0161ka dijagnostika bolni\u010dkih pacijenata,<\/li>\n<li>imunohematolo\u0161ko ispitivanje specifi\u010dnosti i klini\u010dkog zna\u010daja antieritrocitnih antitijela bolesnika,<\/li>\n<li>pronala\u017eenje-fenotipiziranje odgovaraju\u0107eg eritrocitnog krvnog pripravaka za transfuzijsko lije\u010denje,<br \/>\npriprema i izdavanje krvnih pripravaka,<\/li>\n<li>konsultativni pregledi,<\/li>\n<li>obrada i evidencija prijavljenih posttransfuzijskih reakcija.<\/li>\n<li>edukacija specijalizanata i drugog medicinskog osoblja iz oblasti transfuzijske medicine.<\/li>\n<\/ul>\n<p>Popis testova koji se rade na odjeljenju se nalazi u <strong>&#8221; Katalogu usluga laboratorijskih pretraga&#8221;<\/strong><\/p>\n<p>Poliklinika raspola\u017ee vlastitim informacionim sistemom RGB Renovatio i dijelom je umre\u017eena u LIS (laboratorijski informacioni sistem) Ustanove, kao i u administrativne sisteme Ustanove.<\/p>\n<p>&nbsp;<\/p>\n","protected":false},"excerpt":{"rendered":"<p>v.d. Na\u010delnika Poliklinike: Prof.dr. med.sci. Sunita Deli\u0107-\u0106ustendil, specijalista transfuziolog e-mail:info@ukctuzla.ba Glavna medicinska sestra- tehni\u010dar Poliklinke: Indira Jahi\u0107, dipl. medicinsko &#8211; laboratorijski in\u017eenjer Tel: ++ 387 35 303 523 e-mail: info@ukctuzla.ba Med. sestra za poslove pobolj\u0161anja kvaliteta i edukaciju: Dipl. Ing. medicinsko- laboratorijske dijagnostike Zulejha Sadikovi\u0107 Tel: ++ 387 35 303 557 e-mail:info@ukctuzla.ba Va\u017eniji telefonski brojevi&hellip;<\/p>\n","protected":false},"author":1,"featured_media":16294,"parent":0,"menu_order":0,"comment_status":"closed","ping_status":"closed","template":"","meta":{"footnotes":""},"class_list":["post-504","page","type-page","status-publish","has-post-thumbnail","hentry","description-off"],"_links":{"self":[{"href":"https:\/\/www.ukctuzla.ba\/ukctuzla\/index.php?rest_route=\/wp\/v2\/pages\/504","targetHints":{"allow":["GET"]}}],"collection":[{"href":"https:\/\/www.ukctuzla.ba\/ukctuzla\/index.php?rest_route=\/wp\/v2\/pages"}],"about":[{"href":"https:\/\/www.ukctuzla.ba\/ukctuzla\/index.php?rest_route=\/wp\/v2\/types\/page"}],"author":[{"embeddable":true,"href":"https:\/\/www.ukctuzla.ba\/ukctuzla\/index.php?rest_route=\/wp\/v2\/users\/1"}],"replies":[{"embeddable":true,"href":"https:\/\/www.ukctuzla.ba\/ukctuzla\/index.php?rest_route=%2Fwp%2Fv2%2Fcomments&post=504"}],"version-history":[{"count":31,"href":"https:\/\/www.ukctuzla.ba\/ukctuzla\/index.php?rest_route=\/wp\/v2\/pages\/504\/revisions"}],"predecessor-version":[{"id":20945,"href":"https:\/\/www.ukctuzla.ba\/ukctuzla\/index.php?rest_route=\/wp\/v2\/pages\/504\/revisions\/20945"}],"wp:featuredmedia":[{"embeddable":true,"href":"https:\/\/www.ukctuzla.ba\/ukctuzla\/index.php?rest_route=\/wp\/v2\/media\/16294"}],"wp:attachment":[{"href":"https:\/\/www.ukctuzla.ba\/ukctuzla\/index.php?rest_route=%2Fwp%2Fv2%2Fmedia&parent=504"}],"curies":[{"name":"wp","href":"https:\/\/api.w.org\/{rel}","templated":true}]}}