{"id":5214,"date":"2017-11-24T11:26:19","date_gmt":"2017-11-24T10:26:19","guid":{"rendered":"http:\/\/www.ukctuzla.ba\/ukctuzla\/?page_id=5214"},"modified":"2025-02-25T13:41:51","modified_gmt":"2025-02-25T12:41:51","slug":"klinika-za-radiologiju-i-nuklearnu-medicinu","status":"publish","type":"page","link":"https:\/\/www.ukctuzla.ba\/ukctuzla\/?page_id=5214&lang=bs","title":{"rendered":"KLINIKA ZA RADIOLOGIJU I NUKLEARNU MEDICINU"},"content":{"rendered":"<p><strong>v.d. Na\u010delnika Klinike za radiologiju i nuklearnu medicinu: <\/strong>Prof. dr. med. sci. Svjetlana Mujagi\u0107<br \/>\n<strong>Glavni in\u017einjer Klinike:<\/strong> Osmanovi\u0107 Jasmin, dipl. ing. med. radiologije<br \/>\n<strong>Tehni\u010dki sekretar Klinike:<\/strong><\/p>\n<p><strong>e-mail:<\/strong> <a href=\"mailto:info@ukctuzla.ba\" target=\"_blank\" rel=\"noopener\">info@ukctuzla.ba<\/a><\/p>\n<p>&nbsp;<\/p>\n<p>Na\u010delnik Klinike &#8230;&#8230;&#8230;&#8230;&#8230;&#8230;&#8230;&#8230;&#8230;&#8230;&#8230;&#8230;&#8230;&#8230;&#8230;&#8230;&#8230;&#8230;&#8230;&#8230;&#8230;&#8230;&#8230;..tel. :+387 35 303 532\/590<br \/>\nGlavni in\u017einjer Klinike &#8230;&#8230;&#8230;&#8230;&#8230;&#8230;&#8230;&#8230;&#8230;&#8230;&#8230;&#8230;&#8230;&#8230;&#8230;&#8230;&#8230;&#8230;&#8230;&#8230;&#8230;&#8230;&#8230;.tel.: +387 35 303 510<br \/>\nTehni\u010dki sekretar Klinike&#8230;&#8230;&#8230;&#8230;&#8230;&#8230;&#8230;&#8230;&#8230;&#8230;&#8230;&#8230;&#8230;&#8230;&#8230;&#8230;&#8230;&#8230;&#8230;&#8230;&#8230;&#8230;tel.: +387 35 303 504<br \/>\nPoslovi pobolj\u0161anja kvaliteta i edukacije &#8230;&#8230;&#8230;&#8230;&#8230;&#8230;&#8230;&#8230;&#8230;&#8230;&#8230;&#8230;.. tel.: +387 35 303 554<\/p>\n<p><strong>Informacija o brojevima telefona za pacijente Klinike za radiologiju i nuklearnu medicinu<\/strong><\/p>\n\n<table id=\"tablepress-13\" class=\"tablepress tablepress-id-13\">\n<thead>\n<tr class=\"row-1\">\n\t<th class=\"column-1\">Telefon centrala  035 303-100 <\/th><th class=\"column-2\">Informacije za pacijente-pregledi  <\/th><th class=\"column-3\">Vrijeme poziva   <\/th>\n<\/tr>\n<\/thead>\n<tbody class=\"row-striping row-hover\">\n<tr class=\"row-2\">\n\t<td class=\"column-1\">Lok   510 <\/td><td class=\"column-2\">Glavni tehni\u010dar Klinike <\/td><td class=\"column-3\">07:30-12:30 h<\/td>\n<\/tr>\n<tr class=\"row-3\">\n\t<td class=\"column-1\">Lok   359   <\/td><td class=\"column-2\">Odgovorni  teni\u010dar nuklearne  medicine<\/td><td class=\"column-3\">07:30-13:30 h<\/td>\n<\/tr>\n<tr class=\"row-4\">\n\t<td class=\"column-1\">Lok   591  <\/td><td class=\"column-2\">Odgovorni  teni\u010dar interventne radiologije<\/td><td class=\"column-3\">07:30-12:30 h<\/td>\n<\/tr>\n<tr class=\"row-5\">\n\t<td class=\"column-1\">Lok   381   <\/td><td class=\"column-2\">Centar za dojku \u2013 \u0160ALTER<\/td><td class=\"column-3\">12-16 h<\/td>\n<\/tr>\n<tr class=\"row-6\">\n\t<td class=\"column-1\">Lok   521 <\/td><td class=\"column-2\">Standardna radiologija \u2013 \u0160ALTER<\/td><td class=\"column-3\">12-16 h<\/td>\n<\/tr>\n<tr class=\"row-7\">\n\t<td class=\"column-1\">Lok   528<\/td><td class=\"column-2\">Radiologija  CT MRI  - \u0160ALTER<\/td><td class=\"column-3\">12-16 h<\/td>\n<\/tr>\n<tr class=\"row-8\">\n\t<td class=\"column-1\">Lok   556<\/td><td class=\"column-2\">Nuklearna medicina \u2013 \u0160ALTER<\/td><td class=\"column-3\">12-16 h<\/td>\n<\/tr>\n<tr class=\"row-9\">\n\t<td class=\"column-1\">Lok   591<\/td><td class=\"column-2\">Interventna radiologija-ANGIOGRAFIJE <\/td><td class=\"column-3\">07:30-12:30 h<\/td>\n<\/tr>\n<\/tbody>\n<\/table>\n<!-- #tablepress-13 from cache -->\n<p>&nbsp;<\/p>\n<p><span style=\"color: #103e59;\"><strong>RADIOLOGIJA I NUKLEARNA MEDICINA<\/strong><\/span><br \/>\n<span style=\"color: #103e59;\"><strong>ORGANIZACIONA STRUKTURA<\/strong><\/span><\/p>\n<ul>\n<li>Odjeljenje za dijagnosti\u010dku radiologiju<\/li>\n<li>Odjeljenje za interventnu radiologiju<\/li>\n<li>Odjeljenje za nuklearnu medicinu<\/li>\n<\/ul>\n<p>&nbsp;<\/p>\n<p><span style=\"color: #103e59;\"><strong>Koordinatori odjeljenja prema dijagnosti\u010dkim modalitetima:<\/strong><\/span><\/p>\n<ol>\n<li>Torakalna radiologija i ultrazvu\u010dne dijagnostike<\/li>\n<li>Muskuloskeletna dijagnostika<\/li>\n<li>Gastrointestinalna dijagnostika<\/li>\n<li>Dijagnostika oboljenja dojke<\/li>\n<li>Neuroradiolo\u0161ka dijagnostika<\/li>\n<li>Dijagnosti\u010dke terapiske procedure u interventnoj radiologiji<\/li>\n<li>\u201cIn vivo\u201d dijagnostika<\/li>\n<li>\u201cIn vitro\u201d dijagnostika<\/li>\n<\/ol>\n<p><span style=\"color: #103e59;\"><strong>Odgovorni odjeljenja Kinike:<\/strong><\/span><\/p>\n<ol>\n<li>Odgovorni tehni\u010dar klinike<\/li>\n<li>Odgovorni tehni\u010dar nuklearne medicine<\/li>\n<li>Odgovorni tehni\u010dar intrerventne radiologije<\/li>\n<\/ol>\n<p>&nbsp;<\/p>\n<p>&nbsp;<\/p>\n<p><span style=\"color: #103e59;\"><strong>DJELATNOST KLINIKE \u2013 DIJAGNOSTI\u010cKA I INTERVENTNA RADIOLOGIJA<\/strong><\/span><\/p>\n<ol>\n<li style=\"text-align: justify;\">Kompjuterizovana tomografija (CT) je relativno neinvazivna radiolo\u0161ka metoda, koja daje veliki broj pouzdanih informacija i predstavlja jedan od temelja radiolo\u0161ke dijagnostike. Kao brza i efikasna metoda, koja se izvodi jednostavno, veoma je prihvatljiva za pacijenta i daje veliki broj dragocjenih dijagnosti\u010dkih podataka. CT glave je metoda izbora u hitnim neurolo\u0161kim stanjima, te u kraniotraumi. CT glave kao relevantna pretraga daje dijagnosti\u010dke podatke koji odre\u0111uju terapijski postupak u hitnim neurolo\u0161kim i neurohiru\u0161kim slu\u010dajevima.<\/li>\n<li>Gastrointestinalna radiolo\u0161ka dijagnostika.<\/li>\n<li>Nativna radiografija.<\/li>\n<li style=\"text-align: justify;\">UZ dijagnostika je neinvazivna dijagnosti\u010dka metoda kojom se uz pomo\u0107u ultrazvu\u010dnih valova prikazuju unutra\u0161nji organi prislanjanjem UZV sonde.<\/li>\n<li style=\"text-align: justify;\">Denzitometrija kosti je neinvazivna metoda koja koristi razliku u apsorpciji gama ili rentgenskih zraka u kosti i mekom tkivu za direktno mjerenje mineralnog sadr\u017eaja kosti i za indirektno mjerenje gusto\u0107e kosti.<\/li>\n<li style=\"text-align: justify;\">Kontrastne pretrage urinarnog trakta intravenska urografija (u daljem tekstu: IVU) je radiolo\u0161ka dijagnosti\u010dka metoda snimanja bubrega i mokra\u0107nih puteva (ureter, be\u0161ika i uretra). Intravenska urografija omogu\u0107ava dijagnostiku smanjenja ili odsustva funkcije bubrega, te vizuelizaciju razli\u010ditih patolo\u0161kih procesa u mokra\u0107nim putevima (tumori, kamenci, kongenitalne anomalije, hroni\u010dne upalne promene, zastoj u protoku mokra\u0107e, uve\u0107anje prostate itd.).<\/li>\n<li style=\"text-align: justify;\">Magnetna rezonanca (u daljem tekstu: MR) je jedna od najsavremenijih radiolo\u0161kih dijagnosti\u010dkih metoda u dijagnosticiranju oboljenja organa i organskih sistema cijelog tijela, sa predominacijom na centralni nervni sistem. Potpuno je bezbolna, neinvazivna, kako za pacijenta tako i za zdravstveno osoblje koje u\u010destvuje u pregledu. Kod indiciranja MR strogo se vodi ra\u010duna o propisanim indikacijama.Na osnovu medicinskih indikacija pacijenti se upu\u0107uju, naru\u010duju i odre\u0111uju se prioriteti kako bolni\u010dkih, tako i ambulantnih pacijenata.<\/li>\n<li style=\"text-align: justify;\">Angiografija: Invazivne dijagnosti\u010dka metode pregleda arterijskih krvnih sudova hospitaliziranih pacijenta.<\/li>\n<li>Flebografija invazivna dijagnosti\u010dka metoda pregleda krvnih sudova ubrizgavanjem hidrosolubilnog kontrasta.<\/li>\n<li style=\"text-align: justify;\">CT angiografija je radiolo\u0161ka dijagnosti\u010dka neinvazivna procedura za prikaz stanja krvnih sudova (arterijskih i venskih), koja se izvodi uz primjenu jodnog nejonskog kontrastnog sredstva.<\/li>\n<li style=\"text-align: justify;\">Color Doppler sonografija je ultrazvu\u010dni pregled krvnih \u017eila koji omogu\u0107ava slikovni prikaz izgleda ispitivane krvne \u017eile, odnosno njezine stijenke kao i analizu hemodinamike, cirkulacije krvi unutar krvne \u017eile.<\/li>\n<\/ol>\n<p>&nbsp;<\/p>\n<p><span style=\"color: #103e59;\"><strong>DJELATNOST KLINIKE \u2013 NUKLEARNA MEDICINA<\/strong><\/span><\/p>\n<ol>\n<li>Izvo\u0111enje svih procedura, nuklearno \u2013 medicinskih \u201ein vitro\u201c i \u201ein vivo\u201c.<\/li>\n<li style=\"text-align: justify;\">Terapija radio aktivnim izotopima:Mnoge bolesti \u0161titnja\u010de lije\u010de se, osim lijekovima i hirur\u0161ki, jo\u0161 i posebnom nuklearno-medicinskom metodom. Terapijski postupak je jednostavan: jod se unosi na usta, lije\u010denje je izuzetno djelotvorno, a komplikacije i nuspojave su vrlo rijetke zbog prirodnog svojstva joda da selektivno ulazi u \u0161titnja\u010du. Radiojodne terapije je mogu\u0107e provesti i ambulantno.<\/li>\n<li style=\"text-align: justify;\">Aspiraciona punkcija \u0161titne \u017elijezde:Aspiraciona punkcija \u0161titnja\u010de, vrata i supraklavikularnih jama tankom iglom (fine-needle-aspiration-biopsy-FNAB) (u daljem tekstu: FNAB) je dijagnosti\u010dka metoda koja predstavlja op\u0161te prihva\u0107en i koristan dijagnosti\u010dki postupak, koji ima izuzetnu vrijednost u evaluaciji nodusa i selekciji bolesnika za hirur\u0161ko lije\u010denje.<\/li>\n<li style=\"text-align: justify;\">Scintigrafske pretrage na gamma kameri (dinamika i statika bubrega, scintigrafija kostiju, scintigrafija \u0161titne, scintigraftija PTH ).Scintigrafija je dijagnosti\u010dka metoda koja se koristi u nuklearnoj medicini za snimanje raspodjele radiofarmaka u tijelu. Osnovni ure\u0111aj za izvo\u0111enje scintigrafije je gama kamera. Prema tehnici snimanja razlikuju se stati\u010dka i dinamska scintigrafija.Dinamska scintigrafija se izvodi u jednoj projekciji. Snimanje po\u010dinje istovremeno sa intravenskom aplikacijom radiofarmaka i izvodi se u toku vremenskog perioda koji odgovara ispitivanom fiziolo\u0161kom procesu. Cjelokupni period snimanja dijeli se na vremenske intervale i za svaki interval se dobija po jedan scintigram.<\/li>\n<li style=\"text-align: justify;\">UZ pregledi \u0161titne \u017elijezde:Ultrazvuk je jedna od osnovnih, pretraga \u017elijezda s unutarnjim lu\u010denjem u vratnoj regiji. Naj\u010de\u0161\u0107e se prikazuje i pregleda \u0161titna \u017elijezda koja je na vratu lako dostupna ultrazvu\u010dnoj analizi. Anatomski gledano, normalna \u0161titna \u017elijezda sastoji se od 2 re\u017enja koji le\u017ee s prednje strane vrata prema postrani\u010dno. Ispod nje se nalazi traheja ili du\u0161nik. Re\u017enjevi nisu jednaki, desni je obi\u010dno ve\u0107i, a lijevi manji. \u0160tiTna \u017elijezda obi\u010dno je kod mu\u0161karaca ve\u0107a.Ultrazvuk je bezbolna metoda. Ultrazvu\u010dne sonde oda\u0161ilju zvu\u010dne valove visokih frekvencija, koji se ve\u0107inom reflektiraju od unutarnjih tkiva dok se jedan dio apsorbira, a dio raspr\u0161uje. Sonda prima te reflektirane valove, te pomo\u0107u softiciranog kompjutera i programa stvara slikovni prikaz \u017elijezde i ispitivanog okolnog tkiva, struktura vrata i limfnih \u010dvorova. Pri tom nema ioniziraju\u0107eg zra\u010denja ili radioaktivnog zra\u010denja kao \u0161to je to slu\u0107aj kod RTG snimaka,<\/li>\n<li style=\"text-align: justify;\">Scintigrafijskih metoda.Pretraga se izvodi u le\u017ee\u0107em polo\u017eaju, tako da se glava zabaci prema natrag, a ispod vrata se stavi prilago\u0111eni jastuk. U mirnom zatamnjenom prostoru ljekar \u0107e vam na vrat nanjeti ne\u0161to prozirnog gela. Gel je na bazi vode i slu\u017ei prijenosu zvu\u010dnih valova u tkivo, te prijemu valova iz tkiva. Sondom se ispituje \u017eeljeni organ uz manji pritisak. Na kraju pretrage dobit \u0107ete paketi\u0107 mekanih papirnatih ubrusa za uklanjanje vi\u0161ka gela, koji je jo\u0161 jednom napominjemo, na bazi vode i lako se odstranjuje, ne \u0161teti ko\u017ei, obi\u010dno ne izaziva alergijske reakcije i ne prlja odje\u0107u.<\/li>\n<li>Pregledi i mi\u0161ljenja za \u201cin vitro\u201d i \u201cin vivo\u201d.<\/li>\n<\/ol>\n<p>&nbsp;<\/p>\n<p>&nbsp;<\/p>\n<p>&nbsp;<\/p>\n<p>&nbsp;<\/p>\n<p>&nbsp;<\/p>\n","protected":false},"excerpt":{"rendered":"<p>v.d. Na\u010delnika Klinike za radiologiju i nuklearnu medicinu: Prof. dr. med. sci. Svjetlana Mujagi\u0107 Glavni in\u017einjer Klinike: Osmanovi\u0107 Jasmin, dipl. ing. med. radiologije Tehni\u010dki sekretar Klinike: e-mail: info@ukctuzla.ba &nbsp; Na\u010delnik Klinike &#8230;&#8230;&#8230;&#8230;&#8230;&#8230;&#8230;&#8230;&#8230;&#8230;&#8230;&#8230;&#8230;&#8230;&#8230;&#8230;&#8230;&#8230;&#8230;&#8230;&#8230;&#8230;&#8230;..tel. :+387 35 303 532\/590 Glavni in\u017einjer Klinike &#8230;&#8230;&#8230;&#8230;&#8230;&#8230;&#8230;&#8230;&#8230;&#8230;&#8230;&#8230;&#8230;&#8230;&#8230;&#8230;&#8230;&#8230;&#8230;&#8230;&#8230;&#8230;&#8230;.tel.: +387 35 303 510 Tehni\u010dki sekretar Klinike&#8230;&#8230;&#8230;&#8230;&#8230;&#8230;&#8230;&#8230;&#8230;&#8230;&#8230;&#8230;&#8230;&#8230;&#8230;&#8230;&#8230;&#8230;&#8230;&#8230;&#8230;&#8230;tel.: +387 35 303 504 Poslovi pobolj\u0161anja kvaliteta i&hellip;<\/p>\n","protected":false},"author":4,"featured_media":16294,"parent":0,"menu_order":0,"comment_status":"closed","ping_status":"closed","template":"","meta":{"footnotes":""},"class_list":["post-5214","page","type-page","status-publish","has-post-thumbnail","hentry","description-off"],"_links":{"self":[{"href":"https:\/\/www.ukctuzla.ba\/ukctuzla\/index.php?rest_route=\/wp\/v2\/pages\/5214","targetHints":{"allow":["GET"]}}],"collection":[{"href":"https:\/\/www.ukctuzla.ba\/ukctuzla\/index.php?rest_route=\/wp\/v2\/pages"}],"about":[{"href":"https:\/\/www.ukctuzla.ba\/ukctuzla\/index.php?rest_route=\/wp\/v2\/types\/page"}],"author":[{"embeddable":true,"href":"https:\/\/www.ukctuzla.ba\/ukctuzla\/index.php?rest_route=\/wp\/v2\/users\/4"}],"replies":[{"embeddable":true,"href":"https:\/\/www.ukctuzla.ba\/ukctuzla\/index.php?rest_route=%2Fwp%2Fv2%2Fcomments&post=5214"}],"version-history":[{"count":25,"href":"https:\/\/www.ukctuzla.ba\/ukctuzla\/index.php?rest_route=\/wp\/v2\/pages\/5214\/revisions"}],"predecessor-version":[{"id":17975,"href":"https:\/\/www.ukctuzla.ba\/ukctuzla\/index.php?rest_route=\/wp\/v2\/pages\/5214\/revisions\/17975"}],"wp:featuredmedia":[{"embeddable":true,"href":"https:\/\/www.ukctuzla.ba\/ukctuzla\/index.php?rest_route=\/wp\/v2\/media\/16294"}],"wp:attachment":[{"href":"https:\/\/www.ukctuzla.ba\/ukctuzla\/index.php?rest_route=%2Fwp%2Fv2%2Fmedia&parent=5214"}],"curies":[{"name":"wp","href":"https:\/\/api.w.org\/{rel}","templated":true}]}}