{"id":530,"date":"2021-06-07T09:28:18","date_gmt":"2021-06-07T08:28:18","guid":{"rendered":"http:\/\/10.0.0.65\/ukctuzla3\/?page_id=530"},"modified":"2022-10-17T10:07:41","modified_gmt":"2022-10-17T09:07:41","slug":"sektor-za-naucno-istrazivacki-rad-i-strucno-usavrsavanje","status":"publish","type":"page","link":"https:\/\/www.ukctuzla.ba\/ukctuzla\/?page_id=530&lang=bs","title":{"rendered":"SEKTOR ZA NAU\u010cNO-ISTRA\u017dIVA\u010cKI RAD I STRU\u010cNO USAVR\u0160AVANJE"},"content":{"rendered":"<p><strong>V.D. pomo\u0107nik direktora za nastavu i nau\u010dno-istra\u017eiva\u010dki rad:<\/strong><br \/>\nProf.dr.med.sc. Ervin Alibegovi\u0107<br \/>\nKontakt:<br \/>\ntel.: 00 387 35 303 300<br \/>\nfax.: 00 387 35 250 474<br \/>\ne-mail: info@ukctuzla.ba<\/p>\n<p><span style=\"color: #3366ff;\"><strong>ORGANIZACIONA STRUKTURA<\/strong><\/span><\/p>\n<p><span style=\"color: #3366ff;\"><strong>Slu\u017eba za nau\u010dno-istra\u017eiva\u010dki rad i nastavu<\/strong><\/span><br \/>\n<strong>\u0160ef slu\u017ebe:<\/strong><br \/>\ntel: 00 387 35 303 314<\/p>\n<p><span style=\"color: #3366ff;\"><strong>Biblioteka<\/strong><\/span><br \/>\n<strong>Glavni bibliotekar\u00a0<\/strong> Amira Sadikovi\u0107<br \/>\ntel.: 00 387 35 303 312<\/p>\n<p><span style=\"color: #3366ff;\"><strong>Slu\u017eba za stru\u010dno usavr\u0161avanje<\/strong><\/span><br \/>\n<strong>\u0160ef slu\u017ebe:<\/strong> Alma A\u017ederovic<br \/>\ntel.: 00 387 35 303 612<\/p>\n<p><strong>DJELATNOST SEKTORA<\/strong><\/p>\n<ul>\n<li style=\"text-align: justify;\">Kordiniranje nau\u010dno-istra\u017eiva\u010dkog rada na nivou Ustanove i zdravstvenih nau\u010dnih institucija u zemlji i inostranstvu<\/li>\n<li style=\"text-align: justify;\">Razmatranje i ocjena prijavljenih programa nau\u010dno-istra\u017eiva\u010dkog rada<\/li>\n<li style=\"text-align: justify;\">Organizovanje recenzentskih postupaka prijavljenih nau\u010dno-istra\u017eiva\u010dkih projekata<\/li>\n<li style=\"text-align: justify;\">Pregled zavr\u0161nih izvje\u0161taja projekata nau\u010dno-istra\u017eiva\u010dkog rada i pra\u0107enje uspje\u0161nosti nau\u010dno-istra\u017eiva\u010dkog rada<\/li>\n<li style=\"text-align: justify;\">Kordiniranje rada izdavanja stru\u010dnih i nau\u010dnih publikacija kojima je izdava\u010d Ustanova<\/li>\n<li style=\"text-align: justify;\">Povezivanje nastavnog rada i nau\u010dnih istra\u017eivanja<\/li>\n<li style=\"text-align: justify;\">U\u010de\u0161\u0107e u postupcima zaklju\u010denja ugovora sa \u0161kolama i fakultetima u pogledu izvo\u0111enja nastave<\/li>\n<li style=\"text-align: justify;\">Nabavka i obrada bibliote\u010dke gra\u0111e<\/li>\n<li style=\"text-align: justify;\">Izdavanje i vra\u0107anje knjiga i ostale literature<\/li>\n<li style=\"text-align: justify;\">Vo\u0111enje evidencije o zadu\u017eenju i razdu\u017eenju istih<\/li>\n<li style=\"text-align: justify;\">Redovna i trajna edukacija zaposlenika\u00a0 s ciljem da se omogu\u0107i:<br \/>\n\u2013 osposobljavanje zaposlenika za izvr\u0161avanje radnih zadataka u skladu sa savremenim metodama lije\u010denja, njege i pristupa pacijentu i pru\u017eanju ostalih usluga vanjskim i unutarnjim korisnicima,<br \/>\n\u2013 obnavljanje vje\u0161tina potrebnih za rad u Ustanovi,<br \/>\n\u2013 upoznavanje zaposlenika sa zakonskom i podzakonskom regulativom,<br \/>\n\u2013 kontinuirano odr\u017eavanje visokog profesionalnog standarda pru\u017eanja usluga,<br \/>\n\u2013 prenos znanja ste\u010denih stru\u010dnim usavr\u0161avanjem u praksi &#8211; na druge zaposlenike,<br \/>\n\u2013 razmjena znanja, vje\u0161tina i dostignu\u0107a sa stru\u010dnjacima iz zemlje i inostranstva iz oblasti od zajedni\u010dkog interesovanja,<br \/>\n\u2013 uspostava i odr\u017eavanje saradnje sa drugim zdravstvenim ustanovama radi ponuda programa stru\u010dnog usavr\u0161avanja, te<br \/>\n\u2013 uspostava i usavr\u0161avanje multidisciplinarnih timova.<\/li>\n<li style=\"text-align: justify;\">Standardizacija programa stru\u010dnog usavr\u0161avanja<\/li>\n<li style=\"text-align: justify;\">Koordinacija izrade planova stru\u010dnog usavr\u0161avanja zaposlenika i pra\u0107enje njihove realizacije<\/li>\n<li style=\"text-align: justify;\">Koordinacija rada na organizovanju stru\u010dnog usavr\u0161avanja za tre\u0107a lica<\/li>\n<\/ul>\n<p>&nbsp;<\/p>\n<p><span style=\"color: #143252;\"><strong>P R A V I L N I K<\/strong> <\/span><br \/>\n<span style=\"color: #143252;\">o provo\u0111enju klini\u010dkih ispitivanja lijekova i medicinskih sredstava u Javnoj zdravstvenoj ustanovi Univerzitetski klini\u010dki centar Tuzla <\/span><br \/>\n<a href=\"https:\/\/www.ukctuzla.ba\/ukctuzla\/wp-content\/uploads\/2017\/01\/Pravilnik-o-klinickim-ispitivanjima-2018.pdf\" target=\"_blank\" rel=\"noopener\">Klikni na link za pregled<\/a><\/p>\n","protected":false},"excerpt":{"rendered":"<p>V.D. pomo\u0107nik direktora za nastavu i nau\u010dno-istra\u017eiva\u010dki rad: Prof.dr.med.sc. Ervin Alibegovi\u0107 Kontakt: tel.: 00 387 35 303 300 fax.: 00 387 35 250 474 e-mail: info@ukctuzla.ba ORGANIZACIONA STRUKTURA Slu\u017eba za nau\u010dno-istra\u017eiva\u010dki rad i nastavu \u0160ef slu\u017ebe: tel: 00 387 35 303 314 Biblioteka Glavni bibliotekar\u00a0 Amira Sadikovi\u0107 tel.: 00 387 35 303 312 Slu\u017eba za&hellip;<\/p>\n","protected":false},"author":1,"featured_media":16294,"parent":0,"menu_order":0,"comment_status":"closed","ping_status":"closed","template":"","meta":{"footnotes":""},"class_list":["post-530","page","type-page","status-publish","has-post-thumbnail","hentry","description-off"],"_links":{"self":[{"href":"https:\/\/www.ukctuzla.ba\/ukctuzla\/index.php?rest_route=\/wp\/v2\/pages\/530","targetHints":{"allow":["GET"]}}],"collection":[{"href":"https:\/\/www.ukctuzla.ba\/ukctuzla\/index.php?rest_route=\/wp\/v2\/pages"}],"about":[{"href":"https:\/\/www.ukctuzla.ba\/ukctuzla\/index.php?rest_route=\/wp\/v2\/types\/page"}],"author":[{"embeddable":true,"href":"https:\/\/www.ukctuzla.ba\/ukctuzla\/index.php?rest_route=\/wp\/v2\/users\/1"}],"replies":[{"embeddable":true,"href":"https:\/\/www.ukctuzla.ba\/ukctuzla\/index.php?rest_route=%2Fwp%2Fv2%2Fcomments&post=530"}],"version-history":[{"count":14,"href":"https:\/\/www.ukctuzla.ba\/ukctuzla\/index.php?rest_route=\/wp\/v2\/pages\/530\/revisions"}],"predecessor-version":[{"id":12973,"href":"https:\/\/www.ukctuzla.ba\/ukctuzla\/index.php?rest_route=\/wp\/v2\/pages\/530\/revisions\/12973"}],"wp:featuredmedia":[{"embeddable":true,"href":"https:\/\/www.ukctuzla.ba\/ukctuzla\/index.php?rest_route=\/wp\/v2\/media\/16294"}],"wp:attachment":[{"href":"https:\/\/www.ukctuzla.ba\/ukctuzla\/index.php?rest_route=%2Fwp%2Fv2%2Fmedia&parent=530"}],"curies":[{"name":"wp","href":"https:\/\/api.w.org\/{rel}","templated":true}]}}