{"id":532,"date":"2022-11-21T07:29:03","date_gmt":"2022-11-21T06:29:03","guid":{"rendered":"http:\/\/10.0.0.65\/ukctuzla3\/?page_id=532"},"modified":"2022-11-11T13:13:40","modified_gmt":"2022-11-11T12:13:40","slug":"sluzba-interne-revizije","status":"publish","type":"page","link":"https:\/\/www.ukctuzla.ba\/ukctuzla\/?page_id=532&lang=bs","title":{"rendered":"SLU\u017dBA ZA INTERNU REVIZIJU"},"content":{"rendered":"<p><strong>v.d. \u0161ef slu\u017ebe:<\/strong> Sandra Malokas, dipl. ecc<br \/>\n<strong>Kontakt:<\/strong> 035 303 506<\/p>\n<p style=\"text-align: justify;\">Organizacijska struktura Slu\u017ebe za internu reviziju u JZU UKC Tuzla je definisana Odlukom Upravnog odbora iz 2003. godine.<br \/>\nSlu\u017eba za internu reviziju vr\u0161i nezavisno, objektivno uvjeravanje i konsultantsku aktivnost kreiranu s ciljem da se doda vrijednost i unaprijedi poslovanje Ustanove. Interna revizija je nezavisna samostalna Slu\u017eba koja ispituje i ocjenjuje aktivnosti Ustanove i njenih organizacionih dijelova. Ona poma\u017ee Ustanovi da ostvari svoje ciljeve osiguravaju\u0107i sistemati\u010dan, discipliniran pristup ocjeni i pobolj\u0161anju efikasnosti upravljanja rizikom, kontrolama i procesima rukovo\u0111enja. Nezavisnost koja je od su\u0161tinske va\u017enosti za rad Slu\u017ebe za internu reviziju se posti\u017ee definiranjem statusa Slu\u017ebe za internu reviziju unutar Ustanove koja podrazumijeva da je Slu\u017eba za internu reviziju neposredno odgovorna Direktoru Ustanove i nema direktne odgovornosti za aktivnosti koje se revidiraju.<\/p>\n<p>Interna revizija obavlja se u skladu sa Standardima interne revizije koji se zasnivaju na Me\u0111unarodnim standardima profesionalne prakse interne revizije i propisima kojima se ure\u0111uje oblast interne revizije u javnom sektoru u Federaciji Bosne i Hercegovine.<\/p>\n<p><strong>Uloga i djelokrug rada Slu\u017ebe za internu reviziju<\/strong><\/p>\n<p>Uloga Slu\u017ebe za internu reviziju je da na osnovu utvr\u0111ivanja potencijalnih rizika u procesima i aktivnostima procijeni, sagleda i izvjesti o:<\/p>\n<ul>\n<li>Efikasnosti i adekvatnosti sistema finansijskog upravljanja i kontrole u svrhu kontrolisanja rizika,<\/li>\n<li>Usagla\u0161enosti sa zakonima i propisima,<\/li>\n<li>Pouzdanost, ta\u010dnost i sveobuhvatnost finansijskih i drugih poslovnih informacija,<\/li>\n<li>Efektivnost, efikasnost i ekonomi\u010dnost poslovanja,<\/li>\n<li>Za\u0161titi imovine i drugih resursa i poduzimanju mjera protiv mogu\u0107ih gubitaka, zbog zloupotrebe, lo\u0161eg upravljanja, gre\u0161aka, prevara i nepravilnosti,<\/li>\n<li>Po\u0161tovanju i adekvatnosti politika i procedura za upravljanje rizicima u organizaciji, odnosno da su aktivnosti radnika u skladu sa politikama, standardima, procedurama i va\u017ee\u0107im zakonskim i podzakonskim propisima, i<\/li>\n<li>Poduzetim mjerama Na\u010delnika\/\u0160efa subjekta revizije odnosno Direktora Ustanove, po preporukama Slu\u017ebe za internu reviziju, s ciljem otklanjanja utvr\u0111enih slabosti i nepravilnosti.<\/li>\n<\/ul>\n<p><strong>U zadatke Slu\u017ebe za internu reviziju spadaju:<\/strong><\/p>\n<ul>\n<li>Strate\u0161ko (trogodi\u0161nje) i godi\u0161nje planiranje rada Slu\u017ebe za internu reviziju,<\/li>\n<li>Testiranje, ispitivanje i ocjena podataka i informacija,<\/li>\n<li>Izvje\u0161tavanje o rezultatima i davanje preporuka u cilju pobolj\u0161anja poslovanja,<\/li>\n<li>Pra\u0107enje realizacije preporuka Slu\u017ebe za internu reviziju.<\/li>\n<\/ul>\n","protected":false},"excerpt":{"rendered":"<p>v.d. \u0161ef slu\u017ebe: Sandra Malokas, dipl. ecc Kontakt: 035 303 506 Organizacijska struktura Slu\u017ebe za internu reviziju u JZU UKC Tuzla je definisana Odlukom Upravnog odbora iz 2003. godine. Slu\u017eba za internu reviziju vr\u0161i nezavisno, objektivno uvjeravanje i konsultantsku aktivnost kreiranu s ciljem da se doda vrijednost i unaprijedi poslovanje Ustanove. Interna revizija je nezavisna&hellip;<\/p>\n","protected":false},"author":1,"featured_media":16294,"parent":0,"menu_order":0,"comment_status":"closed","ping_status":"closed","template":"","meta":{"footnotes":""},"class_list":["post-532","page","type-page","status-publish","has-post-thumbnail","hentry","description-off"],"_links":{"self":[{"href":"https:\/\/www.ukctuzla.ba\/ukctuzla\/index.php?rest_route=\/wp\/v2\/pages\/532","targetHints":{"allow":["GET"]}}],"collection":[{"href":"https:\/\/www.ukctuzla.ba\/ukctuzla\/index.php?rest_route=\/wp\/v2\/pages"}],"about":[{"href":"https:\/\/www.ukctuzla.ba\/ukctuzla\/index.php?rest_route=\/wp\/v2\/types\/page"}],"author":[{"embeddable":true,"href":"https:\/\/www.ukctuzla.ba\/ukctuzla\/index.php?rest_route=\/wp\/v2\/users\/1"}],"replies":[{"embeddable":true,"href":"https:\/\/www.ukctuzla.ba\/ukctuzla\/index.php?rest_route=%2Fwp%2Fv2%2Fcomments&post=532"}],"version-history":[{"count":7,"href":"https:\/\/www.ukctuzla.ba\/ukctuzla\/index.php?rest_route=\/wp\/v2\/pages\/532\/revisions"}],"predecessor-version":[{"id":13196,"href":"https:\/\/www.ukctuzla.ba\/ukctuzla\/index.php?rest_route=\/wp\/v2\/pages\/532\/revisions\/13196"}],"wp:featuredmedia":[{"embeddable":true,"href":"https:\/\/www.ukctuzla.ba\/ukctuzla\/index.php?rest_route=\/wp\/v2\/media\/16294"}],"wp:attachment":[{"href":"https:\/\/www.ukctuzla.ba\/ukctuzla\/index.php?rest_route=%2Fwp%2Fv2%2Fmedia&parent=532"}],"curies":[{"name":"wp","href":"https:\/\/api.w.org\/{rel}","templated":true}]}}