{"id":716,"date":"2016-02-15T13:58:45","date_gmt":"2016-02-15T13:58:45","guid":{"rendered":"http:\/\/10.0.0.65\/ukctuzla3\/?page_id=716"},"modified":"2016-04-28T12:24:37","modified_gmt":"2016-04-28T11:24:37","slug":"blood-donation","status":"publish","type":"page","link":"https:\/\/www.ukctuzla.ba\/ukctuzla\/?page_id=716&lang=en","title":{"rendered":"BLOOD DONATION"},"content":{"rendered":"<table border=\"0\" width=\"626\" cellspacing=\"0\" cellpadding=\"5\">\n<tbody>\n<tr>\n<td valign=\"top\" width=\"316\"><strong>KRV &#8211; LIJEK<\/strong><\/p>\n<p>Krv je \u017eivu\u0107a tvar koja se transfuzijom mo\u017ee prenijeti bolesnoj osobi. \u010cine ju stani\u010dni elementi ( eritociti, leukociti, trombociti ) koje proizvodi ko\u0161tana sr\u017e i plazma u kojoj su razne bjelan\u010devine, antitijela, hormoni.<\/p>\n<p>Darovana krv je jedinstven poklon jedne osobe drugoj pri \u010demu darivalac krvi naj\u010de\u0161\u0107e ne poznaje primaoca.<\/p>\n<p><strong>KADA SE SUO\u010cIMO SA BOLE\u0160\u0106U<\/strong><br \/>\nSvakodnevno raste broj bolesti koje iziskuju lije\u010denje lijekovi od krvi. Posljedice njihovog nedostatka mogu biti lijekovima od krvi.Te\u0161ko je bespomo\u0107no stojati i gledati da neko, do koga nam je stalo, pati. \u017deljeli bi da postoji ne\u0161to \u0161to mo\u017ee pomo\u0107i.\u010cesto je to krv i<\/p>\n<p>pora\u017eavaju\u0107e . Da li ste se ikada zapitali odakle<\/p>\n<p>dolazi krv koja je potrebna za lije\u010denje i da li \u0107e jednog dana mo\u017eda i Vama biti potrebna ?<\/p>\n<p><strong>KAKO OBEZBIJEDITI KRV ?<\/strong><\/p>\n<p>Krv se ne mo\u017ee proizvesti vje\u0161ta\u010dkim putem. Jedini izvor tog dragocijenog lijeka je zdrav \u010dovijek.<\/p>\n<p><strong>KOLIKA JE POTREBA ZA KRVLJU<\/strong><br \/>\nPotreba za krvlju je stalna.<br \/>\nGodi\u0161nje je za pacijente koji se lije\u010de u JZU UKC-u Tuzla neophodno obezbijediti da krv daruje najmanje 3 % stanovni\u0161tva Kantona, odnosno da svakodnevno krv daruje minimalno 40 na\u0161ih sugra\u0111ana.<\/p>\n<p><strong>ZA\u0160TO SVAKODNEVNO, ZA\u0160TO NE U JEDNOM DANU ? !<\/strong><br \/>\n\u017divotni vijek krvnih stanica je ograni\u010den, kako u na\u0161em organizmu tako i van njega.<\/p>\n<p>Eriteociti u na\u0161em organizmu \u017eive oko 120 dana, trombociti desetak dana a leukociti svega nekoliko sati. Van ljudskog organizma , u vre\u010dicama za \u010duvanje krvi, \u017eivotni vijek krvnh stanica je daleko manji. To je razlog svakodnevnih potreba za osobama koje \u0107e darovati krv. Krv se ne mo\u017ee proizvesti vje\u0161ta\u010dkim putem.Jedini izvor tog dragocijenog lijeka je zdrav \u010dovijek.<\/p>\n<p><strong>MO\u017dE LI KRV DAROVATI SVAKA OSOBA<\/strong><br \/>\nIsklju\u010divo zdrava osoba mo\u017ee biti darivalac krvi.<\/p>\n<p>Zakonom je regulirano da su to osobe od<br \/>\n18 \u2013 65 godina, tjelesne mase iznad 50 kg .<\/p>\n<p>ZDRAV \u010cOVJEK IMA MILION \u017dELJA,<\/p>\n<p>BOLESTAN SAMO JEDNU \u2013 DA OZDRAVI, POBJEDI BOLEST<\/p>\n<p><strong>KAKO SE PROVJERAVA MO\u017dETE LI AROVATI KRV ?<\/strong><\/p>\n<p>Prije darivanja krvi obavit \u0107e se laboratorijsko<\/p>\n<p>testiranje i lije\u010dni\u0107ki pregled. Ubodom u jagodicu<\/p>\n<p>prsta i uzimanjem nekoliko kapi krvi odredit \u0107e Vam se nivo hemoglobina u krvi, a po potrebi i hematokrita.<\/td>\n<td valign=\"top\" width=\"316\">Odredit \u0107e Vam se orijentaciono krvna grupa a njendefinitivni nalaz dobit \u0107e te u Knji\u017eici darivaoca krvi nakon detaljnog laboratorijskog ispitivanja. Na pregledu kod lije\u010dnika postavi\u0107e Vam se neophodna pitanja vezana za Va\u0161e zdravstveno stanje. Provjerit \u0107e Vam se krvni pritisak, puls, poslu\u0161ati rad srca i plu\u0107a .U Va\u0161em je interesu , a i u interesu osobe koja \u0107e primiti Va\u0161u krv, da Va\u0161i odgovori na postavljena pitanja budu iskreni. Sve \u0161to ka\u017eete lije\u010dniku ostat \u0107e tajna. Vi tako\u0111er mo\u017eete pitati sve ono \u0161to Vas interesuje Vi ste aktvni sudionik uklju\u010den u lije\u010denje bolesnika<\/p>\n<p><strong>KAKO SE PONA\u0160ATI PRIJE I POSLIJE DARIVANJA KRVI ?<\/strong><br \/>\nPrije darivanja krvi mo\u017eete lagano doru\u010dkovati. Nemojte uzimati alkohol !<br \/>\nNakon darivanja krvi nemojte zapaliti cigaretu naredna dva sata.<br \/>\nOsobe koje se profesionlno bave poslovima na visini ili vo\u017enjom taj dan to ne bi trebale \u010diniti.<br \/>\nSve ostalo mo\u017eete normalno obavljati.<\/p>\n<p><strong>KOLIKO \u010cESTO MO\u017dETE DAROVATI KRV ?<\/strong><br \/>\nZdrava osoba mo\u017ee darivati krv vi\u0161e puta tokom godine. Mu\u0161karci u toku jedne godine krv mogu darivati 4 puta a \u017eene 3 puta .<\/p>\n<p><strong>STVARA LI SE NAVIKA ZA DARIVANJE KRVI ?<\/strong><br \/>\nNe !!!<br \/>\nTo Vam najbolje mogu potvrditi darivaoci krvi kao i mnogi zdravstveni radnici koji su i sami darivaoci krvi.<\/p>\n<p><strong>MO\u017dE LI BOLESNA OSOBA ODMAH DOBITI DAROVANU KRV<\/strong><strong> ?<\/strong><br \/>\nNe !!!<br \/>\nNakon \u0161to ste darovali krv, Va\u0161a krvi mora biti laboratorijski pregledana.<br \/>\nObavezno se moraju provjeriti :<\/p>\n<p>&#8211; krvne grupe<br \/>\n&#8211; neregularna antitijela<br \/>\n&#8211; mogu\u0107a prisutnost uro\u010dnika zaraznih bolesti ( hepatitis tipa B i C, AIDS, Sifilis )<br \/>\na potom, ako su svi nalazi uredni, iz Va\u0161e krvi se mogu pripremiti lijekovi porebni bolesniku.<br \/>\nSvi ovi postupci iziskuju nekoliko sati !<\/p>\n<p><strong>GDJE SE SVE PRIMJENJUJE KRV<\/strong><br \/>\nBrojna su stanja i bolesti koje zahtjevaju primjenu lijekova od krvi ( cijela krv, koncentrati eritrocita, kocentrat trombocita, plazma, plazmatski proteini &#8230; ).<br \/>\nNeka od tih stanja su :<br \/>\n&#8211; iskrvarenje radi povrede<br \/>\n&#8211; gubitak krvi usljed raznih operativnih zahvata<br \/>\n-gubitak krvi pri kompliciranom porodu<br \/>\n-pacijenti koji primaju terapiju radi nekog malignog oboljenja<br \/>\n-razna oboljenja krvi<br \/>\nZa ve\u0107inu operativnih zahvata neophodno je prije operacije obezbijediti neophodnu rezervu krvi. Te rezerve se naj\u010de\u0161\u0107e kre\u0107u od 2 \u2013 5 doza krvi a ima stanja kada su potrebne i mnogo ve\u0107e rezerve.<\/p>\n<p><strong>\u0160TA DOBIJA DARIVALAC KRVI<\/strong><br \/>\nNakon \u0161to je provjerio svoje zdravstveno stanje dobija i osje\u0107aj zadovoljstva saznanjem da je nekome pomogao i dao mu mogu\u0107nost da pobijedi bolest.<\/p>\n<p><strong>GDJE MO\u017dETE DAROVATI KRV<\/strong><br \/>\nKrv se mo\u017ee darovati u okviru planski organiziranih akcija darivanja krvi u Va\u0161oj mjesnoj zajednici, firmi \u2013 ustanovi, \u0161koli, fakultetu.<br \/>\nOsim toga krv mo\u017eete darovati i u JZU UKC-u Tuzla, Poliklinici za transfuziologiju, svakim radnim danom, od 8 \u2013 15 h.<\/p>\n<p><strong>ZA\u0160TO NE BISTE ODVOJILI MALO VA\u0160EG VREMENA I DAROVALI KRV<\/strong><\/p>\n<p>&nbsp;<\/td>\n<\/tr>\n<\/tbody>\n<\/table>\n","protected":false},"excerpt":{"rendered":"<p>KRV &#8211; LIJEK Krv je \u017eivu\u0107a tvar koja se transfuzijom mo\u017ee prenijeti bolesnoj osobi. \u010cine ju stani\u010dni elementi ( eritociti, leukociti, trombociti ) koje proizvodi ko\u0161tana sr\u017e i plazma u kojoj su razne bjelan\u010devine, antitijela, hormoni. Darovana krv je jedinstven poklon jedne osobe drugoj pri \u010demu darivalac krvi naj\u010de\u0161\u0107e ne poznaje primaoca. KADA SE SUO\u010cIMO&hellip;<\/p>\n","protected":false},"author":1,"featured_media":16294,"parent":0,"menu_order":0,"comment_status":"closed","ping_status":"closed","template":"","meta":{"footnotes":""},"class_list":["post-716","page","type-page","status-publish","has-post-thumbnail","hentry","description-off"],"_links":{"self":[{"href":"https:\/\/www.ukctuzla.ba\/ukctuzla\/index.php?rest_route=\/wp\/v2\/pages\/716","targetHints":{"allow":["GET"]}}],"collection":[{"href":"https:\/\/www.ukctuzla.ba\/ukctuzla\/index.php?rest_route=\/wp\/v2\/pages"}],"about":[{"href":"https:\/\/www.ukctuzla.ba\/ukctuzla\/index.php?rest_route=\/wp\/v2\/types\/page"}],"author":[{"embeddable":true,"href":"https:\/\/www.ukctuzla.ba\/ukctuzla\/index.php?rest_route=\/wp\/v2\/users\/1"}],"replies":[{"embeddable":true,"href":"https:\/\/www.ukctuzla.ba\/ukctuzla\/index.php?rest_route=%2Fwp%2Fv2%2Fcomments&post=716"}],"version-history":[{"count":2,"href":"https:\/\/www.ukctuzla.ba\/ukctuzla\/index.php?rest_route=\/wp\/v2\/pages\/716\/revisions"}],"predecessor-version":[{"id":2118,"href":"https:\/\/www.ukctuzla.ba\/ukctuzla\/index.php?rest_route=\/wp\/v2\/pages\/716\/revisions\/2118"}],"wp:featuredmedia":[{"embeddable":true,"href":"https:\/\/www.ukctuzla.ba\/ukctuzla\/index.php?rest_route=\/wp\/v2\/media\/16294"}],"wp:attachment":[{"href":"https:\/\/www.ukctuzla.ba\/ukctuzla\/index.php?rest_route=%2Fwp%2Fv2%2Fmedia&parent=716"}],"curies":[{"name":"wp","href":"https:\/\/api.w.org\/{rel}","templated":true}]}}